{"id":131703,"date":"2019-12-04T14:21:13","date_gmt":"2019-12-04T13:21:13","guid":{"rendered":"http:\/\/web.editorialteide.com\/?page_id=131703"},"modified":"2022-02-16T10:16:53","modified_gmt":"2022-02-16T09:16:53","slug":"biologia-i-geologia","status":"publish","type":"page","link":"https:\/\/web.editorialteide.com\/ca\/eso\/biologia-i-geologia\/","title":{"rendered":"BIOLOGIA I GEOLOGIA"},"content":{"rendered":"<p>[vc_row][vc_column][vc_row_inner equal_height=&#8221;yes&#8221; content_placement=&#8221;middle&#8221; gap=&#8221;15&#8243;][vc_column_inner width=&#8221;1\/2&#8243;][vc_column_text]<span style=\"font-family: impact, sans-serif; font-size: 28px; color: #333333;\">BIOLOGIA I GEOLOGIA.<\/span><\/p>\n<p><span style=\"font-size: 16px;\">Els llibres de <strong>Biologia i Geologia<\/strong>, s\u00f3n una proposta competencial que ofereix noves informacions de consulta i estudi i activitats eficaces que posen a prova els alumnes. Es presenten dividits en blocs tem\u00e0tics que s&#8217;ajusten als continguts del projecte curricular oficial.<\/span><\/p>\n<p><span style=\"font-size: 16px;\">Les unitats plantegen un <strong>repte<\/strong> -que es pot desenvolupar o no- la resoluci\u00f3 del qual implica treballar a fons els continguts seguint una s\u00e8rie de passos que ajuden l&#8217;alumnat a entendre&#8217;n l&#8217;aplicaci\u00f3 pr\u00e0ctica. Els reptes propicien el treball a l&#8217;aula, tant individual com de grup, i s&#8217;avaluen competencialment.<\/span><\/p>\n<p><span style=\"font-size: 16px;\">A m\u00e9s, totes les unitats s inclouen una doble p\u00e0gina visual que presenta algun dels continguts en forma d&#8217;un dibuix explicatiu que ajuda a la comprensi\u00f3 dels conceptes amb un cop d&#8217;ull. Per consolidar els continguts, cada unitat inclou una doble p\u00e0gina d&#8217;<em>Activitats competencials<\/em> que atenen la diversitat, ja que presenten diferents nivells de dificultat, especificats a la guia del professorat.<\/span><\/p>\n<p><span style=\"font-size: 16px;\">Els continguts de les unitats estan resumits en l&#8217;apartat <em>El que cal recordar<\/em> en forma d&#8217;esquema conceptual. Finalment, la unitat es tanca amb una doble p\u00e0gina d&#8217;activitats l\u00fadiques, <em>Juga amb la ci\u00e8ncia<\/em>,\u00a0amb qu\u00e8\u00a0s&#8217;intenta fer de la ci\u00e8ncia un joc per a l&#8217;alumnat.<\/span>[\/vc_column_text][\/vc_column_inner][vc_column_inner width=&#8221;1\/2&#8243;][vc_single_image image=&#8221;140183&#8243; img_size=&#8221;550&#215;470&#8243; alignment=&#8221;center&#8221;][\/vc_column_inner][\/vc_row_inner][vc_separator color=&#8221;custom&#8221; border_width=&#8221;3&#8243; accent_color=&#8221;#a8a8a8&#8243;][vc_tta_tabs style=&#8221;modern&#8221; color=&#8221;black&#8221; spacing=&#8221;25&#8243; gap=&#8221;25&#8243; alignment=&#8221;center&#8221; active_section=&#8221;1&#8243;][vc_tta_section title=&#8221;A PROP&#8221; tab_id=&#8221;1634729382622-88e68c15-dc82&#8243;][vc_row_inner equal_height=&#8221;yes&#8221; content_placement=&#8221;middle&#8221; gap=&#8221;5&#8243;][vc_column_inner width=&#8221;1\/6&#8243;][\/vc_column_inner][vc_column_inner width=&#8221;2\/6&#8243; css=&#8221;.vc_custom_1589888277892{background-color: #dddddd !important;}&#8221;][vc_column_text]<\/p>\n<p style=\"text-align: center;\"><span style=\"font-family: impact, sans-serif; color: #333333;\">Primer ESO<\/span><\/p>\n<p>[\/vc_column_text][vc_single_image image=&#8221;114853&#8243; img_size=&#8221;190&#215;247&#8243; add_caption=&#8221;yes&#8221; alignment=&#8221;center&#8221; style=&#8221;vc_box_shadow_3d&#8221; onclick=&#8221;custom_link&#8221; link=&#8221;https:\/\/web.editorialteide.com\/ca\/producte\/a-prop-biologia-i-geologia-1-eso-cat2019\/&#8221;][vc_btn title=&#8221;CONTINGUTS&#8221; shape=&#8221;round&#8221; color=&#8221;inverse&#8221; size=&#8221;xs&#8221; align=&#8221;center&#8221; link=&#8221;url:http%3A%2F%2Frecursos.teide.eu%2Ff%2Fefd82d6bf4%2F%3Fraw%3D1|target:_blank&#8221;][\/vc_column_inner][vc_column_inner width=&#8221;2\/6&#8243; css=&#8221;.vc_custom_1589888286908{background-color: #dddddd !important;}&#8221;][vc_column_text]<\/p>\n<p style=\"text-align: center;\"><span style=\"font-family: impact, sans-serif; color: #333333;\">Tercer ESO<\/span><\/p>\n<p>[\/vc_column_text][vc_single_image image=&#8221;145314&#8243; img_size=&#8221;190&#215;247&#8243; add_caption=&#8221;yes&#8221; alignment=&#8221;center&#8221; style=&#8221;vc_box_shadow_3d&#8221; onclick=&#8221;custom_link&#8221; link=&#8221;https:\/\/web.editorialteide.com\/ca\/producte\/a-prop-biologia-i-geologia-3-eso-cat2020\/&#8221;][vc_btn title=&#8221;CONTINGUTS&#8221; shape=&#8221;round&#8221; color=&#8221;inverse&#8221; size=&#8221;xs&#8221; align=&#8221;center&#8221; link=&#8221;url:http%3A%2F%2Frecursos.teide.eu%2Ff%2F1d22e9eeae%2F%3Fraw%3D1|target:_blank&#8221;][\/vc_column_inner][vc_column_inner width=&#8221;1\/6&#8243;][\/vc_column_inner][\/vc_row_inner][\/vc_tta_section][vc_tta_section title=&#8221;MATERIAL DIGITAL&#8221; tab_id=&#8221;1634729400477-14319e7f-1498&#8243;][vc_row_inner css=&#8221;.vc_custom_1645003011445{padding-top: 20px !important;padding-right: 20px !important;padding-bottom: 20px !important;padding-left: 20px !important;}&#8221;][vc_column_inner]<div class=\"woocommerce columns-5 \"><\/div>[\/vc_column_inner][\/vc_row_inner][\/vc_tta_section][vc_tta_section title=&#8221;RECURSOS DID\u00c0CTICS&#8221; tab_id=&#8221;1634729409717-0b1fedf1-76f8&#8243;][vc_row_inner equal_height=&#8221;yes&#8221; gap=&#8221;3&#8243;][vc_column_inner width=&#8221;1\/5&#8243;][vc_single_image image=&#8221;151834&#8243; img_size=&#8221;140&#215;180&#8243; alignment=&#8221;center&#8221; style=&#8221;vc_box_border&#8221;][\/vc_column_inner][vc_column_inner width=&#8221;4\/5&#8243;][vc_column_text]<\/p>\n<p style=\"text-align: justify;\"><span style=\"font-size: 16px;\"><img loading=\"lazy\" decoding=\"async\" class=\"alignnone size-full wp-image-115284\" src=\"http:\/\/web.editorialteide.com\/wp-content\/uploads\/2019\/05\/baseline_library_books_black_18dp-1.png\" alt=\"\" width=\"18\" height=\"18\" \/> <span style=\"color: #333333;\"><strong>Projecte curricular<\/strong><\/span> que recull les finalitats i els objectius del curr\u00edculum oficial, aix\u00ed com els continguts i els criteris d&#8217;avaluaci\u00f3, i com es concreten al llibre. A m\u00e9s, inclou una classificaci\u00f3 de les compet\u00e8ncies treballades a les unitats del llibre i propostes d&#8217;avaluaci\u00f3, tant de cada unitat com de cada repte.<\/span><\/p>\n<p style=\"text-align: justify;\"><span style=\"font-size: 16px;\"><img loading=\"lazy\" decoding=\"async\" class=\"alignnone size-full wp-image-115573\" src=\"http:\/\/web.editorialteide.com\/wp-content\/uploads\/2019\/06\/round_import_contacts_black_18dp.png\" alt=\"\" width=\"18\" height=\"18\" \/> <span style=\"color: #333333;\"><strong>Llibre guia<\/strong><\/span> cont\u00e9 el solucionari de les activitats del llibre i una gran varietat de suggeriments did\u00e0ctics a m\u00e9s de les remissions a les fitxes m\u00e9s adequades per consolidar els conceptes. Inclou tamb\u00e9 recomanacions de lectures afins al tema de cada unitat o el treball de les compet\u00e8ncies curriculars.<\/span><\/p>\n<p style=\"text-align: justify;\"><span style=\"font-size: 16px;\"><img loading=\"lazy\" decoding=\"async\" class=\"alignnone size-full wp-image-115570\" src=\"http:\/\/web.editorialteide.com\/wp-content\/uploads\/2019\/06\/round_attach_file_black_18dp.png\" alt=\"\" width=\"18\" height=\"18\" \/> <span style=\"color: #333333;\"><strong>Dossiers de fitxes<\/strong><\/span> Els recursos did\u00e0ctics que ofereix aquesta guia estan agrupats en els dossiers que s&#8217;esmenten a continuaci\u00f3: <span style=\"color: #333333;\"><strong><em>fitxes de refor\u00e7 + dossier solucionari, fitxes d&#8217;ampliaci\u00f3 + dossier solucionari, pr\u00e0ctiques de laboratori + dossier solucionari, proves d&#8217;avaluaci\u00f3 + dossier solucionari, documents d&#8217;ampliaci\u00f3 i material complementari<\/em><\/strong><\/span>.\u00a0<\/span><\/p>\n<p>[\/vc_column_text][\/vc_column_inner][\/vc_row_inner][\/vc_tta_section][\/vc_tta_tabs][\/vc_column][\/vc_row]<\/p>\n","protected":false},"excerpt":{"rendered":"<p>[vc_row][vc_column][vc_row_inner equal_height=&#8221;yes&#8221; content_placement=&#8221;middle&#8221; gap=&#8221;15&#8243;][vc_column_inner width=&#8221;1\/2&#8243;][vc_column_text]BIOLOGIA I GEOLOGIA. Els llibres de Biologia i Geologia, s\u00f3n una proposta competencial que ofereix noves informacions de consulta i estudi i activitats eficaces que posen a prova els alumnes. Es presenten dividits en blocs tem\u00e0tics que s&#8217;ajusten als continguts del projecte curricular oficial. Les unitats plantegen un repte -que es &hellip; <a href=\"https:\/\/web.editorialteide.com\/ca\/eso\/biologia-i-geologia\/\">Llegir m\u00e9s<\/a><\/p>\n","protected":false},"author":3,"featured_media":0,"parent":14,"menu_order":0,"comment_status":"closed","ping_status":"closed","template":"","meta":{"footnotes":"","_links_to":"","_links_to_target":""},"class_list":["post-131703","page","type-page","status-publish","hentry"],"_links":{"self":[{"href":"https:\/\/web.editorialteide.com\/ca\/wp-json\/wp\/v2\/pages\/131703","targetHints":{"allow":["GET"]}}],"collection":[{"href":"https:\/\/web.editorialteide.com\/ca\/wp-json\/wp\/v2\/pages"}],"about":[{"href":"https:\/\/web.editorialteide.com\/ca\/wp-json\/wp\/v2\/types\/page"}],"author":[{"embeddable":true,"href":"https:\/\/web.editorialteide.com\/ca\/wp-json\/wp\/v2\/users\/3"}],"replies":[{"embeddable":true,"href":"https:\/\/web.editorialteide.com\/ca\/wp-json\/wp\/v2\/comments?post=131703"}],"version-history":[{"count":9,"href":"https:\/\/web.editorialteide.com\/ca\/wp-json\/wp\/v2\/pages\/131703\/revisions"}],"predecessor-version":[{"id":159840,"href":"https:\/\/web.editorialteide.com\/ca\/wp-json\/wp\/v2\/pages\/131703\/revisions\/159840"}],"up":[{"embeddable":true,"href":"https:\/\/web.editorialteide.com\/ca\/wp-json\/wp\/v2\/pages\/14"}],"wp:attachment":[{"href":"https:\/\/web.editorialteide.com\/ca\/wp-json\/wp\/v2\/media?parent=131703"}],"curies":[{"name":"wp","href":"https:\/\/api.w.org\/{rel}","templated":true}]}}

<p>[vc_row][vc_column][vc_row_inner equal_height=&#8221;yes&#8221; content_placement=&#8221;middle&#8221; gap=&#8221;15&#8243;][vc_column_inner width=&#8221;1/2&#8243;][vc_column_text]<span style="font-family: impact, sans-serif; font-size: 28px; color: #333333;">BIOLOGIA I GEOLOGIA.</span></p>
<p><span style="font-size: 16px;">Els llibres de <strong>Biologia i Geologia</strong>, són una proposta competencial que ofereix noves informacions de consulta i estudi i activitats eficaces que posen a prova els alumnes. Es presenten dividits en blocs temàtics que s&#8217;ajusten als continguts del projecte curricular oficial.</span></p>
<p><span style="font-size: 16px;">Les unitats plantegen un <strong>repte</strong> -que es pot desenvolupar o no- la resolució del qual implica treballar a fons els continguts seguint una sèrie de passos que ajuden l&#8217;alumnat a entendre&#8217;n l&#8217;aplicació pràctica. Els reptes propicien el treball a l&#8217;aula, tant individual com de grup, i s&#8217;avaluen competencialment.</span></p>
<p><span style="font-size: 16px;">A més, totes les unitats s inclouen una doble pàgina visual que presenta algun dels continguts en forma d&#8217;un dibuix explicatiu que ajuda a la comprensió dels conceptes amb un cop d&#8217;ull. Per consolidar els continguts, cada unitat inclou una doble pàgina d&#8217;<em>Activitats competencials</em> que atenen la diversitat, ja que presenten diferents nivells de dificultat, especificats a la guia del professorat.</span></p>
<p><span style="font-size: 16px;">Els continguts de les unitats estan resumits en l&#8217;apartat <em>El que cal recordar</em> en forma d&#8217;esquema conceptual. Finalment, la unitat es tanca amb una doble pàgina d&#8217;activitats lúdiques, <em>Juga amb la ciència</em>, amb què s&#8217;intenta fer de la ciència un joc per a l&#8217;alumnat.</span>[/vc_column_text][/vc_column_inner][vc_column_inner width=&#8221;1/2&#8243;][vc_single_image image=&#8221;140183&#8243; img_size=&#8221;550&#215;470&#8243; alignment=&#8221;center&#8221;][/vc_column_inner][/vc_row_inner][vc_separator color=&#8221;custom&#8221; border_width=&#8221;3&#8243; accent_color=&#8221;#a8a8a8&#8243;][vc_tta_tabs style=&#8221;modern&#8221; color=&#8221;black&#8221; spacing=&#8221;25&#8243; gap=&#8221;25&#8243; alignment=&#8221;center&#8221; active_section=&#8221;1&#8243;][vc_tta_section title=&#8221;A PROP&#8221; tab_id=&#8221;1634729382622-88e68c15-dc82&#8243;][vc_row_inner equal_height=&#8221;yes&#8221; content_placement=&#8221;middle&#8221; gap=&#8221;5&#8243;][vc_column_inner width=&#8221;1/6&#8243;][/vc_column_inner][vc_column_inner width=&#8221;2/6&#8243; css=&#8221;.vc_custom_1589888277892{background-color: #dddddd !important;}&#8221;][vc_column_text]</p>
<p style="text-align: center;"><span style="font-family: impact, sans-serif; color: #333333;">Primer ESO</span></p>
<p>[/vc_column_text][vc_single_image image=&#8221;114853&#8243; img_size=&#8221;190&#215;247&#8243; add_caption=&#8221;yes&#8221; alignment=&#8221;center&#8221; style=&#8221;vc_box_shadow_3d&#8221; onclick=&#8221;custom_link&#8221; link=&#8221;https://web.editorialteide.com/ca/producte/a-prop-biologia-i-geologia-1-eso-cat2019/&#8221;][vc_btn title=&#8221;CONTINGUTS&#8221; shape=&#8221;round&#8221; color=&#8221;inverse&#8221; size=&#8221;xs&#8221; align=&#8221;center&#8221; link=&#8221;url:http%3A%2F%2Frecursos.teide.eu%2Ff%2Fefd82d6bf4%2F%3Fraw%3D1|target:_blank&#8221;][/vc_column_inner][vc_column_inner width=&#8221;2/6&#8243; css=&#8221;.vc_custom_1589888286908{background-color: #dddddd !important;}&#8221;][vc_column_text]</p>
<p style="text-align: center;"><span style="font-family: impact, sans-serif; color: #333333;">Tercer ESO</span></p>
<p>[/vc_column_text][vc_single_image image=&#8221;145314&#8243; img_size=&#8221;190&#215;247&#8243; add_caption=&#8221;yes&#8221; alignment=&#8221;center&#8221; style=&#8221;vc_box_shadow_3d&#8221; onclick=&#8221;custom_link&#8221; link=&#8221;https://web.editorialteide.com/ca/producte/a-prop-biologia-i-geologia-3-eso-cat2020/&#8221;][vc_btn title=&#8221;CONTINGUTS&#8221; shape=&#8221;round&#8221; color=&#8221;inverse&#8221; size=&#8221;xs&#8221; align=&#8221;center&#8221; link=&#8221;url:http%3A%2F%2Frecursos.teide.eu%2Ff%2F1d22e9eeae%2F%3Fraw%3D1|target:_blank&#8221;][/vc_column_inner][vc_column_inner width=&#8221;1/6&#8243;][/vc_column_inner][/vc_row_inner][/vc_tta_section][vc_tta_section title=&#8221;MATERIAL DIGITAL&#8221; tab_id=&#8221;1634729400477-14319e7f-1498&#8243;][vc_row_inner css=&#8221;.vc_custom_1645003011445{padding-top: 20px !important;padding-right: 20px !important;padding-bottom: 20px !important;padding-left: 20px !important;}&#8221;][vc_column_inner]<div class="woocommerce columns-5 "></div>[/vc_column_inner][/vc_row_inner][/vc_tta_section][vc_tta_section title=&#8221;RECURSOS DIDÀCTICS&#8221; tab_id=&#8221;1634729409717-0b1fedf1-76f8&#8243;][vc_row_inner equal_height=&#8221;yes&#8221; gap=&#8221;3&#8243;][vc_column_inner width=&#8221;1/5&#8243;][vc_single_image image=&#8221;151834&#8243; img_size=&#8221;140&#215;180&#8243; alignment=&#8221;center&#8221; style=&#8221;vc_box_border&#8221;][/vc_column_inner][vc_column_inner width=&#8221;4/5&#8243;][vc_column_text]</p>
<p style="text-align: justify;"><span style="font-size: 16px;"><img loading="lazy" decoding="async" class="alignnone size-full wp-image-115284" src="http://web.editorialteide.com/wp-content/uploads/2019/05/baseline_library_books_black_18dp-1.png" alt="" width="18" height="18" /> <span style="color: #333333;"><strong>Projecte curricular</strong></span> que recull les finalitats i els objectius del currículum oficial, així com els continguts i els criteris d&#8217;avaluació, i com es concreten al llibre. A més, inclou una classificació de les competències treballades a les unitats del llibre i propostes d&#8217;avaluació, tant de cada unitat com de cada repte.</span></p>
<p style="text-align: justify;"><span style="font-size: 16px;"><img loading="lazy" decoding="async" class="alignnone size-full wp-image-115573" src="http://web.editorialteide.com/wp-content/uploads/2019/06/round_import_contacts_black_18dp.png" alt="" width="18" height="18" /> <span style="color: #333333;"><strong>Llibre guia</strong></span> conté el solucionari de les activitats del llibre i una gran varietat de suggeriments didàctics a més de les remissions a les fitxes més adequades per consolidar els conceptes. Inclou també recomanacions de lectures afins al tema de cada unitat o el treball de les competències curriculars.</span></p>
<p style="text-align: justify;"><span style="font-size: 16px;"><img loading="lazy" decoding="async" class="alignnone size-full wp-image-115570" src="http://web.editorialteide.com/wp-content/uploads/2019/06/round_attach_file_black_18dp.png" alt="" width="18" height="18" /> <span style="color: #333333;"><strong>Dossiers de fitxes</strong></span> Els recursos didàctics que ofereix aquesta guia estan agrupats en els dossiers que s&#8217;esmenten a continuació: <span style="color: #333333;"><strong><em>fitxes de reforç + dossier solucionari, fitxes d&#8217;ampliació + dossier solucionari, pràctiques de laboratori + dossier solucionari, proves d&#8217;avaluació + dossier solucionari, documents d&#8217;ampliació i material complementari</em></strong></span>. </span></p>
<p>[/vc_column_text][/vc_column_inner][/vc_row_inner][/vc_tta_section][/vc_tta_tabs][/vc_column][/vc_row]</p>

<p>[vc_row][vc_column][vc_row_inner equal_height=&#8221;yes&#8221; content_placement=&#8221;middle&#8221; gap=&#8221;15&#8243;][vc_column_inner width=&#8221;1/2&#8243;][vc_column_text]BIOLOGIA I GEOLOGIA. Els llibres de Biologia i Geologia, són una proposta competencial que ofereix noves informacions de consulta i estudi i activitats eficaces que posen a prova els alumnes. Es presenten dividits en blocs temàtics que s&#8217;ajusten als continguts del projecte curricular oficial. Les unitats plantegen un repte -que es &hellip; <a href="https://web.editorialteide.com/ca/eso/biologia-i-geologia/">Llegir més</a></p>
