{"id":152071,"date":"2021-02-26T14:10:32","date_gmt":"2021-02-26T13:10:32","guid":{"rendered":"http:\/\/web.editorialteide.com\/?page_id=152071"},"modified":"2021-04-30T12:25:13","modified_gmt":"2021-04-30T11:25:13","slug":"butlleti-num-2-febrer-2021","status":"publish","type":"page","link":"https:\/\/web.editorialteide.com\/ca\/butlleti-num-2-febrer-2021\/","title":{"rendered":"Butllet\u00ed n\u00fam. 2 &#8211; Febrer 2021. Infantil i prim\u00e0ria"},"content":{"rendered":"<p>[vc_row css=&#8221;.vc_custom_1619781673604{background-image: url(https:\/\/web.editorialteide.com\/wp-content\/uploads\/2021\/01\/Fons-butlleti\u0301-1.png?id=151658) !important;}&#8221;][vc_column][vc_single_image image=&#8221;151582&#8243; img_size=&#8221;300&#215;100&#8243; alignment=&#8221;center&#8221; css=&#8221;.vc_custom_1619780289050{margin-top: 0px !important;margin-right: 0px !important;margin-bottom: 0px !important;margin-left: 0px !important;}&#8221;][vc_row_inner][vc_column_inner][vc_column_text css=&#8221;.vc_custom_1619780178921{margin-top: 0px !important;margin-right: 0px !important;margin-bottom: 0px !important;margin-left: 0px !important;padding-top: 25px !important;padding-right: 25px !important;padding-bottom: 25px !important;padding-left: 25px !important;background-color: #067bb2 !important;border-radius: 5px !important;}&#8221;]<\/p>\n<p style=\"text-align: center;\"><span style=\"color: #ffffff;\"><a style=\"color: #ffffff;\" href=\"http:\/\/eepurl.com\/horw11\" target=\"_blank\" rel=\"noopener\"><span style=\"font-size: 18px;\">Subscriu-te al nostre butllet\u00ed per estar al dia de les novetats i de l&#8217;actualitat educativa<\/span><\/a><\/span><\/p>\n<p>[\/vc_column_text][vc_btn title=&#8221;TOTS ELS BUTLLETINS&#8221; style=&#8221;custom&#8221; custom_background=&#8221;#fdcb58&#8243; custom_text=&#8221;#ffffff&#8221; size=&#8221;sm&#8221; align=&#8221;right&#8221; i_icon_fontawesome=&#8221;far fa-edit&#8221; add_icon=&#8221;true&#8221; link=&#8221;url:https%3A%2F%2Fweb.editorialteide.com%2Fca%2Fbutlleti-dinfantil-i-primaria%2F&#8221; css=&#8221;.vc_custom_1619780297552{padding-top: 10px !important;}&#8221;][\/vc_column_inner][\/vc_row_inner][vc_row_inner equal_height=&#8221;yes&#8221; gap=&#8221;15&#8243;][vc_column_inner width=&#8221;2\/3&#8243;][vc_separator border_width=&#8221;2&#8243;][vc_column_text]<\/p>\n<p style=\"text-align: center;\"><span style=\"font-size: 24px; color: #067bb2;\"><strong>L&#8217;avaluaci\u00f3 formadora: avaluar per aprendre millor<\/strong><\/span><\/p>\n<p>[\/vc_column_text][vc_single_image image=&#8221;151887&#8243; img_size=&#8221;650&#215;400&#8243; alignment=&#8221;center&#8221;][vc_column_text]<span style=\"font-size: 16px; color: #808080;\">Una de les eines m\u00e9s eficaces per millorar els aprenentatges \u00e9s l\u2019avaluaci\u00f3.<\/span><\/p>\n<p><span style=\"font-size: 16px; color: #808080;\">Aix\u00f2, fa uns quants anys, podia semblar que era comen\u00e7ar la casa per la teulada, ja que en les pr\u00e0ctiques educatives tradicionals l\u2019avaluaci\u00f3 era un sistema de comprovaci\u00f3 final de resultats i una eina de qualificaci\u00f3 del rendiment de l\u2019alumnat.<\/span><\/p>\n<p><span style=\"font-size: 16px; color: #808080;\">\u00c9s ben conegut que una de les propietats de l\u2019avaluaci\u00f3 \u00e9s el seu car\u00e0cter regulador. Durant tot el proc\u00e9s d\u2019aprenentatge permet regular, d\u2019una banda, les accions i decisions que va prenent l\u2019alumnat per aprendre amb m\u00e9s efic\u00e0cia i, de l\u2019altra, la intervenci\u00f3 del docent per afavorir un aprenentatge m\u00e9s profund en cada alumne o alumna.<\/span><\/p>\n<p>&nbsp;<\/p>\n<p><span style=\"font-size: 16px; color: #808080;\">Centrem-nos avui en l\u2019avaluaci\u00f3 formadora, la que ajuda l\u2019alumnat a millorar la qualitat del seu proc\u00e9s personal d\u2019aprenentatge.<\/span><\/p>\n<p><span style=\"font-size: 16px; color: #808080;\">L\u2019avaluaci\u00f3 formadora ha de contenir aquests ingredients:<\/span><\/p>\n<p><span style=\"font-size: 16px; color: #808080;\">\u2012 Ha de deixar clara la <strong>finalitat <\/strong>dels aprenentatges que es proposen.<\/span><\/p>\n<p><span style=\"font-size: 16px; color: #808080;\">\u2012 Ha de precisar des de l\u2019inici quins s\u00f3n els <strong>objectius<\/strong> i <strong>reptes<\/strong> a superar i els <strong>criteris d\u2019avaluaci\u00f3<\/strong> que es faran servir per comprovar els resultats obtinguts al llarg del proc\u00e9s.<\/span><\/p>\n<p><span style=\"font-size: 16px; color: #808080;\">\u2012 Ha de permetre <strong>situar l\u2019alumnat<\/strong> en quin punt de la seq\u00fcencia d\u2019aprenentatge es troba en cada moment.<\/span><\/p>\n<p><span style=\"font-size: 16px; color: #808080;\">\u2012 Ha de permetre la <strong>planificaci\u00f3 personal<\/strong> de les feines i els esfor\u00e7os.<\/span><\/p>\n<p><span style=\"font-size: 16px; color: #808080;\">\u2012 Ha de proporcionar indicadors i eines de <strong>comprovaci\u00f3 del grau d\u2019assoliment<\/strong> al llarg del proc\u00e9s.<\/span><\/p>\n<p><span style=\"font-size: 16px; color: #808080;\">\u2012 Ha de possibilitar <strong>aprendre dels errors<\/strong>, <strong>planificant moments de reflexi\u00f3<\/strong> sobre com est\u00e0 aprenent l\u2019alumnat, quins s\u00f3n els esculls, els fracassos i els \u00e8xits per aplicar-hi solucions en futurs reptes. El fam\u00f3s \u00ab<strong>aprendre a aprendre<\/strong>\u00bb.<\/span><\/p>\n<p><span style=\"font-size: 16px; color: #808080;\">Alg\u00fa pot dir: \u00ab<strong>Res de nou, la can\u00e7\u00f3 de sempre<\/strong>\u00bb. I tindr\u00e0 ra\u00f3, per\u00f2 la realitat \u00e9s que el dia a dia no ens permet gaire sovint plantejar-nos una pr\u00e0ctica d\u2019avaluaci\u00f3 reflexiva, compartida, que persegueixi l\u2019objectiu m\u00e9s b\u00e0sic de la nostra feina: <strong>millorar l\u2019aprenentatge de l\u2019alumnat<\/strong>.<\/span><\/p>\n<p>&nbsp;<\/p>\n<p><span style=\"font-size: 16px; color: #808080;\">L\u2019avaluaci\u00f3 formadora \u00e9s l\u2019\u00fanica possibilitat que els alumnes prenguin <strong>consci\u00e8ncia del seu proc\u00e9s d\u2019aprenentatge<\/strong> i s\u2019autoregulin per fer-lo m\u00e9s efectiu, que els suposi l\u2019evid\u00e8ncia personal que superen reptes.<\/span><\/p>\n<p><span style=\"font-size: 16px; color: #808080;\">Alhora, l\u2019avaluaci\u00f3, entesa com un proc\u00e9s, ens permet als docents fer de \u00abmestres\u00bb en el sentit m\u00e9s cl\u00e0ssic de la paraula i donar a l\u2019alumnat el suport que els ajudi a aconseguir els objectius did\u00e0ctics i personals que els proposem.<\/span><\/p>\n<p><span style=\"font-size: 16px; color: #808080;\">Qualificar \u00e9s indispensable, per\u00f2 el que ajuda a aprendre \u00e9s avaluar.<\/span>[\/vc_column_text][\/vc_column_inner][vc_column_inner width=&#8221;1\/3&#8243;][vc_separator border_width=&#8221;2&#8243;][vc_column_text]<\/p>\n<p style=\"text-align: center;\"><span style=\"color: #9ea616; font-size: 24px;\"><strong>P\u00edndola digital<\/strong><\/span><\/p>\n<p>[\/vc_column_text][vc_video link=&#8221;https:\/\/vimeo.com\/512946439\/a970027e68&#8243; align=&#8221;right&#8221;][vc_column_text]<\/p>\n<h4 style=\"text-align: right;\"><span style=\"color: #9ea616; font-size: 24px;\"><strong>Paquet d&#8217;activitats<\/strong><\/span><\/h4>\n<p style=\"text-align: right;\"><span style=\"font-size: 14px; color: #333333;\">\u00c9s una eina que permet al docent seleccionar i agrupar les activitats que cregui m\u00e9s convenients per als seus alumnes, tot temporitzant-ne l&#8217;execuci\u00f3.<\/span><\/p>\n<p>[\/vc_column_text][vc_separator border_width=&#8221;2&#8243;][vc_column_text]<\/p>\n<p style=\"text-align: center;\"><span style=\"color: #f5afa9; font-size: 24px;\"><strong>Teide a l&#8217;aula<\/strong><\/span><\/p>\n<p>[\/vc_column_text][vc_video link=&#8221;https:\/\/vimeo.com\/515345628&#8243; align=&#8221;right&#8221;][vc_column_text]<\/p>\n<p style=\"text-align: right;\"><span style=\"font-size: 24px; color: #f5afa9;\"><strong>Ja llegim!<\/strong><\/span><\/p>\n<p style=\"text-align: right;\"><span style=\"color: #f5afa9; font-size: 24px;\"><strong>Biblioteca Escolar<\/strong><\/span><\/p>\n<p style=\"text-align: right;\"><span style=\"font-size: 20px; color: #f5afa9;\">Llibres de lectura<\/span><\/p>\n<p style=\"text-align: right;\"><span style=\"font-size: 14px; color: #333333;\">Dues col\u00b7leccions de lectures amb els t\u00edtols indispensables de la literatura infantil i juvenil per a l&#8217;etapa de Prim\u00e0ria.<\/span><\/p>\n<p>[\/vc_column_text][vc_separator border_width=&#8221;2&#8243;][vc_column_text]<\/p>\n<p style=\"text-align: center;\"><span style=\"color: #067bb2; font-size: 24px;\"><strong>Recursos gratu\u00efts<\/strong><\/span><\/p>\n<p>[\/vc_column_text][vc_column_text]<\/p>\n<p style=\"text-align: right;\"><span style=\"color: #067bb2;\"><strong><span style=\"font-size: 24px;\">Treballem les pors<\/span><\/strong><\/span><\/p>\n<p><img loading=\"lazy\" decoding=\"async\" class=\"wp-image-108035 alignright\" style=\"text-align: right;\" src=\"https:\/\/web.editorialteide.com\/wp-content\/uploads\/2018\/06\/6428.png\" alt=\"ISBN: 978-84-307-6428-0\" width=\"126\" height=\"161\" \/><\/p>\n<p style=\"text-align: right;\"><span style=\"font-size: 20px; color: #067bb2;\">Activitats pr\u00e8vies a la lectura<\/span><\/p>\n<p style=\"text-align: right;\"><span style=\"color: #333333;\">Dues propostes d&#8217;activitats pr\u00e8vies a la lectura que ens serveixen tamb\u00e9 per parlar de les pors i de com pod<\/span><\/p>\n<p style=\"text-align: right;\"><span style=\"color: #333333;\">em superar-les<\/span><\/p>\n<p style=\"text-align: right;\"><strong><span style=\"font-size: 14px; color: #333333;\">*En Joan sense por<\/span><\/strong><\/p>\n<p style=\"text-align: right;\"><strong><span style=\"font-size: 14px; color: #333333;\">*Dr\u00e0cula<\/span><\/strong><\/p>\n<p>[\/vc_column_text][vc_btn title=&#8221;Descarregar&#8221; style=&#8221;custom&#8221; custom_background=&#8221;#067bb2&#8243; custom_text=&#8221;#ffffff&#8221; size=&#8221;xs&#8221; align=&#8221;right&#8221; link=&#8221;url:http%3A%2F%2Frecursos.teide.eu%2Ff%2F911c73581b%2F%3Fraw%3D1&#8243;][\/vc_column_inner][\/vc_row_inner][vc_column_text]<\/p>\n<p style=\"text-align: center;\"><span style=\"color: #fdcb58;\"><strong><span style=\"font-size: 24px;\">Qu\u00e8 hem publicat a les xarxes?<\/span><\/strong><\/span><\/p>\n<p>[\/vc_column_text][vc_row_inner][vc_column_inner width=&#8221;1\/6&#8243;][\/vc_column_inner][vc_column_inner width=&#8221;1\/3&#8243;][vc_single_image image=&#8221;152037&#8243; img_size=&#8221;200&#215;200&#8243; alignment=&#8221;center&#8221;][\/vc_column_inner][vc_column_inner width=&#8221;1\/3&#8243;][vc_column_text]<\/p>\n<p style=\"text-align: center;\"><span style=\"font-size: 16px;\"><strong><span style=\"color: #fdcb58;\">Estrat\u00e8gies de resoluci\u00f3 de problemes.<\/span><\/strong><\/span><\/p>\n<p style=\"text-align: center;\"><span style=\"font-size: 16px; color: #333333;\">Materials descarregables per treballar les estrat\u00e8gies d&#8217;organitzaci\u00f3 i deducci\u00f3 amb alumnes de Cicle Inicial.<\/span><\/p>\n<p>[\/vc_column_text][vc_btn title=&#8221;Segueix-nos&#8221; style=&#8221;custom&#8221; custom_background=&#8221;#fdcb58&#8243; custom_text=&#8221;#ffffff&#8221; align=&#8221;center&#8221; link=&#8221;url:https%3A%2F%2Fwww.instagram.com%2Feditorialteide%2F&#8221;][\/vc_column_inner][vc_column_inner width=&#8221;1\/6&#8243;][\/vc_column_inner][\/vc_row_inner][\/vc_column][\/vc_row][vc_row][vc_column width=&#8221;1\/5&#8243;][\/vc_column][vc_column width=&#8221;1\/5&#8243;][vc_single_image image=&#8221;151653&#8243; img_size=&#8221;50&#215;50&#8243; alignment=&#8221;center&#8221; onclick=&#8221;custom_link&#8221; link=&#8221;https:\/\/www.instagram.com\/editorialteide\/&#8221;][\/vc_column][vc_column width=&#8221;1\/5&#8243;][vc_single_image image=&#8221;151654&#8243; img_size=&#8221;50&#215;50&#8243; alignment=&#8221;center&#8221; onclick=&#8221;custom_link&#8221; link=&#8221;https:\/\/twitter.com\/EditorialTeide&#8221;][\/vc_column][vc_column width=&#8221;1\/5&#8243;][vc_single_image image=&#8221;151655&#8243; img_size=&#8221;50&#215;50&#8243; alignment=&#8221;center&#8221; onclick=&#8221;custom_link&#8221; link=&#8221;https:\/\/www.facebook.com\/teideeditorial&#8221;][\/vc_column][vc_column width=&#8221;1\/5&#8243;][\/vc_column][\/vc_row]<\/p>\n","protected":false},"excerpt":{"rendered":"<p>[vc_row css=&#8221;.vc_custom_1619781673604{background-image: url(https:\/\/web.editorialteide.com\/wp-content\/uploads\/2021\/01\/Fons-butlleti\u0301-1.png?id=151658) !important;}&#8221;][vc_column][vc_single_image image=&#8221;151582&#8243; img_size=&#8221;300&#215;100&#8243; alignment=&#8221;center&#8221; css=&#8221;.vc_custom_1619780289050{margin-top: 0px !important;margin-right: 0px !important;margin-bottom: 0px !important;margin-left: 0px !important;}&#8221;][vc_row_inner][vc_column_inner][vc_column_text css=&#8221;.vc_custom_1619780178921{margin-top: 0px !important;margin-right: 0px !important;margin-bottom: 0px !important;margin-left: 0px !important;padding-top: 25px !important;padding-right: 25px !important;padding-bottom: 25px !important;padding-left: 25px !important;background-color: #067bb2 !important;border-radius: 5px !important;}&#8221;] Subscriu-te al nostre butllet\u00ed per estar al dia de les novetats i de l&#8217;actualitat educativa [\/vc_column_text][vc_btn title=&#8221;TOTS ELS &hellip; <a href=\"https:\/\/web.editorialteide.com\/ca\/butlleti-num-2-febrer-2021\/\">Llegir m\u00e9s<\/a><\/p>\n","protected":false},"author":3,"featured_media":0,"parent":0,"menu_order":0,"comment_status":"closed","ping_status":"closed","template":"","meta":{"footnotes":"","_links_to":"","_links_to_target":""},"class_list":["post-152071","page","type-page","status-publish","hentry"],"_links":{"self":[{"href":"https:\/\/web.editorialteide.com\/ca\/wp-json\/wp\/v2\/pages\/152071","targetHints":{"allow":["GET"]}}],"collection":[{"href":"https:\/\/web.editorialteide.com\/ca\/wp-json\/wp\/v2\/pages"}],"about":[{"href":"https:\/\/web.editorialteide.com\/ca\/wp-json\/wp\/v2\/types\/page"}],"author":[{"embeddable":true,"href":"https:\/\/web.editorialteide.com\/ca\/wp-json\/wp\/v2\/users\/3"}],"replies":[{"embeddable":true,"href":"https:\/\/web.editorialteide.com\/ca\/wp-json\/wp\/v2\/comments?post=152071"}],"version-history":[{"count":0,"href":"https:\/\/web.editorialteide.com\/ca\/wp-json\/wp\/v2\/pages\/152071\/revisions"}],"wp:attachment":[{"href":"https:\/\/web.editorialteide.com\/ca\/wp-json\/wp\/v2\/media?parent=152071"}],"curies":[{"name":"wp","href":"https:\/\/api.w.org\/{rel}","templated":true}]}}

Butlletí núm. 2 &#8211; Febrer 2021. Infantil i primària

<p>[vc_row css=&#8221;.vc_custom_1619781673604{background-image: url(https://web.editorialteide.com/wp-content/uploads/2021/01/Fons-butlletí-1.png?id=151658) !important;}&#8221;][vc_column][vc_single_image image=&#8221;151582&#8243; img_size=&#8221;300&#215;100&#8243; alignment=&#8221;center&#8221; css=&#8221;.vc_custom_1619780289050{margin-top: 0px !important;margin-right: 0px !important;margin-bottom: 0px !important;margin-left: 0px !important;}&#8221;][vc_row_inner][vc_column_inner][vc_column_text css=&#8221;.vc_custom_1619780178921{margin-top: 0px !important;margin-right: 0px !important;margin-bottom: 0px !important;margin-left: 0px !important;padding-top: 25px !important;padding-right: 25px !important;padding-bottom: 25px !important;padding-left: 25px !important;background-color: #067bb2 !important;border-radius: 5px !important;}&#8221;]</p>
<p style="text-align: center;"><span style="color: #ffffff;"><a style="color: #ffffff;" href="http://eepurl.com/horw11" target="_blank" rel="noopener"><span style="font-size: 18px;">Subscriu-te al nostre butlletí per estar al dia de les novetats i de l&#8217;actualitat educativa</span></a></span></p>
<p>[/vc_column_text][vc_btn title=&#8221;TOTS ELS BUTLLETINS&#8221; style=&#8221;custom&#8221; custom_background=&#8221;#fdcb58&#8243; custom_text=&#8221;#ffffff&#8221; size=&#8221;sm&#8221; align=&#8221;right&#8221; i_icon_fontawesome=&#8221;far fa-edit&#8221; add_icon=&#8221;true&#8221; link=&#8221;url:https%3A%2F%2Fweb.editorialteide.com%2Fca%2Fbutlleti-dinfantil-i-primaria%2F&#8221; css=&#8221;.vc_custom_1619780297552{padding-top: 10px !important;}&#8221;][/vc_column_inner][/vc_row_inner][vc_row_inner equal_height=&#8221;yes&#8221; gap=&#8221;15&#8243;][vc_column_inner width=&#8221;2/3&#8243;][vc_separator border_width=&#8221;2&#8243;][vc_column_text]</p>
<p style="text-align: center;"><span style="font-size: 24px; color: #067bb2;"><strong>L&#8217;avaluació formadora: avaluar per aprendre millor</strong></span></p>
<p>[/vc_column_text][vc_single_image image=&#8221;151887&#8243; img_size=&#8221;650&#215;400&#8243; alignment=&#8221;center&#8221;][vc_column_text]<span style="font-size: 16px; color: #808080;">Una de les eines més eficaces per millorar els aprenentatges és l’avaluació.</span></p>
<p><span style="font-size: 16px; color: #808080;">Això, fa uns quants anys, podia semblar que era començar la casa per la teulada, ja que en les pràctiques educatives tradicionals l’avaluació era un sistema de comprovació final de resultats i una eina de qualificació del rendiment de l’alumnat.</span></p>
<p><span style="font-size: 16px; color: #808080;">És ben conegut que una de les propietats de l’avaluació és el seu caràcter regulador. Durant tot el procés d’aprenentatge permet regular, d’una banda, les accions i decisions que va prenent l’alumnat per aprendre amb més eficàcia i, de l’altra, la intervenció del docent per afavorir un aprenentatge més profund en cada alumne o alumna.</span></p>
<p>&nbsp;</p>
<p><span style="font-size: 16px; color: #808080;">Centrem-nos avui en l’avaluació formadora, la que ajuda l’alumnat a millorar la qualitat del seu procés personal d’aprenentatge.</span></p>
<p><span style="font-size: 16px; color: #808080;">L’avaluació formadora ha de contenir aquests ingredients:</span></p>
<p><span style="font-size: 16px; color: #808080;">‒ Ha de deixar clara la <strong>finalitat </strong>dels aprenentatges que es proposen.</span></p>
<p><span style="font-size: 16px; color: #808080;">‒ Ha de precisar des de l’inici quins són els <strong>objectius</strong> i <strong>reptes</strong> a superar i els <strong>criteris d’avaluació</strong> que es faran servir per comprovar els resultats obtinguts al llarg del procés.</span></p>
<p><span style="font-size: 16px; color: #808080;">‒ Ha de permetre <strong>situar l’alumnat</strong> en quin punt de la seqüencia d’aprenentatge es troba en cada moment.</span></p>
<p><span style="font-size: 16px; color: #808080;">‒ Ha de permetre la <strong>planificació personal</strong> de les feines i els esforços.</span></p>
<p><span style="font-size: 16px; color: #808080;">‒ Ha de proporcionar indicadors i eines de <strong>comprovació del grau d’assoliment</strong> al llarg del procés.</span></p>
<p><span style="font-size: 16px; color: #808080;">‒ Ha de possibilitar <strong>aprendre dels errors</strong>, <strong>planificant moments de reflexió</strong> sobre com està aprenent l’alumnat, quins són els esculls, els fracassos i els èxits per aplicar-hi solucions en futurs reptes. El famós «<strong>aprendre a aprendre</strong>».</span></p>
<p><span style="font-size: 16px; color: #808080;">Algú pot dir: «<strong>Res de nou, la cançó de sempre</strong>». I tindrà raó, però la realitat és que el dia a dia no ens permet gaire sovint plantejar-nos una pràctica d’avaluació reflexiva, compartida, que persegueixi l’objectiu més bàsic de la nostra feina: <strong>millorar l’aprenentatge de l’alumnat</strong>.</span></p>
<p>&nbsp;</p>
<p><span style="font-size: 16px; color: #808080;">L’avaluació formadora és l’única possibilitat que els alumnes prenguin <strong>consciència del seu procés d’aprenentatge</strong> i s’autoregulin per fer-lo més efectiu, que els suposi l’evidència personal que superen reptes.</span></p>
<p><span style="font-size: 16px; color: #808080;">Alhora, l’avaluació, entesa com un procés, ens permet als docents fer de «mestres» en el sentit més clàssic de la paraula i donar a l’alumnat el suport que els ajudi a aconseguir els objectius didàctics i personals que els proposem.</span></p>
<p><span style="font-size: 16px; color: #808080;">Qualificar és indispensable, però el que ajuda a aprendre és avaluar.</span>[/vc_column_text][/vc_column_inner][vc_column_inner width=&#8221;1/3&#8243;][vc_separator border_width=&#8221;2&#8243;][vc_column_text]</p>
<p style="text-align: center;"><span style="color: #9ea616; font-size: 24px;"><strong>Píndola digital</strong></span></p>
<p>[/vc_column_text][vc_video link=&#8221;https://vimeo.com/512946439/a970027e68&#8243; align=&#8221;right&#8221;][vc_column_text]</p>
<h4 style="text-align: right;"><span style="color: #9ea616; font-size: 24px;"><strong>Paquet d&#8217;activitats</strong></span></h4>
<p style="text-align: right;"><span style="font-size: 14px; color: #333333;">És una eina que permet al docent seleccionar i agrupar les activitats que cregui més convenients per als seus alumnes, tot temporitzant-ne l&#8217;execució.</span></p>
<p>[/vc_column_text][vc_separator border_width=&#8221;2&#8243;][vc_column_text]</p>
<p style="text-align: center;"><span style="color: #f5afa9; font-size: 24px;"><strong>Teide a l&#8217;aula</strong></span></p>
<p>[/vc_column_text][vc_video link=&#8221;https://vimeo.com/515345628&#8243; align=&#8221;right&#8221;][vc_column_text]</p>
<p style="text-align: right;"><span style="font-size: 24px; color: #f5afa9;"><strong>Ja llegim!</strong></span></p>
<p style="text-align: right;"><span style="color: #f5afa9; font-size: 24px;"><strong>Biblioteca Escolar</strong></span></p>
<p style="text-align: right;"><span style="font-size: 20px; color: #f5afa9;">Llibres de lectura</span></p>
<p style="text-align: right;"><span style="font-size: 14px; color: #333333;">Dues col·leccions de lectures amb els títols indispensables de la literatura infantil i juvenil per a l&#8217;etapa de Primària.</span></p>
<p>[/vc_column_text][vc_separator border_width=&#8221;2&#8243;][vc_column_text]</p>
<p style="text-align: center;"><span style="color: #067bb2; font-size: 24px;"><strong>Recursos gratuïts</strong></span></p>
<p>[/vc_column_text][vc_column_text]</p>
<p style="text-align: right;"><span style="color: #067bb2;"><strong><span style="font-size: 24px;">Treballem les pors</span></strong></span></p>
<p><img loading="lazy" decoding="async" class="wp-image-108035 alignright" style="text-align: right;" src="https://web.editorialteide.com/wp-content/uploads/2018/06/6428.png" alt="ISBN: 978-84-307-6428-0" width="126" height="161" /></p>
<p style="text-align: right;"><span style="font-size: 20px; color: #067bb2;">Activitats prèvies a la lectura</span></p>
<p style="text-align: right;"><span style="color: #333333;">Dues propostes d&#8217;activitats prèvies a la lectura que ens serveixen també per parlar de les pors i de com pod</span></p>
<p style="text-align: right;"><span style="color: #333333;">em superar-les</span></p>
<p style="text-align: right;"><strong><span style="font-size: 14px; color: #333333;">*En Joan sense por</span></strong></p>
<p style="text-align: right;"><strong><span style="font-size: 14px; color: #333333;">*Dràcula</span></strong></p>
<p>[/vc_column_text][vc_btn title=&#8221;Descarregar&#8221; style=&#8221;custom&#8221; custom_background=&#8221;#067bb2&#8243; custom_text=&#8221;#ffffff&#8221; size=&#8221;xs&#8221; align=&#8221;right&#8221; link=&#8221;url:http%3A%2F%2Frecursos.teide.eu%2Ff%2F911c73581b%2F%3Fraw%3D1&#8243;][/vc_column_inner][/vc_row_inner][vc_column_text]</p>
<p style="text-align: center;"><span style="color: #fdcb58;"><strong><span style="font-size: 24px;">Què hem publicat a les xarxes?</span></strong></span></p>
<p>[/vc_column_text][vc_row_inner][vc_column_inner width=&#8221;1/6&#8243;][/vc_column_inner][vc_column_inner width=&#8221;1/3&#8243;][vc_single_image image=&#8221;152037&#8243; img_size=&#8221;200&#215;200&#8243; alignment=&#8221;center&#8221;][/vc_column_inner][vc_column_inner width=&#8221;1/3&#8243;][vc_column_text]</p>
<p style="text-align: center;"><span style="font-size: 16px;"><strong><span style="color: #fdcb58;">Estratègies de resolució de problemes.</span></strong></span></p>
<p style="text-align: center;"><span style="font-size: 16px; color: #333333;">Materials descarregables per treballar les estratègies d&#8217;organització i deducció amb alumnes de Cicle Inicial.</span></p>
<p>[/vc_column_text][vc_btn title=&#8221;Segueix-nos&#8221; style=&#8221;custom&#8221; custom_background=&#8221;#fdcb58&#8243; custom_text=&#8221;#ffffff&#8221; align=&#8221;center&#8221; link=&#8221;url:https%3A%2F%2Fwww.instagram.com%2Feditorialteide%2F&#8221;][/vc_column_inner][vc_column_inner width=&#8221;1/6&#8243;][/vc_column_inner][/vc_row_inner][/vc_column][/vc_row][vc_row][vc_column width=&#8221;1/5&#8243;][/vc_column][vc_column width=&#8221;1/5&#8243;][vc_single_image image=&#8221;151653&#8243; img_size=&#8221;50&#215;50&#8243; alignment=&#8221;center&#8221; onclick=&#8221;custom_link&#8221; link=&#8221;https://www.instagram.com/editorialteide/&#8221;][/vc_column][vc_column width=&#8221;1/5&#8243;][vc_single_image image=&#8221;151654&#8243; img_size=&#8221;50&#215;50&#8243; alignment=&#8221;center&#8221; onclick=&#8221;custom_link&#8221; link=&#8221;https://twitter.com/EditorialTeide&#8221;][/vc_column][vc_column width=&#8221;1/5&#8243;][vc_single_image image=&#8221;151655&#8243; img_size=&#8221;50&#215;50&#8243; alignment=&#8221;center&#8221; onclick=&#8221;custom_link&#8221; link=&#8221;https://www.facebook.com/teideeditorial&#8221;][/vc_column][vc_column width=&#8221;1/5&#8243;][/vc_column][/vc_row]</p>

<p>[vc_row css=&#8221;.vc_custom_1619781673604{background-image: url(https://web.editorialteide.com/wp-content/uploads/2021/01/Fons-butlletí-1.png?id=151658) !important;}&#8221;][vc_column][vc_single_image image=&#8221;151582&#8243; img_size=&#8221;300&#215;100&#8243; alignment=&#8221;center&#8221; css=&#8221;.vc_custom_1619780289050{margin-top: 0px !important;margin-right: 0px !important;margin-bottom: 0px !important;margin-left: 0px !important;}&#8221;][vc_row_inner][vc_column_inner][vc_column_text css=&#8221;.vc_custom_1619780178921{margin-top: 0px !important;margin-right: 0px !important;margin-bottom: 0px !important;margin-left: 0px !important;padding-top: 25px !important;padding-right: 25px !important;padding-bottom: 25px !important;padding-left: 25px !important;background-color: #067bb2 !important;border-radius: 5px !important;}&#8221;] Subscriu-te al nostre butlletí per estar al dia de les novetats i de l&#8217;actualitat educativa [/vc_column_text][vc_btn title=&#8221;TOTS ELS &hellip; <a href="https://web.editorialteide.com/ca/butlleti-num-2-febrer-2021/">Llegir més</a></p>
