{"id":2886,"date":"2017-03-23T08:39:35","date_gmt":"2017-03-23T07:39:35","guid":{"rendered":"http:\/\/teide2017.westeurope.cloudapp.azure.com\/?page_id=2886\/"},"modified":"2025-02-06T16:53:49","modified_gmt":"2025-02-06T15:53:49","slug":"catala-per-a-adults","status":"publish","type":"page","link":"https:\/\/web.editorialteide.com\/ca\/catala-per-a-adults\/","title":{"rendered":"LLENGUA PER A ADULTS"},"content":{"rendered":"<p>[vc_row][vc_column][vc_column_text]<span style=\"font-size: 16px;\">Els llibres de <span style=\"color: #333333; font-size: 20px;\"><strong>llengua<\/strong> <strong>per a adults<\/strong> <\/span>s\u00f3n una proposta d\u2019aprenentatge per tasques que t\u00e9 en compte les programacions de la Direcci\u00f3 General de Pol\u00edtica Ling\u00fc\u00edstica i abra\u00e7a els nivells A1, A2, B1, B2, C1 i C2 del <span style=\"color: #333333;\"><strong>Marc europeu com\u00fa de refer\u00e8ncia per a les lleng\u00fces<\/strong><\/span><\/span>.<\/p>\n<p><span style=\"font-size: 16px;\">Seguint les indicacions del Marc Europeu, els llibres parteixen de la idea que els aprenents s\u00f3n, sobretot, <strong><span style=\"color: #333333;\">agents socials<\/span><\/strong> que van creixent en capacitat de participaci\u00f3 i de comprom\u00eds amb la llengua a mesura que creixen tamb\u00e9 en domini ling\u00fc\u00edstic. Tots els materials, doncs, estan encaminats a promoure, entre els aprenents, l&#8217;\u00fas social de la llengua.<\/span>[\/vc_column_text][vc_tta_pageable no_fill_content_area=&#8221;1&#8243; active_section=&#8221;1&#8243; pagination_style=&#8221;&#8221; title=&#8221;NOUS MATERIALS&#8221;][vc_tta_section title=&#8221;Secci\u00f3n 1&#8243; tab_id=&#8221;1558366511254-12094a62-7348&#8243;][vc_row_inner equal_height=&#8221;yes&#8221; rtl_reverse=&#8221;yes&#8221; content_placement=&#8221;middle&#8221; gap=&#8221;10&#8243; css=&#8221;.vc_custom_1583426927387{padding-right: 25px !important;padding-left: 25px !important;}&#8221;][vc_column_inner width=&#8221;1\/5&#8243; css=&#8221;.vc_custom_1558609101640{background-color: #dddddd !important;}&#8221;][vc_single_image image=&#8221;128138&#8243; img_size=&#8221;142&#215;187&#8243; add_caption=&#8221;yes&#8221; alignment=&#8221;center&#8221; style=&#8221;vc_box_shadow_3d&#8221; onclick=&#8221;custom_link&#8221; link=&#8221;https:\/\/web.editorialteide.com\/ca\/producte\/catala-inicial-a1-2019\/&#8221;][\/vc_column_inner][vc_column_inner width=&#8221;1\/5&#8243; css=&#8221;.vc_custom_1558609130684{background-color: #dddddd !important;}&#8221;][vc_single_image image=&#8221;114767&#8243; img_size=&#8221;142&#215;187&#8243; add_caption=&#8221;yes&#8221; alignment=&#8221;center&#8221; style=&#8221;vc_box_shadow_3d&#8221; onclick=&#8221;custom_link&#8221; link=&#8221;https:\/\/web.editorialteide.com\/ca\/producte\/catala-basic-a2-trampoli2019\/&#8221;][\/vc_column_inner][vc_column_inner width=&#8221;1\/5&#8243; css=&#8221;.vc_custom_1582728509637{background-color: #dddddd !important;}&#8221;][vc_single_image image=&#8221;138908&#8243; img_size=&#8221;142&#215;187&#8243; add_caption=&#8221;yes&#8221; alignment=&#8221;center&#8221; style=&#8221;vc_box_shadow_3d&#8221; onclick=&#8221;custom_link&#8221; link=&#8221;https:\/\/web.editorialteide.com\/ca\/producte\/catala-elemental-b1-2020\/&#8221;][\/vc_column_inner][vc_column_inner width=&#8221;1\/5&#8243; css=&#8221;.vc_custom_1558609144192{background-color: #dddddd !important;}&#8221;][vc_single_image image=&#8221;138909&#8243; img_size=&#8221;142&#215;187&#8243; add_caption=&#8221;yes&#8221; alignment=&#8221;center&#8221; style=&#8221;vc_box_shadow_3d&#8221; onclick=&#8221;custom_link&#8221; link=&#8221;https:\/\/web.editorialteide.com\/ca\/producte\/catala-intermedi-b2-2020\/&#8221;][\/vc_column_inner][vc_column_inner width=&#8221;1\/5&#8243; css=&#8221;.vc_custom_1582728524181{background-color: #dddddd !important;}&#8221;][vc_single_image image=&#8221;175515&#8243; img_size=&#8221;142&#215;187&#8243; add_caption=&#8221;yes&#8221; alignment=&#8221;center&#8221; style=&#8221;vc_box_shadow_3d&#8221; onclick=&#8221;custom_link&#8221;][\/vc_column_inner][\/vc_row_inner][vc_row_inner equal_height=&#8221;yes&#8221; rtl_reverse=&#8221;yes&#8221; content_placement=&#8221;middle&#8221; gap=&#8221;10&#8243; css=&#8221;.vc_custom_1583426927387{padding-right: 25px !important;padding-left: 25px !important;}&#8221;][vc_column_inner width=&#8221;1\/5&#8243; css=&#8221;.vc_custom_1582728524181{background-color: #dddddd !important;}&#8221;][vc_single_image image=&#8221;174815&#8243; img_size=&#8221;142&#215;187&#8243; add_caption=&#8221;yes&#8221; alignment=&#8221;center&#8221; style=&#8221;vc_box_shadow_3d&#8221; onclick=&#8221;custom_link&#8221; link=&#8221;https:\/\/web.editorialteide.com\/ca\/producte\/catala-c2-edicio-2024\/&#8221;][\/vc_column_inner][vc_column_inner width=&#8221;1\/5&#8243; css=&#8221;.vc_custom_1558609101640{background-color: #dddddd !important;}&#8221;][vc_single_image image=&#8221;128140&#8243; img_size=&#8221;142&#215;187&#8243; add_caption=&#8221;yes&#8221; alignment=&#8221;center&#8221; style=&#8221;vc_box_shadow_3d&#8221; onclick=&#8221;custom_link&#8221; link=&#8221;https:\/\/web.editorialteide.com\/ca\/producte\/10-examens-de-nivell-elemental-b1-catala-2019\/&#8221;][\/vc_column_inner][vc_column_inner width=&#8221;1\/5&#8243; css=&#8221;.vc_custom_1558609130684{background-color: #dddddd !important;}&#8221;][vc_single_image image=&#8221;131094&#8243; img_size=&#8221;142&#215;187&#8243; add_caption=&#8221;yes&#8221; alignment=&#8221;center&#8221; style=&#8221;vc_box_shadow_3d&#8221; onclick=&#8221;custom_link&#8221; link=&#8221;https:\/\/web.editorialteide.com\/ca\/producte\/10-examens-de-catala-b2-2019\/&#8221;][\/vc_column_inner][vc_column_inner width=&#8221;1\/5&#8243; css=&#8221;.vc_custom_1582728509637{background-color: #dddddd !important;}&#8221;][vc_single_image image=&#8221;164208&#8243; img_size=&#8221;142&#215;187&#8243; add_caption=&#8221;yes&#8221; alignment=&#8221;center&#8221; style=&#8221;vc_box_shadow_3d&#8221; onclick=&#8221;custom_link&#8221; link=&#8221;https:\/\/web.editorialteide.com\/ca\/producte\/10-examens-de-catala-c1\/&#8221;][\/vc_column_inner][vc_column_inner width=&#8221;1\/5&#8243; css=&#8221;.vc_custom_1558609144192{background-color: #dddddd !important;}&#8221;][vc_single_image image=&#8221;175516&#8243; img_size=&#8221;142&#215;187&#8243; add_caption=&#8221;yes&#8221; alignment=&#8221;center&#8221; style=&#8221;vc_box_shadow_3d&#8221; onclick=&#8221;custom_link&#8221;][\/vc_column_inner][\/vc_row_inner][vc_row_inner equal_height=&#8221;yes&#8221; rtl_reverse=&#8221;yes&#8221; content_placement=&#8221;middle&#8221; gap=&#8221;10&#8243; css=&#8221;.vc_custom_1583426927387{padding-right: 25px !important;padding-left: 25px !important;}&#8221;][vc_column_inner width=&#8221;1\/5&#8243; css=&#8221;.vc_custom_1558609144192{background-color: #dddddd !important;}&#8221;][vc_single_image image=&#8221;164207&#8243; img_size=&#8221;142&#215;187&#8243; add_caption=&#8221;yes&#8221; alignment=&#8221;center&#8221; style=&#8221;vc_box_shadow_3d&#8221; onclick=&#8221;custom_link&#8221; link=&#8221;https:\/\/web.editorialteide.com\/ca\/producte\/10-examens-de-catala-c2\/&#8221;][\/vc_column_inner][vc_column_inner width=&#8221;1\/5&#8243; css=&#8221;.vc_custom_1582728524181{background-color: #dddddd !important;}&#8221;][vc_single_image image=&#8221;113957&#8243; img_size=&#8221;142&#215;187&#8243; add_caption=&#8221;yes&#8221; alignment=&#8221;center&#8221; style=&#8221;vc_box_shadow_3d&#8221; onclick=&#8221;custom_link&#8221; link=&#8221;https:\/\/web.editorialteide.com\/ca\/producte\/elemental-b1-valencia-2019\/&#8221;][\/vc_column_inner][vc_column_inner width=&#8221;1\/5&#8243; css=&#8221;.vc_custom_1558609130684{background-color: #dddddd !important;}&#8221;][vc_single_image image=&#8221;113958&#8243; img_size=&#8221;142&#215;187&#8243; add_caption=&#8221;yes&#8221; alignment=&#8221;center&#8221; style=&#8221;vc_box_shadow_3d&#8221; onclick=&#8221;custom_link&#8221; link=&#8221;https:\/\/web.editorialteide.com\/ca\/producte\/intermedi-b2-valencia-2019\/&#8221;][\/vc_column_inner][vc_column_inner width=&#8221;1\/5&#8243; css=&#8221;.vc_custom_1558609101640{background-color: #dddddd !important;}&#8221;][vc_single_image image=&#8221;113970&#8243; img_size=&#8221;142&#215;187&#8243; add_caption=&#8221;yes&#8221; alignment=&#8221;center&#8221; style=&#8221;vc_box_shadow_3d&#8221; onclick=&#8221;custom_link&#8221; link=&#8221;https:\/\/web.editorialteide.com\/ca\/producte\/10-examens-nivell-c1-valencia-2019\/&#8221;][\/vc_column_inner][vc_column_inner width=&#8221;1\/5&#8243; css=&#8221;.vc_custom_1582728509637{background-color: #dddddd !important;}&#8221;][vc_single_image image=&#8221;115069&#8243; img_size=&#8221;142&#215;187&#8243; add_caption=&#8221;yes&#8221; alignment=&#8221;center&#8221; style=&#8221;vc_box_shadow_3d&#8221; onclick=&#8221;custom_link&#8221; link=&#8221;https:\/\/web.editorialteide.com\/ca\/producte\/10-examens-valencia-c2-2019\/&#8221;][\/vc_column_inner][\/vc_row_inner][\/vc_tta_section][\/vc_tta_pageable][\/vc_column][\/vc_row][vc_row equal_height=&#8221;yes&#8221;][vc_column css=&#8221;.vc_custom_1709819783109{padding-right: 25px !important;padding-left: 25px !important;}&#8221;][vc_empty_space height=&#8221;50px&#8221;][vc_gallery type=&#8221;image_grid&#8221; images=&#8221;85600,85598,85612,85602,85606,85610&#8243; img_size=&#8221;142&#215;187&#8243; onclick=&#8221;custom_link&#8221; custom_links=&#8221;#E-8_aHR0cCUzQSUyRiUyRndlYi5lZGl0b3JpYWx0ZWlkZS5jb20lMkYlMkZjYSUyRnByb2R1Y3RlJTJGYWN0aXZpdGF0cy1jYXRhbGEtYmFzaWMtYTItY2F0YWxhLXBlci1hZHVsdHMlMkYlMkNodHRwJTNBJTJGJTJGd2ViLmVkaXRvcmlhbHRlaWRlLmNvbSUyRiUyRmNhJTJGcHJvZHVjdGUlMkZhY3Rpdml0YXRzLWdyYW1hdGljYS1lbGVtZW50YWwtYjFjYXRhbGEtYWR1bHRzJTJGJTJDaHR0cCUzQSUyRiUyRndlYi5lZGl0b3JpYWx0ZWlkZS5jb20lMkYlMkZjYSUyRnByb2R1Y3RlJTJGc3VmaWNpZW5jaWEtYzEtY2F0YWxhLXBlci1hZHVsdHMlMkYlMkNodHRwJTNBJTJGJTJGd2ViLmVkaXRvcmlhbHRlaWRlLmNvbSUyRiUyRmNhJTJGcHJvZHVjdGUlMkZlbC10cmFtcG9saS1jYXRhbGEtcGVyLWFkdWx0cyUyRiUyQ2h0dHAlM0ElMkYlMkZ3ZWIuZWRpdG9yaWFsdGVpZGUuY29tJTJGJTJGY2ElMkZwcm9kdWN0ZSUyRmNvbS1kb21pbmFyLWVsLW5pdmVsbC1jYXRhbGEtcGVyLWFkdWx0cyUyRiUyQ2h0dHAlM0ElMkYlMkZ3ZWIuZWRpdG9yaWFsdGVpZGUuY29tJTJGJTJGY2ElMkZwcm9kdWN0ZSUyRmdyYW1hdGljYS1wcmFjdGljYS1kZWwtY2F0YWxhLWNhdGFsYS1wZXItYWR1bHRzJTJG&#8221; title=&#8221;M\u00e9s material disponible&#8221;][vc_empty_space height=&#8221;50px&#8221;][\/vc_column][\/vc_row]<\/p>\n","protected":false},"excerpt":{"rendered":"<p>[vc_row][vc_column][vc_column_text]Els llibres de llengua per a adults s\u00f3n una proposta d\u2019aprenentatge per tasques que t\u00e9 en compte les programacions de la Direcci\u00f3 General de Pol\u00edtica Ling\u00fc\u00edstica i abra\u00e7a els nivells A1, A2, B1, B2, C1 i C2 del Marc europeu com\u00fa de refer\u00e8ncia per a les lleng\u00fces. Seguint les indicacions del Marc Europeu, els llibres &hellip; <a href=\"https:\/\/web.editorialteide.com\/ca\/catala-per-a-adults\/\">Llegir m\u00e9s<\/a><\/p>\n","protected":false},"author":3,"featured_media":0,"parent":0,"menu_order":0,"comment_status":"closed","ping_status":"closed","template":"","meta":{"footnotes":"","_links_to":"","_links_to_target":""},"class_list":["post-2886","page","type-page","status-publish","hentry"],"_links":{"self":[{"href":"https:\/\/web.editorialteide.com\/ca\/wp-json\/wp\/v2\/pages\/2886","targetHints":{"allow":["GET"]}}],"collection":[{"href":"https:\/\/web.editorialteide.com\/ca\/wp-json\/wp\/v2\/pages"}],"about":[{"href":"https:\/\/web.editorialteide.com\/ca\/wp-json\/wp\/v2\/types\/page"}],"author":[{"embeddable":true,"href":"https:\/\/web.editorialteide.com\/ca\/wp-json\/wp\/v2\/users\/3"}],"replies":[{"embeddable":true,"href":"https:\/\/web.editorialteide.com\/ca\/wp-json\/wp\/v2\/comments?post=2886"}],"version-history":[{"count":24,"href":"https:\/\/web.editorialteide.com\/ca\/wp-json\/wp\/v2\/pages\/2886\/revisions"}],"predecessor-version":[{"id":175518,"href":"https:\/\/web.editorialteide.com\/ca\/wp-json\/wp\/v2\/pages\/2886\/revisions\/175518"}],"wp:attachment":[{"href":"https:\/\/web.editorialteide.com\/ca\/wp-json\/wp\/v2\/media?parent=2886"}],"curies":[{"name":"wp","href":"https:\/\/api.w.org\/{rel}","templated":true}]}}

<p>[vc_row][vc_column][vc_column_text]<span style="font-size: 16px;">Els llibres de <span style="color: #333333; font-size: 20px;"><strong>llengua</strong> <strong>per a adults</strong> </span>són una proposta d’aprenentatge per tasques que té en compte les programacions de la Direcció General de Política Lingüística i abraça els nivells A1, A2, B1, B2, C1 i C2 del <span style="color: #333333;"><strong>Marc europeu comú de referència per a les llengües</strong></span></span>.</p>
<p><span style="font-size: 16px;">Seguint les indicacions del Marc Europeu, els llibres parteixen de la idea que els aprenents són, sobretot, <strong><span style="color: #333333;">agents socials</span></strong> que van creixent en capacitat de participació i de compromís amb la llengua a mesura que creixen també en domini lingüístic. Tots els materials, doncs, estan encaminats a promoure, entre els aprenents, l&#8217;ús social de la llengua.</span>[/vc_column_text][vc_tta_pageable no_fill_content_area=&#8221;1&#8243; active_section=&#8221;1&#8243; pagination_style=&#8221;&#8221; title=&#8221;NOUS MATERIALS&#8221;][vc_tta_section title=&#8221;Sección 1&#8243; tab_id=&#8221;1558366511254-12094a62-7348&#8243;][vc_row_inner equal_height=&#8221;yes&#8221; rtl_reverse=&#8221;yes&#8221; content_placement=&#8221;middle&#8221; gap=&#8221;10&#8243; css=&#8221;.vc_custom_1583426927387{padding-right: 25px !important;padding-left: 25px !important;}&#8221;][vc_column_inner width=&#8221;1/5&#8243; css=&#8221;.vc_custom_1558609101640{background-color: #dddddd !important;}&#8221;][vc_single_image image=&#8221;128138&#8243; img_size=&#8221;142&#215;187&#8243; add_caption=&#8221;yes&#8221; alignment=&#8221;center&#8221; style=&#8221;vc_box_shadow_3d&#8221; onclick=&#8221;custom_link&#8221; link=&#8221;https://web.editorialteide.com/ca/producte/catala-inicial-a1-2019/&#8221;][/vc_column_inner][vc_column_inner width=&#8221;1/5&#8243; css=&#8221;.vc_custom_1558609130684{background-color: #dddddd !important;}&#8221;][vc_single_image image=&#8221;114767&#8243; img_size=&#8221;142&#215;187&#8243; add_caption=&#8221;yes&#8221; alignment=&#8221;center&#8221; style=&#8221;vc_box_shadow_3d&#8221; onclick=&#8221;custom_link&#8221; link=&#8221;https://web.editorialteide.com/ca/producte/catala-basic-a2-trampoli2019/&#8221;][/vc_column_inner][vc_column_inner width=&#8221;1/5&#8243; css=&#8221;.vc_custom_1582728509637{background-color: #dddddd !important;}&#8221;][vc_single_image image=&#8221;138908&#8243; img_size=&#8221;142&#215;187&#8243; add_caption=&#8221;yes&#8221; alignment=&#8221;center&#8221; style=&#8221;vc_box_shadow_3d&#8221; onclick=&#8221;custom_link&#8221; link=&#8221;https://web.editorialteide.com/ca/producte/catala-elemental-b1-2020/&#8221;][/vc_column_inner][vc_column_inner width=&#8221;1/5&#8243; css=&#8221;.vc_custom_1558609144192{background-color: #dddddd !important;}&#8221;][vc_single_image image=&#8221;138909&#8243; img_size=&#8221;142&#215;187&#8243; add_caption=&#8221;yes&#8221; alignment=&#8221;center&#8221; style=&#8221;vc_box_shadow_3d&#8221; onclick=&#8221;custom_link&#8221; link=&#8221;https://web.editorialteide.com/ca/producte/catala-intermedi-b2-2020/&#8221;][/vc_column_inner][vc_column_inner width=&#8221;1/5&#8243; css=&#8221;.vc_custom_1582728524181{background-color: #dddddd !important;}&#8221;][vc_single_image image=&#8221;175515&#8243; img_size=&#8221;142&#215;187&#8243; add_caption=&#8221;yes&#8221; alignment=&#8221;center&#8221; style=&#8221;vc_box_shadow_3d&#8221; onclick=&#8221;custom_link&#8221;][/vc_column_inner][/vc_row_inner][vc_row_inner equal_height=&#8221;yes&#8221; rtl_reverse=&#8221;yes&#8221; content_placement=&#8221;middle&#8221; gap=&#8221;10&#8243; css=&#8221;.vc_custom_1583426927387{padding-right: 25px !important;padding-left: 25px !important;}&#8221;][vc_column_inner width=&#8221;1/5&#8243; css=&#8221;.vc_custom_1582728524181{background-color: #dddddd !important;}&#8221;][vc_single_image image=&#8221;174815&#8243; img_size=&#8221;142&#215;187&#8243; add_caption=&#8221;yes&#8221; alignment=&#8221;center&#8221; style=&#8221;vc_box_shadow_3d&#8221; onclick=&#8221;custom_link&#8221; link=&#8221;https://web.editorialteide.com/ca/producte/catala-c2-edicio-2024/&#8221;][/vc_column_inner][vc_column_inner width=&#8221;1/5&#8243; css=&#8221;.vc_custom_1558609101640{background-color: #dddddd !important;}&#8221;][vc_single_image image=&#8221;128140&#8243; img_size=&#8221;142&#215;187&#8243; add_caption=&#8221;yes&#8221; alignment=&#8221;center&#8221; style=&#8221;vc_box_shadow_3d&#8221; onclick=&#8221;custom_link&#8221; link=&#8221;https://web.editorialteide.com/ca/producte/10-examens-de-nivell-elemental-b1-catala-2019/&#8221;][/vc_column_inner][vc_column_inner width=&#8221;1/5&#8243; css=&#8221;.vc_custom_1558609130684{background-color: #dddddd !important;}&#8221;][vc_single_image image=&#8221;131094&#8243; img_size=&#8221;142&#215;187&#8243; add_caption=&#8221;yes&#8221; alignment=&#8221;center&#8221; style=&#8221;vc_box_shadow_3d&#8221; onclick=&#8221;custom_link&#8221; link=&#8221;https://web.editorialteide.com/ca/producte/10-examens-de-catala-b2-2019/&#8221;][/vc_column_inner][vc_column_inner width=&#8221;1/5&#8243; css=&#8221;.vc_custom_1582728509637{background-color: #dddddd !important;}&#8221;][vc_single_image image=&#8221;164208&#8243; img_size=&#8221;142&#215;187&#8243; add_caption=&#8221;yes&#8221; alignment=&#8221;center&#8221; style=&#8221;vc_box_shadow_3d&#8221; onclick=&#8221;custom_link&#8221; link=&#8221;https://web.editorialteide.com/ca/producte/10-examens-de-catala-c1/&#8221;][/vc_column_inner][vc_column_inner width=&#8221;1/5&#8243; css=&#8221;.vc_custom_1558609144192{background-color: #dddddd !important;}&#8221;][vc_single_image image=&#8221;175516&#8243; img_size=&#8221;142&#215;187&#8243; add_caption=&#8221;yes&#8221; alignment=&#8221;center&#8221; style=&#8221;vc_box_shadow_3d&#8221; onclick=&#8221;custom_link&#8221;][/vc_column_inner][/vc_row_inner][vc_row_inner equal_height=&#8221;yes&#8221; rtl_reverse=&#8221;yes&#8221; content_placement=&#8221;middle&#8221; gap=&#8221;10&#8243; css=&#8221;.vc_custom_1583426927387{padding-right: 25px !important;padding-left: 25px !important;}&#8221;][vc_column_inner width=&#8221;1/5&#8243; css=&#8221;.vc_custom_1558609144192{background-color: #dddddd !important;}&#8221;][vc_single_image image=&#8221;164207&#8243; img_size=&#8221;142&#215;187&#8243; add_caption=&#8221;yes&#8221; alignment=&#8221;center&#8221; style=&#8221;vc_box_shadow_3d&#8221; onclick=&#8221;custom_link&#8221; link=&#8221;https://web.editorialteide.com/ca/producte/10-examens-de-catala-c2/&#8221;][/vc_column_inner][vc_column_inner width=&#8221;1/5&#8243; css=&#8221;.vc_custom_1582728524181{background-color: #dddddd !important;}&#8221;][vc_single_image image=&#8221;113957&#8243; img_size=&#8221;142&#215;187&#8243; add_caption=&#8221;yes&#8221; alignment=&#8221;center&#8221; style=&#8221;vc_box_shadow_3d&#8221; onclick=&#8221;custom_link&#8221; link=&#8221;https://web.editorialteide.com/ca/producte/elemental-b1-valencia-2019/&#8221;][/vc_column_inner][vc_column_inner width=&#8221;1/5&#8243; css=&#8221;.vc_custom_1558609130684{background-color: #dddddd !important;}&#8221;][vc_single_image image=&#8221;113958&#8243; img_size=&#8221;142&#215;187&#8243; add_caption=&#8221;yes&#8221; alignment=&#8221;center&#8221; style=&#8221;vc_box_shadow_3d&#8221; onclick=&#8221;custom_link&#8221; link=&#8221;https://web.editorialteide.com/ca/producte/intermedi-b2-valencia-2019/&#8221;][/vc_column_inner][vc_column_inner width=&#8221;1/5&#8243; css=&#8221;.vc_custom_1558609101640{background-color: #dddddd !important;}&#8221;][vc_single_image image=&#8221;113970&#8243; img_size=&#8221;142&#215;187&#8243; add_caption=&#8221;yes&#8221; alignment=&#8221;center&#8221; style=&#8221;vc_box_shadow_3d&#8221; onclick=&#8221;custom_link&#8221; link=&#8221;https://web.editorialteide.com/ca/producte/10-examens-nivell-c1-valencia-2019/&#8221;][/vc_column_inner][vc_column_inner width=&#8221;1/5&#8243; css=&#8221;.vc_custom_1582728509637{background-color: #dddddd !important;}&#8221;][vc_single_image image=&#8221;115069&#8243; img_size=&#8221;142&#215;187&#8243; add_caption=&#8221;yes&#8221; alignment=&#8221;center&#8221; style=&#8221;vc_box_shadow_3d&#8221; onclick=&#8221;custom_link&#8221; link=&#8221;https://web.editorialteide.com/ca/producte/10-examens-valencia-c2-2019/&#8221;][/vc_column_inner][/vc_row_inner][/vc_tta_section][/vc_tta_pageable][/vc_column][/vc_row][vc_row equal_height=&#8221;yes&#8221;][vc_column css=&#8221;.vc_custom_1709819783109{padding-right: 25px !important;padding-left: 25px !important;}&#8221;][vc_empty_space height=&#8221;50px&#8221;][vc_gallery type=&#8221;image_grid&#8221; images=&#8221;85600,85598,85612,85602,85606,85610&#8243; img_size=&#8221;142&#215;187&#8243; onclick=&#8221;custom_link&#8221; custom_links=&#8221;#E-8_aHR0cCUzQSUyRiUyRndlYi5lZGl0b3JpYWx0ZWlkZS5jb20lMkYlMkZjYSUyRnByb2R1Y3RlJTJGYWN0aXZpdGF0cy1jYXRhbGEtYmFzaWMtYTItY2F0YWxhLXBlci1hZHVsdHMlMkYlMkNodHRwJTNBJTJGJTJGd2ViLmVkaXRvcmlhbHRlaWRlLmNvbSUyRiUyRmNhJTJGcHJvZHVjdGUlMkZhY3Rpdml0YXRzLWdyYW1hdGljYS1lbGVtZW50YWwtYjFjYXRhbGEtYWR1bHRzJTJGJTJDaHR0cCUzQSUyRiUyRndlYi5lZGl0b3JpYWx0ZWlkZS5jb20lMkYlMkZjYSUyRnByb2R1Y3RlJTJGc3VmaWNpZW5jaWEtYzEtY2F0YWxhLXBlci1hZHVsdHMlMkYlMkNodHRwJTNBJTJGJTJGd2ViLmVkaXRvcmlhbHRlaWRlLmNvbSUyRiUyRmNhJTJGcHJvZHVjdGUlMkZlbC10cmFtcG9saS1jYXRhbGEtcGVyLWFkdWx0cyUyRiUyQ2h0dHAlM0ElMkYlMkZ3ZWIuZWRpdG9yaWFsdGVpZGUuY29tJTJGJTJGY2ElMkZwcm9kdWN0ZSUyRmNvbS1kb21pbmFyLWVsLW5pdmVsbC1jYXRhbGEtcGVyLWFkdWx0cyUyRiUyQ2h0dHAlM0ElMkYlMkZ3ZWIuZWRpdG9yaWFsdGVpZGUuY29tJTJGJTJGY2ElMkZwcm9kdWN0ZSUyRmdyYW1hdGljYS1wcmFjdGljYS1kZWwtY2F0YWxhLWNhdGFsYS1wZXItYWR1bHRzJTJG&#8221; title=&#8221;Més material disponible&#8221;][vc_empty_space height=&#8221;50px&#8221;][/vc_column][/vc_row]</p>

<p>[vc_row][vc_column][vc_column_text]Els llibres de llengua per a adults són una proposta d’aprenentatge per tasques que té en compte les programacions de la Direcció General de Política Lingüística i abraça els nivells A1, A2, B1, B2, C1 i C2 del Marc europeu comú de referència per a les llengües. Seguint les indicacions del Marc Europeu, els llibres &hellip; <a href="https://web.editorialteide.com/ca/catala-per-a-adults/">Llegir més</a></p>
