{"id":86806,"date":"2017-03-09T08:36:58","date_gmt":"2017-03-09T08:36:58","guid":{"rendered":"http:\/\/web.editorialteide.com\/batxillerat\/historia-de-lart\/"},"modified":"2021-10-26T15:49:34","modified_gmt":"2021-10-26T14:49:34","slug":"historia-de-lart","status":"publish","type":"page","link":"https:\/\/web.editorialteide.com\/ca\/batxillerat\/historia-de-lart\/","title":{"rendered":"HIST\u00d2RIA DE L&#8217;ART"},"content":{"rendered":"<p>[vc_row][vc_column][vc_tta_pageable][vc_tta_section title=&#8221;Secci\u00f3n 1&#8243; tab_id=&#8221;1559141764740-b9348575-c98e&#8221;][vc_column_text]<\/p>\n<h1><strong>\u00c0rea d&#8217;Hist\u00f2ria de l&#8217;Art de Batxillerat<\/strong><\/h1>\n<p>[\/vc_column_text][vc_row_inner][vc_column_inner][vc_column_text]<span style=\"font-size: 28px;\">MATERIAL DE L&#8217;ALUMNE<\/span><\/p>\n<p style=\"text-align: justify;\"><span style=\"font-size: 16px;\"><img loading=\"lazy\" decoding=\"async\" class=\"alignnone size-full wp-image-115265\" src=\"http:\/\/web.editorialteide.com\/wp-content\/uploads\/2019\/05\/baseline_local_library_black_18dp.png\" alt=\"\" width=\"18\" height=\"18\" \/> Quatre llibres per a l&#8217;estudi de la hist\u00f2ria de l&#8217;art dividits en \u00e8poca antiga i cl\u00e0ssica, \u00e8poca medieval, \u00e8poca moderna i \u00e8poca contempor\u00e0nia.<\/span><\/p>\n<p style=\"text-align: justify;\"><span style=\"font-size: 16px;\"><img loading=\"lazy\" decoding=\"async\" class=\"alignnone size-full wp-image-115269\" src=\"http:\/\/web.editorialteide.com\/wp-content\/uploads\/2019\/05\/baseline_tablet_android_black_18dp.png\" alt=\"\" width=\"18\" height=\"18\" \/> Cadascun d&#8217;aquests llibres permet l&#8217;acc\u00e9s a l&#8217;espai <span style=\"color: #333333;\"><a style=\"color: #333333;\" href=\"http:\/\/mondigital.editorialteide.com\/\"><strong>m\u00f3ndigital.com<\/strong><\/a><\/span>, on trobar\u00e0s un seguit de materials que els complementen, com ara fitxes de selectivitat en format digital i recursos digitals per al treball de cada unitat.<\/span><\/p>\n<p>[\/vc_column_text][\/vc_column_inner][\/vc_row_inner][vc_row_inner equal_height=&#8221;yes&#8221; gap=&#8221;5&#8243;][vc_column_inner width=&#8221;1\/4&#8243; css=&#8221;.vc_custom_1635259656627{background-color: #dddddd !important;border-radius: 5px !important;}&#8221;][vc_single_image image=&#8221;109653&#8243; img_size=&#8221;190&#215;247&#8243; add_caption=&#8221;yes&#8221; alignment=&#8221;center&#8221; style=&#8221;vc_box_shadow_3d&#8221; onclick=&#8221;custom_link&#8221; link=&#8221;http:\/\/web.editorialteide.com\/\/ca\/producte\/mosaic-i-historia-de-lart-2-batxillerat-2016\/&#8221;][\/vc_column_inner][vc_column_inner width=&#8221;1\/4&#8243; css=&#8221;.vc_custom_1635256802893{background-color: #dddddd !important;border-radius: 5px !important;}&#8221;][vc_single_image image=&#8221;109655&#8243; img_size=&#8221;190&#215;247&#8243; add_caption=&#8221;yes&#8221; alignment=&#8221;center&#8221; style=&#8221;vc_box_shadow_3d&#8221; onclick=&#8221;custom_link&#8221; link=&#8221;http:\/\/web.editorialteide.com\/\/ca\/producte\/mosaic-ii-historia-de-lart-2-batxillerat-2016\/&#8221;][\/vc_column_inner][vc_column_inner width=&#8221;1\/4&#8243; css=&#8221;.vc_custom_1635256813046{background-color: #dddddd !important;border-radius: 5px !important;}&#8221;][vc_single_image image=&#8221;109657&#8243; img_size=&#8221;190&#215;247&#8243; add_caption=&#8221;yes&#8221; alignment=&#8221;center&#8221; style=&#8221;vc_box_shadow_3d&#8221; onclick=&#8221;custom_link&#8221; link=&#8221;http:\/\/web.editorialteide.com\/\/ca\/producte\/mosaic-iii-historia-de-lart-2-batxillerat-2016\/&#8221;][\/vc_column_inner][vc_column_inner width=&#8221;1\/4&#8243; css=&#8221;.vc_custom_1635256824070{background-color: #dddddd !important;border-radius: 5px !important;}&#8221;][vc_single_image image=&#8221;109659&#8243; img_size=&#8221;190&#215;247&#8243; add_caption=&#8221;yes&#8221; alignment=&#8221;center&#8221; style=&#8221;vc_box_shadow_3d&#8221; onclick=&#8221;custom_link&#8221; link=&#8221;http:\/\/web.editorialteide.com\/\/ca\/producte\/mosaic-iv-historia-de-lart-2-batxillerat-2016\/&#8221;][\/vc_column_inner][\/vc_row_inner][\/vc_tta_section][\/vc_tta_pageable][\/vc_column][\/vc_row]<\/p>\n","protected":false},"excerpt":{"rendered":"<p>[vc_row][vc_column][vc_tta_pageable][vc_tta_section title=&#8221;Secci\u00f3n 1&#8243; tab_id=&#8221;1559141764740-b9348575-c98e&#8221;][vc_column_text] \u00c0rea d&#8217;Hist\u00f2ria de l&#8217;Art de Batxillerat [\/vc_column_text][vc_row_inner][vc_column_inner][vc_column_text]MATERIAL DE L&#8217;ALUMNE Quatre llibres per a l&#8217;estudi de la hist\u00f2ria de l&#8217;art dividits en \u00e8poca antiga i cl\u00e0ssica, \u00e8poca medieval, \u00e8poca moderna i \u00e8poca contempor\u00e0nia. Cadascun d&#8217;aquests llibres permet l&#8217;acc\u00e9s a l&#8217;espai m\u00f3ndigital.com, on trobar\u00e0s un seguit de materials que els complementen, com ara &hellip; <a href=\"https:\/\/web.editorialteide.com\/ca\/batxillerat\/historia-de-lart\/\">Llegir m\u00e9s<\/a><\/p>\n","protected":false},"author":3,"featured_media":0,"parent":2308,"menu_order":0,"comment_status":"closed","ping_status":"closed","template":"","meta":{"footnotes":"","_links_to":"","_links_to_target":""},"class_list":["post-86806","page","type-page","status-publish","hentry"],"_links":{"self":[{"href":"https:\/\/web.editorialteide.com\/ca\/wp-json\/wp\/v2\/pages\/86806","targetHints":{"allow":["GET"]}}],"collection":[{"href":"https:\/\/web.editorialteide.com\/ca\/wp-json\/wp\/v2\/pages"}],"about":[{"href":"https:\/\/web.editorialteide.com\/ca\/wp-json\/wp\/v2\/types\/page"}],"author":[{"embeddable":true,"href":"https:\/\/web.editorialteide.com\/ca\/wp-json\/wp\/v2\/users\/3"}],"replies":[{"embeddable":true,"href":"https:\/\/web.editorialteide.com\/ca\/wp-json\/wp\/v2\/comments?post=86806"}],"version-history":[{"count":2,"href":"https:\/\/web.editorialteide.com\/ca\/wp-json\/wp\/v2\/pages\/86806\/revisions"}],"predecessor-version":[{"id":158717,"href":"https:\/\/web.editorialteide.com\/ca\/wp-json\/wp\/v2\/pages\/86806\/revisions\/158717"}],"up":[{"embeddable":true,"href":"https:\/\/web.editorialteide.com\/ca\/wp-json\/wp\/v2\/pages\/2308"}],"wp:attachment":[{"href":"https:\/\/web.editorialteide.com\/ca\/wp-json\/wp\/v2\/media?parent=86806"}],"curies":[{"name":"wp","href":"https:\/\/api.w.org\/{rel}","templated":true}]}}

HISTÒRIA DE L&#8217;ART

<p>[vc_row][vc_column][vc_tta_pageable][vc_tta_section title=&#8221;Sección 1&#8243; tab_id=&#8221;1559141764740-b9348575-c98e&#8221;][vc_column_text]</p>
<h1><strong>Àrea d&#8217;Història de l&#8217;Art de Batxillerat</strong></h1>
<p>[/vc_column_text][vc_row_inner][vc_column_inner][vc_column_text]<span style="font-size: 28px;">MATERIAL DE L&#8217;ALUMNE</span></p>
<p style="text-align: justify;"><span style="font-size: 16px;"><img loading="lazy" decoding="async" class="alignnone size-full wp-image-115265" src="http://web.editorialteide.com/wp-content/uploads/2019/05/baseline_local_library_black_18dp.png" alt="" width="18" height="18" /> Quatre llibres per a l&#8217;estudi de la història de l&#8217;art dividits en època antiga i clàssica, època medieval, època moderna i època contemporània.</span></p>
<p style="text-align: justify;"><span style="font-size: 16px;"><img loading="lazy" decoding="async" class="alignnone size-full wp-image-115269" src="http://web.editorialteide.com/wp-content/uploads/2019/05/baseline_tablet_android_black_18dp.png" alt="" width="18" height="18" /> Cadascun d&#8217;aquests llibres permet l&#8217;accés a l&#8217;espai <span style="color: #333333;"><a style="color: #333333;" href="http://mondigital.editorialteide.com/"><strong>móndigital.com</strong></a></span>, on trobaràs un seguit de materials que els complementen, com ara fitxes de selectivitat en format digital i recursos digitals per al treball de cada unitat.</span></p>
<p>[/vc_column_text][/vc_column_inner][/vc_row_inner][vc_row_inner equal_height=&#8221;yes&#8221; gap=&#8221;5&#8243;][vc_column_inner width=&#8221;1/4&#8243; css=&#8221;.vc_custom_1635259656627{background-color: #dddddd !important;border-radius: 5px !important;}&#8221;][vc_single_image image=&#8221;109653&#8243; img_size=&#8221;190&#215;247&#8243; add_caption=&#8221;yes&#8221; alignment=&#8221;center&#8221; style=&#8221;vc_box_shadow_3d&#8221; onclick=&#8221;custom_link&#8221; link=&#8221;http://web.editorialteide.com//ca/producte/mosaic-i-historia-de-lart-2-batxillerat-2016/&#8221;][/vc_column_inner][vc_column_inner width=&#8221;1/4&#8243; css=&#8221;.vc_custom_1635256802893{background-color: #dddddd !important;border-radius: 5px !important;}&#8221;][vc_single_image image=&#8221;109655&#8243; img_size=&#8221;190&#215;247&#8243; add_caption=&#8221;yes&#8221; alignment=&#8221;center&#8221; style=&#8221;vc_box_shadow_3d&#8221; onclick=&#8221;custom_link&#8221; link=&#8221;http://web.editorialteide.com//ca/producte/mosaic-ii-historia-de-lart-2-batxillerat-2016/&#8221;][/vc_column_inner][vc_column_inner width=&#8221;1/4&#8243; css=&#8221;.vc_custom_1635256813046{background-color: #dddddd !important;border-radius: 5px !important;}&#8221;][vc_single_image image=&#8221;109657&#8243; img_size=&#8221;190&#215;247&#8243; add_caption=&#8221;yes&#8221; alignment=&#8221;center&#8221; style=&#8221;vc_box_shadow_3d&#8221; onclick=&#8221;custom_link&#8221; link=&#8221;http://web.editorialteide.com//ca/producte/mosaic-iii-historia-de-lart-2-batxillerat-2016/&#8221;][/vc_column_inner][vc_column_inner width=&#8221;1/4&#8243; css=&#8221;.vc_custom_1635256824070{background-color: #dddddd !important;border-radius: 5px !important;}&#8221;][vc_single_image image=&#8221;109659&#8243; img_size=&#8221;190&#215;247&#8243; add_caption=&#8221;yes&#8221; alignment=&#8221;center&#8221; style=&#8221;vc_box_shadow_3d&#8221; onclick=&#8221;custom_link&#8221; link=&#8221;http://web.editorialteide.com//ca/producte/mosaic-iv-historia-de-lart-2-batxillerat-2016/&#8221;][/vc_column_inner][/vc_row_inner][/vc_tta_section][/vc_tta_pageable][/vc_column][/vc_row]</p>

<p>[vc_row][vc_column][vc_tta_pageable][vc_tta_section title=&#8221;Sección 1&#8243; tab_id=&#8221;1559141764740-b9348575-c98e&#8221;][vc_column_text] Àrea d&#8217;Història de l&#8217;Art de Batxillerat [/vc_column_text][vc_row_inner][vc_column_inner][vc_column_text]MATERIAL DE L&#8217;ALUMNE Quatre llibres per a l&#8217;estudi de la història de l&#8217;art dividits en època antiga i clàssica, època medieval, època moderna i època contemporània. Cadascun d&#8217;aquests llibres permet l&#8217;accés a l&#8217;espai móndigital.com, on trobaràs un seguit de materials que els complementen, com ara &hellip; <a href="https://web.editorialteide.com/ca/batxillerat/historia-de-lart/">Llegir més</a></p>
