{"id":112683,"date":"2018-10-01T10:39:31","date_gmt":"2018-10-01T09:39:31","guid":{"rendered":"http:\/\/web.editorialteide.com\/producto\/walden-o-la-vida-en-los-bosquesadaptacion-comics\/"},"modified":"2026-03-02T18:51:27","modified_gmt":"2026-03-02T17:51:27","slug":"walden-o-la-vida-en-los-bosquesadaptacion-comics","status":"publish","type":"product","link":"https:\/\/web.editorialteide.com\/ca\/producte\/walden-o-la-vida-en-los-bosquesadaptacion-comics\/","title":{"rendered":"WALDEN O LA VIDA EN LOS BOSQUES(ADAPTACION COMICS)"},"content":{"rendered":"<p>La colecci\u00f3n Dual ampl\u00eda su propuesta de lecturas con <i>Walden o la vida en los bosques<\/i>, un texto \u00fanico de la literatura de pensamiento filos\u00f3fico.<br \/>\nEl escritor A. Garcia Llorca ha adaptado esta obra para acercarla al p\u00fablico escolar, y el resultado es una magn\u00edfica versi\u00f3n escrita con un lenguaje c\u00e1lido y sencillo que captura la esencia de la voz de Henry David Thoreau, hasta el punto de que lo convierte en un personaje literario, sin dejar de ser fiel a la obra original. un libro que explora las ense\u00f1anzas del fil\u00f3sofo del bosque y que est\u00e1 publicado con p\u00e1ginas de c\u00f3mic que plasman, con un estilo naturalista, esa experiencia de la vida en la laguna de Walden.<\/p>\n<h2>Vinculos de inter\u00e9s<\/h2>\n<h3>Unidad 0<\/h3>\n<ul>\n<li><a href=\"https:\/\/www.certicalia.com\/blog\/como-hacer-el-plano-de-una-casa\" target=\"_blank\" rel=\"noopener\">Actividad 20, p\u00e1gina 158. Enlace de consulta<\/a><\/li>\n<li><a href=\"https:\/\/www.walden.org\/walden-film\/\" target=\"_blank\" rel=\"noopener\">Actividad 22, p\u00e1gina 158. Enlace de consulta<\/a><\/li>\n<li><a href=\"https:\/\/www.bto.org\/birdtrends2005\/index.htm\" target=\"_blank\" rel=\"noopener\">Actividad 23, p\u00e1gina 159. Enlace de consulta 1<\/a><\/li>\n<li><a href=\"http:\/\/www.guiaverde.com\/guia_de_plantas\/\" target=\"_blank\" rel=\"noopener\">Actividad 23, p\u00e1gina 159. Enlace de consulta 2<\/a><\/li>\n<li><a href=\"https:\/\/www.bto.org\/birdtrends2005\/index.htm\" target=\"_blank\" rel=\"noopener\">Actividad 24, p\u00e1gina 159. Enlace de consulta<\/a><\/li>\n<\/ul>\n","protected":false},"excerpt":{"rendered":"<p>La colecci\u00f3n Dual ampl\u00eda su propuesta de lecturas con Walden o la vida en los bosques, un texto \u00fanico de la literatura de pensamiento filos\u00f3fico. El escritor A. Garcia Llorca ha adaptado esta obra para acercarla al p\u00fablico escolar, y el resultado es una magn\u00edfica versi\u00f3n escrita con un lenguaje c\u00e1lido y sencillo que captura &hellip; <a href=\"https:\/\/web.editorialteide.com\/ca\/producte\/walden-o-la-vida-en-los-bosquesadaptacion-comics\/\">Llegir m\u00e9s<\/a><\/p>\n","protected":false},"featured_media":112684,"template":"","meta":{"_links_to":"","_links_to_target":""},"product_brand":[],"product_cat":[189,190,191,192,193,194,195,196,198,202,197,203,204,205,206,207,208,209,210,211],"product_tag":[],"class_list":{"0":"post-112683","1":"product","2":"type-product","3":"status-publish","4":"has-post-thumbnail","6":"product_cat-andalucia-ca","7":"product_cat-aragon-ca","8":"product_cat-canarias-ca","9":"product_cat-cantabria-ca","10":"product_cat-castilla-la-mancha-ca","11":"product_cat-castilla-y-leon-ca","12":"product_cat-catalunya-ca","13":"product_cat-ceuta-ca","14":"product_cat-comunidad-de-madrid-ca","15":"product_cat-comunidad-de-valencia-ca","16":"product_cat-comunidad-foral-de-navarra-ca","17":"product_cat-extremadura-ca","18":"product_cat-galicia-ca","19":"product_cat-illes-balears-ca","20":"product_cat-la-rioja-ca","21":"product_cat-mec-ca","22":"product_cat-melilla-ca","23":"product_cat-pais-vasco-ca","24":"product_cat-principado-de-asturias-ca","25":"product_cat-region-de-murcia-ca","26":"pa_asignatura-llengua-castellana-i-literatura-ca","27":"pa_curso-4-eso-ca","28":"pa_format-llibre-text-ca","29":"pa_idioma-castellano-ca","31":"first","32":"instock","33":"taxable","34":"shipping-taxable","35":"purchasable","36":"product-type-simple"},"_links":{"self":[{"href":"https:\/\/web.editorialteide.com\/ca\/wp-json\/wp\/v2\/product\/112683","targetHints":{"allow":["GET"]}}],"collection":[{"href":"https:\/\/web.editorialteide.com\/ca\/wp-json\/wp\/v2\/product"}],"about":[{"href":"https:\/\/web.editorialteide.com\/ca\/wp-json\/wp\/v2\/types\/product"}],"wp:featuredmedia":[{"embeddable":true,"href":"https:\/\/web.editorialteide.com\/ca\/wp-json\/wp\/v2\/media\/112684"}],"wp:attachment":[{"href":"https:\/\/web.editorialteide.com\/ca\/wp-json\/wp\/v2\/media?parent=112683"}],"wp:term":[{"taxonomy":"product_brand","embeddable":true,"href":"https:\/\/web.editorialteide.com\/ca\/wp-json\/wp\/v2\/product_brand?post=112683"},{"taxonomy":"product_cat","embeddable":true,"href":"https:\/\/web.editorialteide.com\/ca\/wp-json\/wp\/v2\/product_cat?post=112683"},{"taxonomy":"product_tag","embeddable":true,"href":"https:\/\/web.editorialteide.com\/ca\/wp-json\/wp\/v2\/product_tag?post=112683"}],"curies":[{"name":"wp","href":"https:\/\/api.w.org\/{rel}","templated":true}]}}

<p>La colección Dual amplía su propuesta de lecturas con <i>Walden o la vida en los bosques</i>, un texto único de la literatura de pensamiento filosófico.<br />
El escritor A. Garcia Llorca ha adaptado esta obra para acercarla al público escolar, y el resultado es una magnífica versión escrita con un lenguaje cálido y sencillo que captura la esencia de la voz de Henry David Thoreau, hasta el punto de que lo convierte en un personaje literario, sin dejar de ser fiel a la obra original. un libro que explora las enseñanzas del filósofo del bosque y que está publicado con páginas de cómic que plasman, con un estilo naturalista, esa experiencia de la vida en la laguna de Walden.</p>
<h2>Vinculos de interés</h2>
<h3>Unidad 0</h3>
<ul>
<li><a href="https://www.certicalia.com/blog/como-hacer-el-plano-de-una-casa" target="_blank" rel="noopener">Actividad 20, página 158. Enlace de consulta</a></li>
<li><a href="https://www.walden.org/walden-film/" target="_blank" rel="noopener">Actividad 22, página 158. Enlace de consulta</a></li>
<li><a href="https://www.bto.org/birdtrends2005/index.htm" target="_blank" rel="noopener">Actividad 23, página 159. Enlace de consulta 1</a></li>
<li><a href="http://www.guiaverde.com/guia_de_plantas/" target="_blank" rel="noopener">Actividad 23, página 159. Enlace de consulta 2</a></li>
<li><a href="https://www.bto.org/birdtrends2005/index.htm" target="_blank" rel="noopener">Actividad 24, página 159. Enlace de consulta</a></li>
</ul>

<p>La colección Dual amplía su propuesta de lecturas con Walden o la vida en los bosques, un texto único de la literatura de pensamiento filosófico. El escritor A. Garcia Llorca ha adaptado esta obra para acercarla al público escolar, y el resultado es una magnífica versión escrita con un lenguaje cálido y sencillo que captura &hellip; <a href="https://web.editorialteide.com/ca/producte/walden-o-la-vida-en-los-bosquesadaptacion-comics/">Llegir més</a></p>
