{"id":113940,"date":"2019-03-19T12:54:20","date_gmt":"2019-03-19T11:54:20","guid":{"rendered":"http:\/\/web.editorialteide.com\/producto\/cuentos-de-mowgli-adaptacion-comics\/"},"modified":"2026-03-02T18:51:22","modified_gmt":"2026-03-02T17:51:22","slug":"cuentos-de-mowgli-adaptacion-comics","status":"publish","type":"product","link":"https:\/\/web.editorialteide.com\/ca\/producte\/cuentos-de-mowgli-adaptacion-comics\/","title":{"rendered":"CUENTOS DE MOWGLI (ADAPTACION COMICS)"},"content":{"rendered":"<p>La Colecci\u00f3n Dual propone en este volumen una selecci\u00f3n de relatos de <i>El libro de la jungla<\/i> que tienen como elemento vertebrador el entra\u00f1able personaje de Mowgli. Nuestra edici\u00f3n incluye las siguientes historias: <<Los hermanos de Mowgli>>, <<La cacer\u00eda de Kaa>>, <<\u00a1El tigre!, \u00a1El tigre!>>, <<La jungla devoradora>>, <<El ankus del rey>> y <<La excursi\u00f3n de primavera>>. El escritor A. Garcia Llorca las ha adaptado pensando en un lector capaz de adentrarse en la jungla dispuesto a descubrir las historias de unas criaturas que le resultar\u00e1n conocidas. Como siempre, una versi\u00f3n de la obra en formato de c\u00f3mic acompa\u00f1a la presente edici\u00f3n.<\/p>\n","protected":false},"excerpt":{"rendered":"<p>La Colecci\u00f3n Dual propone en este volumen una selecci\u00f3n de relatos de El libro de la jungla que tienen como elemento vertebrador el entra\u00f1able personaje de Mowgli. Nuestra edici\u00f3n incluye las siguientes historias: , , , , y . El escritor A. Garcia Llorca las ha adaptado pensando en un lector capaz de adentrarse en &hellip; <a href=\"https:\/\/web.editorialteide.com\/ca\/producte\/cuentos-de-mowgli-adaptacion-comics\/\">Llegir m\u00e9s<\/a><\/p>\n","protected":false},"featured_media":168181,"template":"","meta":{"_links_to":"","_links_to_target":""},"product_brand":[],"product_cat":[189,190,191,192,193,194,195,196,198,202,197,203,204,205,206,208,209,210,211],"product_tag":[],"class_list":{"0":"post-113940","1":"product","2":"type-product","3":"status-publish","4":"has-post-thumbnail","6":"product_cat-andalucia-ca","7":"product_cat-aragon-ca","8":"product_cat-canarias-ca","9":"product_cat-cantabria-ca","10":"product_cat-castilla-la-mancha-ca","11":"product_cat-castilla-y-leon-ca","12":"product_cat-catalunya-ca","13":"product_cat-ceuta-ca","14":"product_cat-comunidad-de-madrid-ca","15":"product_cat-comunidad-de-valencia-ca","16":"product_cat-comunidad-foral-de-navarra-ca","17":"product_cat-extremadura-ca","18":"product_cat-galicia-ca","19":"product_cat-illes-balears-ca","20":"product_cat-la-rioja-ca","21":"product_cat-melilla-ca","22":"product_cat-pais-vasco-ca","23":"product_cat-principado-de-asturias-ca","24":"product_cat-region-de-murcia-ca","25":"pa_asignatura-llengua-castellana-i-literatura","26":"pa_curso-1-eso-ca","27":"pa_format-llibre-text-ca","28":"pa_idioma-castellano-ca","30":"first","31":"instock","32":"taxable","33":"shipping-taxable","34":"purchasable","35":"product-type-simple"},"_links":{"self":[{"href":"https:\/\/web.editorialteide.com\/ca\/wp-json\/wp\/v2\/product\/113940","targetHints":{"allow":["GET"]}}],"collection":[{"href":"https:\/\/web.editorialteide.com\/ca\/wp-json\/wp\/v2\/product"}],"about":[{"href":"https:\/\/web.editorialteide.com\/ca\/wp-json\/wp\/v2\/types\/product"}],"wp:featuredmedia":[{"embeddable":true,"href":"https:\/\/web.editorialteide.com\/ca\/wp-json\/wp\/v2\/media\/168181"}],"wp:attachment":[{"href":"https:\/\/web.editorialteide.com\/ca\/wp-json\/wp\/v2\/media?parent=113940"}],"wp:term":[{"taxonomy":"product_brand","embeddable":true,"href":"https:\/\/web.editorialteide.com\/ca\/wp-json\/wp\/v2\/product_brand?post=113940"},{"taxonomy":"product_cat","embeddable":true,"href":"https:\/\/web.editorialteide.com\/ca\/wp-json\/wp\/v2\/product_cat?post=113940"},{"taxonomy":"product_tag","embeddable":true,"href":"https:\/\/web.editorialteide.com\/ca\/wp-json\/wp\/v2\/product_tag?post=113940"}],"curies":[{"name":"wp","href":"https:\/\/api.w.org\/{rel}","templated":true}]}}

<p>La Colección Dual propone en este volumen una selección de relatos de <i>El libro de la jungla</i> que tienen como elemento vertebrador el entrañable personaje de Mowgli. Nuestra edición incluye las siguientes historias: <<Los hermanos de Mowgli>>, <<La cacería de Kaa>>, <<¡El tigre!, ¡El tigre!>>, <<La jungla devoradora>>, <<El ankus del rey>> y <<La excursión de primavera>>. El escritor A. Garcia Llorca las ha adaptado pensando en un lector capaz de adentrarse en la jungla dispuesto a descubrir las historias de unas criaturas que le resultarán conocidas. Como siempre, una versión de la obra en formato de cómic acompaña la presente edición.</p>

<p>La Colección Dual propone en este volumen una selección de relatos de El libro de la jungla que tienen como elemento vertebrador el entrañable personaje de Mowgli. Nuestra edición incluye las siguientes historias: , , , , y . El escritor A. Garcia Llorca las ha adaptado pensando en un lector capaz de adentrarse en &hellip; <a href="https://web.editorialteide.com/ca/producte/cuentos-de-mowgli-adaptacion-comics/">Llegir més</a></p>
