{"id":128137,"date":"2019-10-30T08:46:22","date_gmt":"2019-10-30T08:46:22","guid":{"rendered":"http:\/\/web.editorialteide.com\/producto\/catala-inicial-a1-2019\/"},"modified":"2026-03-02T18:51:40","modified_gmt":"2026-03-02T17:51:40","slug":"catala-inicial-a1-2019","status":"publish","type":"product","link":"https:\/\/web.editorialteide.com\/ca\/producte\/catala-inicial-a1-2019\/","title":{"rendered":"Catal\u00e0 inicial A1 (2019)"},"content":{"rendered":"<p><span style=\"font-size: 14px;\"><em>Catal\u00e0 A1<\/em> \u00e9s una proposta d&#8217;aprenentatge que t\u00e9 en compte el programa de la Direcci\u00f3 General de Pol\u00edtica Ling\u00fc\u00edstica de la Generalitat de Catalunya i est\u00e0 centrada en l&#8217;acompliment de tasques comunicatives, d&#8217;acord amb l&#8217;enfocament adoptat pel <em>Marc europeu com\u00fa de refer\u00e8ncia per a les lleng\u00fces<\/em>: aprendre, ensenyar, avaluar.<\/span><\/p>\n<h2>Vincles d&#8217;inter\u00e8s<\/h2>\n<ul>\n<li><a href=\"http:\/\/guia.editorialteide.com\/f\/35ee00eb79\/\" target=\"_blank\" rel=\"noopener noreferrer\">Solucionari. Catal\u00e0 A1<\/a><\/li>\n<\/ul>\n","protected":false},"excerpt":{"rendered":"<p>Catal\u00e0 A1 \u00e9s una proposta d&#8217;aprenentatge que t\u00e9 en compte el programa de la Direcci\u00f3 General de Pol\u00edtica Ling\u00fc\u00edstica de la Generalitat de Catalunya i est\u00e0 centrada en l&#8217;acompliment de tasques comunicatives, d&#8217;acord amb l&#8217;enfocament adoptat pel Marc europeu com\u00fa de refer\u00e8ncia per a les lleng\u00fces: aprendre, ensenyar, avaluar. Vincles d&#8217;inter\u00e8s Solucionari. Catal\u00e0 A1<\/p>\n","protected":false},"featured_media":128138,"template":"","meta":{"_links_to":"","_links_to_target":""},"product_brand":[],"product_cat":[195,205],"product_tag":[],"class_list":{"0":"post-128137","1":"product","2":"type-product","3":"status-publish","4":"has-post-thumbnail","6":"product_cat-catalunya-ca","7":"product_cat-illes-balears-ca","8":"pa_asignatura-llengua-ca","9":"pa_format-llibre-text-ca","10":"pa_idioma-catalan-ca","12":"first","13":"instock","14":"taxable","15":"shipping-taxable","16":"purchasable","17":"product-type-simple"},"_links":{"self":[{"href":"https:\/\/web.editorialteide.com\/ca\/wp-json\/wp\/v2\/product\/128137","targetHints":{"allow":["GET"]}}],"collection":[{"href":"https:\/\/web.editorialteide.com\/ca\/wp-json\/wp\/v2\/product"}],"about":[{"href":"https:\/\/web.editorialteide.com\/ca\/wp-json\/wp\/v2\/types\/product"}],"wp:featuredmedia":[{"embeddable":true,"href":"https:\/\/web.editorialteide.com\/ca\/wp-json\/wp\/v2\/media\/128138"}],"wp:attachment":[{"href":"https:\/\/web.editorialteide.com\/ca\/wp-json\/wp\/v2\/media?parent=128137"}],"wp:term":[{"taxonomy":"product_brand","embeddable":true,"href":"https:\/\/web.editorialteide.com\/ca\/wp-json\/wp\/v2\/product_brand?post=128137"},{"taxonomy":"product_cat","embeddable":true,"href":"https:\/\/web.editorialteide.com\/ca\/wp-json\/wp\/v2\/product_cat?post=128137"},{"taxonomy":"product_tag","embeddable":true,"href":"https:\/\/web.editorialteide.com\/ca\/wp-json\/wp\/v2\/product_tag?post=128137"}],"curies":[{"name":"wp","href":"https:\/\/api.w.org\/{rel}","templated":true}]}}

Català inicial A1 (2019)

<p><span style="font-size: 14px;"><em>Català A1</em> és una proposta d&#8217;aprenentatge que té en compte el programa de la Direcció General de Política Lingüística de la Generalitat de Catalunya i està centrada en l&#8217;acompliment de tasques comunicatives, d&#8217;acord amb l&#8217;enfocament adoptat pel <em>Marc europeu comú de referència per a les llengües</em>: aprendre, ensenyar, avaluar.</span></p>
<h2>Vincles d&#8217;interès</h2>
<ul>
<li><a href="http://guia.editorialteide.com/f/35ee00eb79/" target="_blank" rel="noopener noreferrer">Solucionari. Català A1</a></li>
</ul>

<p>Català A1 és una proposta d&#8217;aprenentatge que té en compte el programa de la Direcció General de Política Lingüística de la Generalitat de Catalunya i està centrada en l&#8217;acompliment de tasques comunicatives, d&#8217;acord amb l&#8217;enfocament adoptat pel Marc europeu comú de referència per a les llengües: aprendre, ensenyar, avaluar. Vincles d&#8217;interès Solucionari. Català A1</p>
