{"id":150796,"date":"2020-11-03T10:27:58","date_gmt":"2020-11-03T09:27:58","guid":{"rendered":"http:\/\/web.editorialteide.com\/producto\/la-isla-del-tesoro-c-dual\/"},"modified":"2026-03-02T18:51:52","modified_gmt":"2026-03-02T17:51:52","slug":"la-isla-del-tesoro-c-dual","status":"publish","type":"product","link":"https:\/\/web.editorialteide.com\/ca\/producte\/la-isla-del-tesoro-c-dual\/","title":{"rendered":"Digital. La Isla del Tesoro (Colecci\u00f3n Dual)"},"content":{"rendered":"<p>Con esta adaptaci\u00f3n de <em>La isla del tesoro<\/em> queremos dar a conocer al p\u00fablico juvenil esta extraordinaria novela de una forma amena, con el texto ilustrado en formato de c\u00f3mic que ayudar\u00e1 a despertar la imaginaci\u00f3n de los lectores y a dar todav\u00eda m\u00e1s vida a los personajes de esta historia.<\/p>\n","protected":false},"excerpt":{"rendered":"<p>Con esta adaptaci\u00f3n de La isla del tesoro queremos dar a conocer al p\u00fablico juvenil esta extraordinaria novela de una forma amena, con el texto ilustrado en formato de c\u00f3mic que ayudar\u00e1 a despertar la imaginaci\u00f3n de los lectores y a dar todav\u00eda m\u00e1s vida a los personajes de esta historia.<\/p>\n","protected":false},"featured_media":111933,"template":"","meta":{"_links_to":"","_links_to_target":""},"product_brand":[],"product_cat":[189,190,191,192,193,194,195,196,198,202,197,203,204,205,206,207,208,209,210,211],"product_tag":[],"class_list":{"0":"post-150796","1":"product","2":"type-product","3":"status-publish","4":"has-post-thumbnail","6":"product_cat-andalucia-ca","7":"product_cat-aragon-ca","8":"product_cat-canarias-ca","9":"product_cat-cantabria-ca","10":"product_cat-castilla-la-mancha-ca","11":"product_cat-castilla-y-leon-ca","12":"product_cat-catalunya-ca","13":"product_cat-ceuta-ca","14":"product_cat-comunidad-de-madrid-ca","15":"product_cat-comunidad-de-valencia-ca","16":"product_cat-comunidad-foral-de-navarra-ca","17":"product_cat-extremadura-ca","18":"product_cat-galicia-ca","19":"product_cat-illes-balears-ca","20":"product_cat-la-rioja-ca","21":"product_cat-mec-ca","22":"product_cat-melilla-ca","23":"product_cat-pais-vasco-ca","24":"product_cat-principado-de-asturias-ca","25":"product_cat-region-de-murcia-ca","26":"pa_asignatura-llengua-castellana-i-literatura-ca","27":"pa_format-llibre-digital-ca","28":"pa_idioma-castellano-ca","29":"pa_project-lecturas-eso-ca","31":"first","32":"instock","33":"virtual","34":"taxable","35":"purchasable","36":"product-type-simple"},"_links":{"self":[{"href":"https:\/\/web.editorialteide.com\/ca\/wp-json\/wp\/v2\/product\/150796","targetHints":{"allow":["GET"]}}],"collection":[{"href":"https:\/\/web.editorialteide.com\/ca\/wp-json\/wp\/v2\/product"}],"about":[{"href":"https:\/\/web.editorialteide.com\/ca\/wp-json\/wp\/v2\/types\/product"}],"wp:featuredmedia":[{"embeddable":true,"href":"https:\/\/web.editorialteide.com\/ca\/wp-json\/wp\/v2\/media\/111933"}],"wp:attachment":[{"href":"https:\/\/web.editorialteide.com\/ca\/wp-json\/wp\/v2\/media?parent=150796"}],"wp:term":[{"taxonomy":"product_brand","embeddable":true,"href":"https:\/\/web.editorialteide.com\/ca\/wp-json\/wp\/v2\/product_brand?post=150796"},{"taxonomy":"product_cat","embeddable":true,"href":"https:\/\/web.editorialteide.com\/ca\/wp-json\/wp\/v2\/product_cat?post=150796"},{"taxonomy":"product_tag","embeddable":true,"href":"https:\/\/web.editorialteide.com\/ca\/wp-json\/wp\/v2\/product_tag?post=150796"}],"curies":[{"name":"wp","href":"https:\/\/api.w.org\/{rel}","templated":true}]}}

Digital. La Isla del Tesoro (Colección Dual)

<p>Con esta adaptación de <em>La isla del tesoro</em> queremos dar a conocer al público juvenil esta extraordinaria novela de una forma amena, con el texto ilustrado en formato de cómic que ayudará a despertar la imaginación de los lectores y a dar todavía más vida a los personajes de esta historia.</p>

<p>Con esta adaptación de La isla del tesoro queremos dar a conocer al público juvenil esta extraordinaria novela de una forma amena, con el texto ilustrado en formato de cómic que ayudará a despertar la imaginación de los lectores y a dar todavía más vida a los personajes de esta historia.</p>
