{"id":150856,"date":"2020-11-13T12:53:00","date_gmt":"2020-11-13T11:53:00","guid":{"rendered":"http:\/\/web.editorialteide.com\/producto\/el-conde-de-lucanor-b-t\/"},"modified":"2026-03-02T18:51:50","modified_gmt":"2026-03-02T17:51:50","slug":"el-conde-de-lucanor-b-t","status":"publish","type":"product","link":"https:\/\/web.editorialteide.com\/ca\/producte\/el-conde-de-lucanor-b-t\/","title":{"rendered":"Digital. El conde Lucanor (Biblioteca Teide)"},"content":{"rendered":"<p>Presentamos una adaptaci\u00f3n de <em>El conde Lucanor<\/em> realizada por F. Serra Balaguer. Se trata, sin duda alguna, de una de las obras cumbre de la literatura espa\u00f1ola, y con esta adaptaci\u00f3n pretendemos acercarla a los j\u00f3venes lectores de hoy. Para ello, hemos adaptado todos los cuentos que integran esta obra al castellano actual, respetando al m\u00e1ximo el texto original. Cada cuento presenta la misma f\u00f3rmula ret\u00f3rica: un gran se\u00f1or, el conde Lucanor, habla con su consejero, llamado Patronio, y le pide consejo, y \u00e9ste le responde con una historia a modo de ejemplo.<\/p>\n","protected":false},"excerpt":{"rendered":"<p>Presentamos una adaptaci\u00f3n de El conde Lucanor realizada por F. Serra Balaguer. Se trata, sin duda alguna, de una de las obras cumbre de la literatura espa\u00f1ola, y con esta adaptaci\u00f3n pretendemos acercarla a los j\u00f3venes lectores de hoy. Para ello, hemos adaptado todos los cuentos que integran esta obra al castellano actual, respetando al &hellip; <a href=\"https:\/\/web.editorialteide.com\/ca\/producte\/el-conde-de-lucanor-b-t\/\">Llegir m\u00e9s<\/a><\/p>\n","protected":false},"featured_media":150884,"template":"","meta":{"_links_to":"","_links_to_target":""},"product_brand":[],"product_cat":[189,190,191,192,193,194,195,196,198,202,197,203,204,205,206,207,208,209,210,211],"product_tag":[],"class_list":{"0":"post-150856","1":"product","2":"type-product","3":"status-publish","4":"has-post-thumbnail","6":"product_cat-andalucia-ca","7":"product_cat-aragon-ca","8":"product_cat-canarias-ca","9":"product_cat-cantabria-ca","10":"product_cat-castilla-la-mancha-ca","11":"product_cat-castilla-y-leon-ca","12":"product_cat-catalunya-ca","13":"product_cat-ceuta-ca","14":"product_cat-comunidad-de-madrid-ca","15":"product_cat-comunidad-de-valencia-ca","16":"product_cat-comunidad-foral-de-navarra-ca","17":"product_cat-extremadura-ca","18":"product_cat-galicia-ca","19":"product_cat-illes-balears-ca","20":"product_cat-la-rioja-ca","21":"product_cat-mec-ca","22":"product_cat-melilla-ca","23":"product_cat-pais-vasco-ca","24":"product_cat-principado-de-asturias-ca","25":"product_cat-region-de-murcia-ca","26":"pa_asignatura-llengua-castellana-i-literatura-ca","27":"pa_format-llibre-digital-ca","28":"pa_idioma-castellano-ca","29":"pa_project-lecturas-eso-ca","31":"first","32":"instock","33":"virtual","34":"taxable","35":"purchasable","36":"product-type-simple"},"_links":{"self":[{"href":"https:\/\/web.editorialteide.com\/ca\/wp-json\/wp\/v2\/product\/150856","targetHints":{"allow":["GET"]}}],"collection":[{"href":"https:\/\/web.editorialteide.com\/ca\/wp-json\/wp\/v2\/product"}],"about":[{"href":"https:\/\/web.editorialteide.com\/ca\/wp-json\/wp\/v2\/types\/product"}],"wp:featuredmedia":[{"embeddable":true,"href":"https:\/\/web.editorialteide.com\/ca\/wp-json\/wp\/v2\/media\/150884"}],"wp:attachment":[{"href":"https:\/\/web.editorialteide.com\/ca\/wp-json\/wp\/v2\/media?parent=150856"}],"wp:term":[{"taxonomy":"product_brand","embeddable":true,"href":"https:\/\/web.editorialteide.com\/ca\/wp-json\/wp\/v2\/product_brand?post=150856"},{"taxonomy":"product_cat","embeddable":true,"href":"https:\/\/web.editorialteide.com\/ca\/wp-json\/wp\/v2\/product_cat?post=150856"},{"taxonomy":"product_tag","embeddable":true,"href":"https:\/\/web.editorialteide.com\/ca\/wp-json\/wp\/v2\/product_tag?post=150856"}],"curies":[{"name":"wp","href":"https:\/\/api.w.org\/{rel}","templated":true}]}}

<p>Presentamos una adaptación de <em>El conde Lucanor</em> realizada por F. Serra Balaguer. Se trata, sin duda alguna, de una de las obras cumbre de la literatura española, y con esta adaptación pretendemos acercarla a los jóvenes lectores de hoy. Para ello, hemos adaptado todos los cuentos que integran esta obra al castellano actual, respetando al máximo el texto original. Cada cuento presenta la misma fórmula retórica: un gran señor, el conde Lucanor, habla con su consejero, llamado Patronio, y le pide consejo, y éste le responde con una historia a modo de ejemplo.</p>

<p>Presentamos una adaptación de El conde Lucanor realizada por F. Serra Balaguer. Se trata, sin duda alguna, de una de las obras cumbre de la literatura española, y con esta adaptación pretendemos acercarla a los jóvenes lectores de hoy. Para ello, hemos adaptado todos los cuentos que integran esta obra al castellano actual, respetando al &hellip; <a href="https://web.editorialteide.com/ca/producte/el-conde-de-lucanor-b-t/">Llegir més</a></p>
