{"id":150868,"date":"2020-11-13T12:52:54","date_gmt":"2020-11-13T11:52:54","guid":{"rendered":"http:\/\/web.editorialteide.com\/producto\/moliere-tartuf-o-limpostor-lavar-catb-t\/"},"modified":"2026-03-02T18:51:52","modified_gmt":"2026-03-02T17:51:52","slug":"moliere-tartuf-o-limpostor-lavar-catb-t","status":"publish","type":"product","link":"https:\/\/web.editorialteide.com\/ca\/producte\/moliere-tartuf-o-limpostor-lavar-catb-t\/","title":{"rendered":"Digital. Tartuf o l&#8217;impostor\/L&#8217;avar (Biblioteca Teide)"},"content":{"rendered":"<p><em>Tartuf o l&#8217;impostor<\/em> (1669) i <em>L&#8217;avar<\/em> (1668), dues obres representatives de Moli\u00e8re, qui va ser, sens dubte, un home de teatre total. Coneixia l&#8217;art dram\u00e0tic amb tots els ets i uts, i va consagrar la vida a fer de la com\u00e8dia, com a mirall necess\u00e0riament deformat, una esmolada eina d&#8217;an\u00e0lisi de la complexa i convulsa societat de l&#8217;\u00e8poca.<\/p>\n","protected":false},"excerpt":{"rendered":"<p>Tartuf o l&#8217;impostor (1669) i L&#8217;avar (1668), dues obres representatives de Moli\u00e8re, qui va ser, sens dubte, un home de teatre total. Coneixia l&#8217;art dram\u00e0tic amb tots els ets i uts, i va consagrar la vida a fer de la com\u00e8dia, com a mirall necess\u00e0riament deformat, una esmolada eina d&#8217;an\u00e0lisi de la complexa i convulsa &hellip; <a href=\"https:\/\/web.editorialteide.com\/ca\/producte\/moliere-tartuf-o-limpostor-lavar-catb-t\/\">Llegir m\u00e9s<\/a><\/p>\n","protected":false},"featured_media":150932,"template":"","meta":{"_links_to":"","_links_to_target":""},"product_brand":[],"product_cat":[195,202,205],"product_tag":[],"class_list":{"0":"post-150868","1":"product","2":"type-product","3":"status-publish","4":"has-post-thumbnail","6":"product_cat-catalunya-ca","7":"product_cat-comunidad-de-valencia-ca","8":"product_cat-illes-balears-ca","9":"pa_asignatura-llengua-catalana-i-literatura-ca","10":"pa_format-llibre-digital-ca","11":"pa_idioma-catalan-ca","12":"pa_project-lectures-eso-ca","14":"first","15":"instock","16":"virtual","17":"taxable","18":"purchasable","19":"product-type-simple"},"_links":{"self":[{"href":"https:\/\/web.editorialteide.com\/ca\/wp-json\/wp\/v2\/product\/150868","targetHints":{"allow":["GET"]}}],"collection":[{"href":"https:\/\/web.editorialteide.com\/ca\/wp-json\/wp\/v2\/product"}],"about":[{"href":"https:\/\/web.editorialteide.com\/ca\/wp-json\/wp\/v2\/types\/product"}],"wp:featuredmedia":[{"embeddable":true,"href":"https:\/\/web.editorialteide.com\/ca\/wp-json\/wp\/v2\/media\/150932"}],"wp:attachment":[{"href":"https:\/\/web.editorialteide.com\/ca\/wp-json\/wp\/v2\/media?parent=150868"}],"wp:term":[{"taxonomy":"product_brand","embeddable":true,"href":"https:\/\/web.editorialteide.com\/ca\/wp-json\/wp\/v2\/product_brand?post=150868"},{"taxonomy":"product_cat","embeddable":true,"href":"https:\/\/web.editorialteide.com\/ca\/wp-json\/wp\/v2\/product_cat?post=150868"},{"taxonomy":"product_tag","embeddable":true,"href":"https:\/\/web.editorialteide.com\/ca\/wp-json\/wp\/v2\/product_tag?post=150868"}],"curies":[{"name":"wp","href":"https:\/\/api.w.org\/{rel}","templated":true}]}}

<p><em>Tartuf o l&#8217;impostor</em> (1669) i <em>L&#8217;avar</em> (1668), dues obres representatives de Molière, qui va ser, sens dubte, un home de teatre total. Coneixia l&#8217;art dramàtic amb tots els ets i uts, i va consagrar la vida a fer de la comèdia, com a mirall necessàriament deformat, una esmolada eina d&#8217;anàlisi de la complexa i convulsa societat de l&#8217;època.</p>

<p>Tartuf o l&#8217;impostor (1669) i L&#8217;avar (1668), dues obres representatives de Molière, qui va ser, sens dubte, un home de teatre total. Coneixia l&#8217;art dramàtic amb tots els ets i uts, i va consagrar la vida a fer de la comèdia, com a mirall necessàriament deformat, una esmolada eina d&#8217;anàlisi de la complexa i convulsa &hellip; <a href="https://web.editorialteide.com/ca/producte/moliere-tartuf-o-limpostor-lavar-catb-t/">Llegir més</a></p>
