{"id":150874,"date":"2020-11-13T12:52:52","date_gmt":"2020-11-13T11:52:52","guid":{"rendered":"http:\/\/web.editorialteide.com\/producto\/frankenstein-cat-b-t-2\/"},"modified":"2026-03-02T18:51:52","modified_gmt":"2026-03-02T17:51:52","slug":"frankenstein-cat-b-t-2","status":"publish","type":"product","link":"https:\/\/web.editorialteide.com\/ca\/producte\/frankenstein-cat-b-t-2\/","title":{"rendered":"Digital. Frankenstein (Biblioteca Teide)(CAT)"},"content":{"rendered":"<p><em>Frankenstein<\/em> narra la hist\u00f2ria del doctor Victor Frankenstein i la criatura monstruosa que crea en el seu laboratori. Sota aquesta simplicitat aparent, el relat amaga una xarxa complexa i rica de significats, la qual cosa \u00e9s una mostra tant dels principals debats est\u00e8tics, filos\u00f2fics, cient\u00edfics, socials i pol\u00edtics de l&#8217;\u00e8poca com de les obsessions i problemes de l&#8217;autora, Mary Shelley (1797-1851), que amb aquesta novel\u00b7la se situa entre les millors escriptores de la literatura anglesa.<\/p>\n","protected":false},"excerpt":{"rendered":"<p>Frankenstein narra la hist\u00f2ria del doctor Victor Frankenstein i la criatura monstruosa que crea en el seu laboratori. Sota aquesta simplicitat aparent, el relat amaga una xarxa complexa i rica de significats, la qual cosa \u00e9s una mostra tant dels principals debats est\u00e8tics, filos\u00f2fics, cient\u00edfics, socials i pol\u00edtics de l&#8217;\u00e8poca com de les obsessions i &hellip; <a href=\"https:\/\/web.editorialteide.com\/ca\/producte\/frankenstein-cat-b-t-2\/\">Llegir m\u00e9s<\/a><\/p>\n","protected":false},"featured_media":150952,"template":"","meta":{"_links_to":"","_links_to_target":""},"product_brand":[],"product_cat":[195,202,205],"product_tag":[],"class_list":{"0":"post-150874","1":"product","2":"type-product","3":"status-publish","4":"has-post-thumbnail","6":"product_cat-catalunya-ca","7":"product_cat-comunidad-de-valencia-ca","8":"product_cat-illes-balears-ca","9":"pa_asignatura-llengua-catalana-i-literatura-ca","10":"pa_format-llibre-digital-ca","11":"pa_idioma-catalan-ca","12":"pa_project-lectures-eso-ca","14":"first","15":"instock","16":"virtual","17":"taxable","18":"purchasable","19":"product-type-simple"},"_links":{"self":[{"href":"https:\/\/web.editorialteide.com\/ca\/wp-json\/wp\/v2\/product\/150874","targetHints":{"allow":["GET"]}}],"collection":[{"href":"https:\/\/web.editorialteide.com\/ca\/wp-json\/wp\/v2\/product"}],"about":[{"href":"https:\/\/web.editorialteide.com\/ca\/wp-json\/wp\/v2\/types\/product"}],"wp:featuredmedia":[{"embeddable":true,"href":"https:\/\/web.editorialteide.com\/ca\/wp-json\/wp\/v2\/media\/150952"}],"wp:attachment":[{"href":"https:\/\/web.editorialteide.com\/ca\/wp-json\/wp\/v2\/media?parent=150874"}],"wp:term":[{"taxonomy":"product_brand","embeddable":true,"href":"https:\/\/web.editorialteide.com\/ca\/wp-json\/wp\/v2\/product_brand?post=150874"},{"taxonomy":"product_cat","embeddable":true,"href":"https:\/\/web.editorialteide.com\/ca\/wp-json\/wp\/v2\/product_cat?post=150874"},{"taxonomy":"product_tag","embeddable":true,"href":"https:\/\/web.editorialteide.com\/ca\/wp-json\/wp\/v2\/product_tag?post=150874"}],"curies":[{"name":"wp","href":"https:\/\/api.w.org\/{rel}","templated":true}]}}

<p><em>Frankenstein</em> narra la història del doctor Victor Frankenstein i la criatura monstruosa que crea en el seu laboratori. Sota aquesta simplicitat aparent, el relat amaga una xarxa complexa i rica de significats, la qual cosa és una mostra tant dels principals debats estètics, filosòfics, científics, socials i polítics de l&#8217;època com de les obsessions i problemes de l&#8217;autora, Mary Shelley (1797-1851), que amb aquesta novel·la se situa entre les millors escriptores de la literatura anglesa.</p>

<p>Frankenstein narra la història del doctor Victor Frankenstein i la criatura monstruosa que crea en el seu laboratori. Sota aquesta simplicitat aparent, el relat amaga una xarxa complexa i rica de significats, la qual cosa és una mostra tant dels principals debats estètics, filosòfics, científics, socials i polítics de l&#8217;època com de les obsessions i &hellip; <a href="https://web.editorialteide.com/ca/producte/frankenstein-cat-b-t-2/">Llegir més</a></p>
