{"id":163787,"date":"2022-06-21T14:21:32","date_gmt":"2022-06-21T13:21:32","guid":{"rendered":"https:\/\/web.editorialteide.com\/producto\/la-granja-de-los-animales-adaptacion-comics\/"},"modified":"2026-03-02T18:51:59","modified_gmt":"2026-03-02T17:51:59","slug":"la-granja-de-los-animales-adaptacion-comics","status":"publish","type":"product","link":"https:\/\/web.editorialteide.com\/ca\/producte\/la-granja-de-los-animales-adaptacion-comics\/","title":{"rendered":"La granja de los animales. Colecci\u00f3n Dual"},"content":{"rendered":"","protected":false},"excerpt":{"rendered":"<p>Una noche, el viejo Mayor, un cerdo imponente y muy respetado, convoca a todos los animales de la Granja Solariega a una reuni\u00f3n. En ella convence a sus compa\u00f1eros de lo felices que ser\u00edan si pudieran librarse del dominio de los hombres, y los anima a rebelarse contra ellos. As\u00ed empieza <em>La Granja de los Animales<\/em>, una f\u00e1bula en forma de novela en la que el periodista y escritor brit\u00e1nico George Orwell (1903-1950) trata unos hechos hist\u00f3ricos que marcaron el siglo XX: el totalitarismo sovi\u00e9tico. Acompa\u00f1a a esta nueva edici\u00f3n de la novela una versi\u00f3n en c\u00f3mic para acercar este gran cl\u00e1sico de la literatura a los j\u00f3venes lectores de hoy.<\/p>\n","protected":false},"featured_media":163788,"template":"","meta":{"_links_to":"","_links_to_target":""},"product_brand":[],"product_cat":[189,190,191,192,193,194,195,196,198,202,197,203,204,205,206,207,208,209,210,211],"product_tag":[],"class_list":{"0":"post-163787","1":"product","2":"type-product","3":"status-publish","4":"has-post-thumbnail","6":"product_cat-andalucia-ca","7":"product_cat-aragon-ca","8":"product_cat-canarias-ca","9":"product_cat-cantabria-ca","10":"product_cat-castilla-la-mancha-ca","11":"product_cat-castilla-y-leon-ca","12":"product_cat-catalunya-ca","13":"product_cat-ceuta-ca","14":"product_cat-comunidad-de-madrid-ca","15":"product_cat-comunidad-de-valencia-ca","16":"product_cat-comunidad-foral-de-navarra-ca","17":"product_cat-extremadura-ca","18":"product_cat-galicia-ca","19":"product_cat-illes-balears-ca","20":"product_cat-la-rioja-ca","21":"product_cat-mec-ca","22":"product_cat-melilla-ca","23":"product_cat-pais-vasco-ca","24":"product_cat-principado-de-asturias-ca","25":"product_cat-region-de-murcia-ca","26":"pa_asignatura-llengua-castellana-i-literatura-ca","27":"pa_format-lectura-ca","28":"pa_idioma-castellano-ca","30":"first","31":"instock","32":"taxable","33":"shipping-taxable","34":"purchasable","35":"product-type-simple"},"_links":{"self":[{"href":"https:\/\/web.editorialteide.com\/ca\/wp-json\/wp\/v2\/product\/163787","targetHints":{"allow":["GET"]}}],"collection":[{"href":"https:\/\/web.editorialteide.com\/ca\/wp-json\/wp\/v2\/product"}],"about":[{"href":"https:\/\/web.editorialteide.com\/ca\/wp-json\/wp\/v2\/types\/product"}],"wp:featuredmedia":[{"embeddable":true,"href":"https:\/\/web.editorialteide.com\/ca\/wp-json\/wp\/v2\/media\/163788"}],"wp:attachment":[{"href":"https:\/\/web.editorialteide.com\/ca\/wp-json\/wp\/v2\/media?parent=163787"}],"wp:term":[{"taxonomy":"product_brand","embeddable":true,"href":"https:\/\/web.editorialteide.com\/ca\/wp-json\/wp\/v2\/product_brand?post=163787"},{"taxonomy":"product_cat","embeddable":true,"href":"https:\/\/web.editorialteide.com\/ca\/wp-json\/wp\/v2\/product_cat?post=163787"},{"taxonomy":"product_tag","embeddable":true,"href":"https:\/\/web.editorialteide.com\/ca\/wp-json\/wp\/v2\/product_tag?post=163787"}],"curies":[{"name":"wp","href":"https:\/\/api.w.org\/{rel}","templated":true}]}}

La granja de los animales. Colección Dual

<p>Una noche, el viejo Mayor, un cerdo imponente y muy respetado, convoca a todos los animales de la Granja Solariega a una reunión. En ella convence a sus compañeros de lo felices que serían si pudieran librarse del dominio de los hombres, y los anima a rebelarse contra ellos. Así empieza <em>La Granja de los Animales</em>, una fábula en forma de novela en la que el periodista y escritor británico George Orwell (1903-1950) trata unos hechos históricos que marcaron el siglo XX: el totalitarismo soviético. Acompaña a esta nueva edición de la novela una versión en cómic para acercar este gran clásico de la literatura a los jóvenes lectores de hoy.</p>
