{"id":83073,"date":"2017-06-30T11:25:25","date_gmt":"2017-06-30T10:25:25","guid":{"rendered":"http:\/\/web.editorialteide.com\/producto\/luces-de-bohemia-esperpento-b-a-c\/"},"modified":"2026-03-02T18:51:14","modified_gmt":"2026-03-02T17:51:14","slug":"luces-de-bohemia-esperpento-b-a-c","status":"publish","type":"product","link":"https:\/\/web.editorialteide.com\/ca\/producte\/luces-de-bohemia-esperpento-b-a-c\/","title":{"rendered":"Luces de bohemia (Biblioteca de Autores Cl\u00e1sicos)"},"content":{"rendered":"<p>Nos complace incluir en la colecci\u00f3n Biblioteca de Autores Cl\u00e1sicos una novedosa edici\u00f3n de <i>Luces de bohemia<\/i>, de Ram\u00f3n del Valle-Incl\u00e1n, obra cumbre del creador del esperpento.<br \/>\nLa edici\u00f3n es a cargo de los profesores Marta Cristina Carbonell y Pau Miret Puig e incluye una introducci\u00f3n que analiza la vida y la producci\u00f3n del autor, una cuidadosa edici\u00f3n de la obra con notas a pie de p\u00e1gina y una exhaustiva gu\u00eda con propuestas para el an\u00e1lisis de la misma.<br \/>\nAdem\u00e1s, se acompa\u00f1a de una serie de ilustraciones de Jos\u00e9 Mar\u00eda Casanovas realizadas en exclusiva para esta edici\u00f3n.<\/p>\n<h2>V\u00ednculos de inter\u00e9s<\/h2>\n<ul>\n<li><a href=\"https:\/\/www.youtube.com\/watch?v=0BTorIU0Ao0\" target=\"_blank\" rel=\"noopener noreferrer\">P\u00e1gina 183, Actividad 5<\/a><\/li>\n<li><a href=\"http:\/\/www.rtve.es\/alacarta\/videos\/la-mitad-invisible\/mitad-invisible-luces-bohemia\/2153508\/\" target=\"_blank\" rel=\"noopener noreferrer\">P\u00e1gina 189, Actividad 24<\/a><\/li>\n<li><a href=\"http:\/\/recursostic.educacion.es\/multidisciplinar\/wikididactica\/index.php\/Crear_un_eje_cronol%C3%B3gico\" target=\"_blank\" rel=\"noopener noreferrer\">P\u00e1gina 191, Actividad 29<\/a><\/li>\n<li><a href=\"https:\/\/www.youtube.com\/watch?v=0ehPtGL6uHA\" target=\"_blank\" rel=\"noopener noreferrer\">P\u00e1gina 195, Actividad 42. Enlace de consulta 1<\/a><\/li>\n<li><a href=\"https:\/\/www.youtube.com\/watch?v=atdfV47UeIU\" target=\"_blank\" rel=\"noopener noreferrer\">P\u00e1gina 195, Actividad 42. Enlace de consulta 2<\/a><\/li>\n<li><a href=\"http:\/\/www.rtve.es\/alacarta\/videos\/imprescindibles\/imprescindibles-tertulia-valle-inclan\/1326940\/\" target=\"_blank\" rel=\"noopener noreferrer\">P\u00e1gina 196, Actividad 47<\/a><\/li>\n<li><a href=\"https:\/\/www.youtube.com\/watch?v=UeQJUIk2V00\" target=\"_blank\" rel=\"noopener noreferrer\">P\u00e1gina 198, Actividad 49<\/a><\/li>\n<\/ul>\n","protected":false},"excerpt":{"rendered":"<p>Nos complace incluir en la colecci\u00f3n Biblioteca de Autores Cl\u00e1sicos una novedosa edici\u00f3n de Luces de bohemia, de Ram\u00f3n del Valle-Incl\u00e1n, obra cumbre del creador del esperpento. La edici\u00f3n es a cargo de los profesores Marta Cristina Carbonell y Pau Miret Puig e incluye una introducci\u00f3n que analiza la vida y la producci\u00f3n del autor, &hellip; <a href=\"https:\/\/web.editorialteide.com\/ca\/producte\/luces-de-bohemia-esperpento-b-a-c\/\">Llegir m\u00e9s<\/a><\/p>\n","protected":false},"featured_media":108297,"template":"","meta":{"_links_to":"","_links_to_target":""},"product_brand":[],"product_cat":[189,190,191,192,193,194,195,196,198,202,197,203,204,205,206,207,208,209,210,211],"product_tag":[],"class_list":{"0":"post-83073","1":"product","2":"type-product","3":"status-publish","4":"has-post-thumbnail","6":"product_cat-andalucia-ca","7":"product_cat-aragon-ca","8":"product_cat-canarias-ca","9":"product_cat-cantabria-ca","10":"product_cat-castilla-la-mancha-ca","11":"product_cat-castilla-y-leon-ca","12":"product_cat-catalunya-ca","13":"product_cat-ceuta-ca","14":"product_cat-comunidad-de-madrid-ca","15":"product_cat-comunidad-de-valencia-ca","16":"product_cat-comunidad-foral-de-navarra-ca","17":"product_cat-extremadura-ca","18":"product_cat-galicia-ca","19":"product_cat-illes-balears-ca","20":"product_cat-la-rioja-ca","21":"product_cat-mec-ca","22":"product_cat-melilla-ca","23":"product_cat-pais-vasco-ca","24":"product_cat-principado-de-asturias-ca","25":"product_cat-region-de-murcia-ca","26":"pa_asignatura-llengua-castellana-i-literatura-ca","27":"pa_curso-1-bat-ca","28":"pa_format-llibre-text-ca","29":"pa_idioma-castellano-ca","31":"first","32":"instock","33":"taxable","34":"shipping-taxable","35":"purchasable","36":"product-type-simple"},"_links":{"self":[{"href":"https:\/\/web.editorialteide.com\/ca\/wp-json\/wp\/v2\/product\/83073","targetHints":{"allow":["GET"]}}],"collection":[{"href":"https:\/\/web.editorialteide.com\/ca\/wp-json\/wp\/v2\/product"}],"about":[{"href":"https:\/\/web.editorialteide.com\/ca\/wp-json\/wp\/v2\/types\/product"}],"wp:featuredmedia":[{"embeddable":true,"href":"https:\/\/web.editorialteide.com\/ca\/wp-json\/wp\/v2\/media\/108297"}],"wp:attachment":[{"href":"https:\/\/web.editorialteide.com\/ca\/wp-json\/wp\/v2\/media?parent=83073"}],"wp:term":[{"taxonomy":"product_brand","embeddable":true,"href":"https:\/\/web.editorialteide.com\/ca\/wp-json\/wp\/v2\/product_brand?post=83073"},{"taxonomy":"product_cat","embeddable":true,"href":"https:\/\/web.editorialteide.com\/ca\/wp-json\/wp\/v2\/product_cat?post=83073"},{"taxonomy":"product_tag","embeddable":true,"href":"https:\/\/web.editorialteide.com\/ca\/wp-json\/wp\/v2\/product_tag?post=83073"}],"curies":[{"name":"wp","href":"https:\/\/api.w.org\/{rel}","templated":true}]}}

Luces de bohemia (Biblioteca de Autores Clásicos)

<p>Nos complace incluir en la colección Biblioteca de Autores Clásicos una novedosa edición de <i>Luces de bohemia</i>, de Ramón del Valle-Inclán, obra cumbre del creador del esperpento.<br />
La edición es a cargo de los profesores Marta Cristina Carbonell y Pau Miret Puig e incluye una introducción que analiza la vida y la producción del autor, una cuidadosa edición de la obra con notas a pie de página y una exhaustiva guía con propuestas para el análisis de la misma.<br />
Además, se acompaña de una serie de ilustraciones de José María Casanovas realizadas en exclusiva para esta edición.</p>
<h2>Vínculos de interés</h2>
<ul>
<li><a href="https://www.youtube.com/watch?v=0BTorIU0Ao0" target="_blank" rel="noopener noreferrer">Página 183, Actividad 5</a></li>
<li><a href="http://www.rtve.es/alacarta/videos/la-mitad-invisible/mitad-invisible-luces-bohemia/2153508/" target="_blank" rel="noopener noreferrer">Página 189, Actividad 24</a></li>
<li><a href="http://recursostic.educacion.es/multidisciplinar/wikididactica/index.php/Crear_un_eje_cronol%C3%B3gico" target="_blank" rel="noopener noreferrer">Página 191, Actividad 29</a></li>
<li><a href="https://www.youtube.com/watch?v=0ehPtGL6uHA" target="_blank" rel="noopener noreferrer">Página 195, Actividad 42. Enlace de consulta 1</a></li>
<li><a href="https://www.youtube.com/watch?v=atdfV47UeIU" target="_blank" rel="noopener noreferrer">Página 195, Actividad 42. Enlace de consulta 2</a></li>
<li><a href="http://www.rtve.es/alacarta/videos/imprescindibles/imprescindibles-tertulia-valle-inclan/1326940/" target="_blank" rel="noopener noreferrer">Página 196, Actividad 47</a></li>
<li><a href="https://www.youtube.com/watch?v=UeQJUIk2V00" target="_blank" rel="noopener noreferrer">Página 198, Actividad 49</a></li>
</ul>

<p>Nos complace incluir en la colección Biblioteca de Autores Clásicos una novedosa edición de Luces de bohemia, de Ramón del Valle-Inclán, obra cumbre del creador del esperpento. La edición es a cargo de los profesores Marta Cristina Carbonell y Pau Miret Puig e incluye una introducción que analiza la vida y la producción del autor, &hellip; <a href="https://web.editorialteide.com/ca/producte/luces-de-bohemia-esperpento-b-a-c/">Llegir més</a></p>
