{"id":84617,"date":"2017-05-10T13:59:15","date_gmt":"2017-05-10T12:59:15","guid":{"rendered":"http:\/\/web.editorialteide.com\/producto\/fabra-60-anys-despres-caixa\/"},"modified":"2026-03-02T18:50:29","modified_gmt":"2026-03-02T17:50:29","slug":"fabra-60-anys-despres-caixa","status":"publish","type":"product","link":"https:\/\/web.editorialteide.com\/ca\/producte\/fabra-60-anys-despres-caixa\/","title":{"rendered":"Fabra, 60 anys despr\u00e9s (caixa)"},"content":{"rendered":"<p>L\u2019any 2008, 60 anys despr\u00e9s de la mort de Fabra, Editorial Teide se suma als actes commemoratius del centenari de l\u2019IEC i per aix\u00f2 publica conjuntament la dinovena edici\u00f3 de la gram\u00e0tica p\u00f2stuma, revisada per Joan Sol\u00e0. L\u2019estudi de Jordi Ginebra i Joan Sol\u00e0 porta per t\u00edtol <i>Pompeu Fabra: vida i obra<\/i>.<\/p>\n","protected":false},"excerpt":{"rendered":"<p>L\u2019any 2008, 60 anys despr\u00e9s de la mort de Fabra, Editorial Teide se suma als actes commemoratius del centenari de l\u2019IEC i per aix\u00f2 publica conjuntament la dinovena edici\u00f3 de la gram\u00e0tica p\u00f2stuma, revisada per Joan Sol\u00e0. L\u2019estudi de Jordi Ginebra i Joan Sol\u00e0 porta per t\u00edtol Pompeu Fabra: vida i obra.<\/p>\n","protected":false},"featured_media":108325,"template":"","meta":{"_links_to":"","_links_to_target":""},"product_brand":[],"product_cat":[195,202,205],"product_tag":[],"class_list":{"0":"post-84617","1":"product","2":"type-product","3":"status-publish","4":"has-post-thumbnail","6":"product_cat-catalunya-ca","7":"product_cat-comunidad-de-valencia-ca","8":"product_cat-illes-balears-ca","9":"pa_asignatura-llengua-catalana-i-literatura-ca","10":"pa_format-varis-ca","11":"pa_idioma-catalan-ca","13":"first","14":"instock","15":"sale","16":"taxable","17":"shipping-taxable","18":"purchasable","19":"product-type-simple"},"_links":{"self":[{"href":"https:\/\/web.editorialteide.com\/ca\/wp-json\/wp\/v2\/product\/84617","targetHints":{"allow":["GET"]}}],"collection":[{"href":"https:\/\/web.editorialteide.com\/ca\/wp-json\/wp\/v2\/product"}],"about":[{"href":"https:\/\/web.editorialteide.com\/ca\/wp-json\/wp\/v2\/types\/product"}],"wp:featuredmedia":[{"embeddable":true,"href":"https:\/\/web.editorialteide.com\/ca\/wp-json\/wp\/v2\/media\/108325"}],"wp:attachment":[{"href":"https:\/\/web.editorialteide.com\/ca\/wp-json\/wp\/v2\/media?parent=84617"}],"wp:term":[{"taxonomy":"product_brand","embeddable":true,"href":"https:\/\/web.editorialteide.com\/ca\/wp-json\/wp\/v2\/product_brand?post=84617"},{"taxonomy":"product_cat","embeddable":true,"href":"https:\/\/web.editorialteide.com\/ca\/wp-json\/wp\/v2\/product_cat?post=84617"},{"taxonomy":"product_tag","embeddable":true,"href":"https:\/\/web.editorialteide.com\/ca\/wp-json\/wp\/v2\/product_tag?post=84617"}],"curies":[{"name":"wp","href":"https:\/\/api.w.org\/{rel}","templated":true}]}}

Fabra, 60 anys després (caixa)

<p>L’any 2008, 60 anys després de la mort de Fabra, Editorial Teide se suma als actes commemoratius del centenari de l’IEC i per això publica conjuntament la dinovena edició de la gramàtica pòstuma, revisada per Joan Solà. L’estudi de Jordi Ginebra i Joan Solà porta per títol <i>Pompeu Fabra: vida i obra</i>.</p>

<p>L’any 2008, 60 anys després de la mort de Fabra, Editorial Teide se suma als actes commemoratius del centenari de l’IEC i per això publica conjuntament la dinovena edició de la gramàtica pòstuma, revisada per Joan Solà. L’estudi de Jordi Ginebra i Joan Solà porta per títol Pompeu Fabra: vida i obra.</p>
