{"id":84685,"date":"2017-05-10T13:58:19","date_gmt":"2017-05-10T12:58:19","guid":{"rendered":"http:\/\/web.editorialteide.com\/producto\/el-raton-de-la-ciudad-y-el-raton-del-campo\/"},"modified":"2026-03-02T18:50:41","modified_gmt":"2026-03-02T17:50:41","slug":"el-raton-de-la-ciudad-y-el-raton-del-campo","status":"publish","type":"product","link":"https:\/\/web.editorialteide.com\/ca\/producte\/el-raton-de-la-ciudad-y-el-raton-del-campo\/","title":{"rendered":"El rat\u00f3n de la ciudad y el rat\u00f3n del campo (\u00a1Ya leemos!)"},"content":{"rendered":"<p>El rat\u00f3n del campo invita a su primo, el rat\u00f3n de la ciudad, a pasar unos d\u00edas con \u00e9l. Pero el rat\u00f3n de la ciudad est\u00e1 tan acostumbrado a la comodidad que decide quedarse poco tiempo en el campo y regresar antes a su hogar. El rat\u00f3n del campo lo acompa\u00f1a y se queda impresionado con la despensa de su primo, tan repleta de deliciosa comida&#8230; \u00a1pero no le gusta nada que en la casa haya tantos peligros que esquivar!<\/p>\n","protected":false},"excerpt":{"rendered":"<p>El rat\u00f3n del campo invita a su primo, el rat\u00f3n de la ciudad, a pasar unos d\u00edas con \u00e9l. Pero el rat\u00f3n de la ciudad est\u00e1 tan acostumbrado a la comodidad que decide quedarse poco tiempo en el campo y regresar antes a su hogar. El rat\u00f3n del campo lo acompa\u00f1a y se queda impresionado &hellip; <a href=\"https:\/\/web.editorialteide.com\/ca\/producte\/el-raton-de-la-ciudad-y-el-raton-del-campo\/\">Llegir m\u00e9s<\/a><\/p>\n","protected":false},"featured_media":108239,"template":"","meta":{"_links_to":"","_links_to_target":""},"product_brand":[],"product_cat":[189,190,191,192,193,194,195,196,198,202,197,203,204,205,206,207,208,209,210,211],"product_tag":[],"class_list":{"0":"post-84685","1":"product","2":"type-product","3":"status-publish","4":"has-post-thumbnail","6":"product_cat-andalucia-ca","7":"product_cat-aragon-ca","8":"product_cat-canarias-ca","9":"product_cat-cantabria-ca","10":"product_cat-castilla-la-mancha-ca","11":"product_cat-castilla-y-leon-ca","12":"product_cat-catalunya-ca","13":"product_cat-ceuta-ca","14":"product_cat-comunidad-de-madrid-ca","15":"product_cat-comunidad-de-valencia-ca","16":"product_cat-comunidad-foral-de-navarra-ca","17":"product_cat-extremadura-ca","18":"product_cat-galicia-ca","19":"product_cat-illes-balears-ca","20":"product_cat-la-rioja-ca","21":"product_cat-mec-ca","22":"product_cat-melilla-ca","23":"product_cat-pais-vasco-ca","24":"product_cat-principado-de-asturias-ca","25":"product_cat-region-de-murcia-ca","26":"pa_asignatura-lengua-castellana-ca","27":"pa_curso-1-epo-ca","28":"pa_format-llibre-text-ca","29":"pa_idioma-castellano-ca","31":"first","32":"outofstock","33":"taxable","34":"shipping-taxable","35":"purchasable","36":"product-type-simple"},"_links":{"self":[{"href":"https:\/\/web.editorialteide.com\/ca\/wp-json\/wp\/v2\/product\/84685","targetHints":{"allow":["GET"]}}],"collection":[{"href":"https:\/\/web.editorialteide.com\/ca\/wp-json\/wp\/v2\/product"}],"about":[{"href":"https:\/\/web.editorialteide.com\/ca\/wp-json\/wp\/v2\/types\/product"}],"wp:featuredmedia":[{"embeddable":true,"href":"https:\/\/web.editorialteide.com\/ca\/wp-json\/wp\/v2\/media\/108239"}],"wp:attachment":[{"href":"https:\/\/web.editorialteide.com\/ca\/wp-json\/wp\/v2\/media?parent=84685"}],"wp:term":[{"taxonomy":"product_brand","embeddable":true,"href":"https:\/\/web.editorialteide.com\/ca\/wp-json\/wp\/v2\/product_brand?post=84685"},{"taxonomy":"product_cat","embeddable":true,"href":"https:\/\/web.editorialteide.com\/ca\/wp-json\/wp\/v2\/product_cat?post=84685"},{"taxonomy":"product_tag","embeddable":true,"href":"https:\/\/web.editorialteide.com\/ca\/wp-json\/wp\/v2\/product_tag?post=84685"}],"curies":[{"name":"wp","href":"https:\/\/api.w.org\/{rel}","templated":true}]}}

El ratón de la ciudad y el ratón del campo (¡Ya leemos!)

<p>El ratón del campo invita a su primo, el ratón de la ciudad, a pasar unos días con él. Pero el ratón de la ciudad está tan acostumbrado a la comodidad que decide quedarse poco tiempo en el campo y regresar antes a su hogar. El ratón del campo lo acompaña y se queda impresionado con la despensa de su primo, tan repleta de deliciosa comida&#8230; ¡pero no le gusta nada que en la casa haya tantos peligros que esquivar!</p>

<p>El ratón del campo invita a su primo, el ratón de la ciudad, a pasar unos días con él. Pero el ratón de la ciudad está tan acostumbrado a la comodidad que decide quedarse poco tiempo en el campo y regresar antes a su hogar. El ratón del campo lo acompaña y se queda impresionado &hellip; <a href="https://web.editorialteide.com/ca/producte/el-raton-de-la-ciudad-y-el-raton-del-campo/">Llegir més</a></p>
