{"id":84965,"date":"2017-05-10T13:54:53","date_gmt":"2017-05-10T12:54:53","guid":{"rendered":"http:\/\/web.editorialteide.com\/producto\/el-princep-felic-b-e\/"},"modified":"2026-03-02T18:50:33","modified_gmt":"2026-03-02T17:50:33","slug":"el-princep-felic-b-e","status":"publish","type":"product","link":"https:\/\/web.editorialteide.com\/ca\/producte\/el-princep-felic-b-e\/","title":{"rendered":"El Pr\u00edncep Feli\u00e7 \/ El Gegant Egoista (Biblioteca Escolar)"},"content":{"rendered":"<p>El Pr\u00edncep Feli\u00e7 \u00e9s una est\u00e0tua molt bonica situada en el punt m\u00e9s alt de la ciutat; des d&#8217;all\u00ed contempla cada dia l&#8217;anar i venir dels ciutadans. L\u2019est\u00e0tua plora per la dissort dels habitants de la ciutat fins que, de sobte, un bon dia, una oreneta s&#8217;atura als seus peus i es converteix en la seva millor amiga ajudant-lo a retrobar la felicitat.<\/p>\n<p>El Gegant Egoista posseeix un dels jardins m\u00e9s bonics que hi pot haver, per\u00f2 cap nen no hi pot jugar doncs el Gegant \u00e9s massa egoista; tant, que fins i tot la Primavera s\u2019oblidar\u00e0 de visitar-lo.<\/p>\n<p>P\u00e0gines: 120. Format: 23 x 28 cm<\/p>\n","protected":false},"excerpt":{"rendered":"<p>El Pr\u00edncep Feli\u00e7 \u00e9s una est\u00e0tua molt bonica situada en el punt m\u00e9s alt de la ciutat; des d&#8217;all\u00ed contempla cada dia l&#8217;anar i venir dels ciutadans. L\u2019est\u00e0tua plora per la dissort dels habitants de la ciutat fins que, de sobte, un bon dia, una oreneta s&#8217;atura als seus peus i es converteix en la &hellip; <a href=\"https:\/\/web.editorialteide.com\/ca\/producte\/el-princep-felic-b-e\/\">Llegir m\u00e9s<\/a><\/p>\n","protected":false},"featured_media":157857,"template":"","meta":{"_links_to":"","_links_to_target":""},"product_brand":[],"product_cat":[195,202,205],"product_tag":[],"class_list":{"0":"post-84965","1":"product","2":"type-product","3":"status-publish","4":"has-post-thumbnail","6":"product_cat-catalunya-ca","7":"product_cat-comunidad-de-valencia-ca","8":"product_cat-illes-balears-ca","9":"pa_asignatura-llengua-ca","10":"pa_curso-4-epo-ca","11":"pa_format-llibre-text-ca","12":"pa_idioma-catalan-ca","14":"first","15":"instock","16":"taxable","17":"shipping-taxable","18":"purchasable","19":"product-type-simple"},"_links":{"self":[{"href":"https:\/\/web.editorialteide.com\/ca\/wp-json\/wp\/v2\/product\/84965","targetHints":{"allow":["GET"]}}],"collection":[{"href":"https:\/\/web.editorialteide.com\/ca\/wp-json\/wp\/v2\/product"}],"about":[{"href":"https:\/\/web.editorialteide.com\/ca\/wp-json\/wp\/v2\/types\/product"}],"wp:featuredmedia":[{"embeddable":true,"href":"https:\/\/web.editorialteide.com\/ca\/wp-json\/wp\/v2\/media\/157857"}],"wp:attachment":[{"href":"https:\/\/web.editorialteide.com\/ca\/wp-json\/wp\/v2\/media?parent=84965"}],"wp:term":[{"taxonomy":"product_brand","embeddable":true,"href":"https:\/\/web.editorialteide.com\/ca\/wp-json\/wp\/v2\/product_brand?post=84965"},{"taxonomy":"product_cat","embeddable":true,"href":"https:\/\/web.editorialteide.com\/ca\/wp-json\/wp\/v2\/product_cat?post=84965"},{"taxonomy":"product_tag","embeddable":true,"href":"https:\/\/web.editorialteide.com\/ca\/wp-json\/wp\/v2\/product_tag?post=84965"}],"curies":[{"name":"wp","href":"https:\/\/api.w.org\/{rel}","templated":true}]}}

El Príncep Feliç / El Gegant Egoista (Biblioteca Escolar)

<p>El Príncep Feliç és una estàtua molt bonica situada en el punt més alt de la ciutat; des d&#8217;allí contempla cada dia l&#8217;anar i venir dels ciutadans. L’estàtua plora per la dissort dels habitants de la ciutat fins que, de sobte, un bon dia, una oreneta s&#8217;atura als seus peus i es converteix en la seva millor amiga ajudant-lo a retrobar la felicitat.</p>
<p>El Gegant Egoista posseeix un dels jardins més bonics que hi pot haver, però cap nen no hi pot jugar doncs el Gegant és massa egoista; tant, que fins i tot la Primavera s’oblidarà de visitar-lo.</p>
<p>Pàgines: 120. Format: 23 x 28 cm</p>

<p>El Príncep Feliç és una estàtua molt bonica situada en el punt més alt de la ciutat; des d&#8217;allí contempla cada dia l&#8217;anar i venir dels ciutadans. L’estàtua plora per la dissort dels habitants de la ciutat fins que, de sobte, un bon dia, una oreneta s&#8217;atura als seus peus i es converteix en la &hellip; <a href="https://web.editorialteide.com/ca/producte/el-princep-felic-b-e/">Llegir més</a></p>
