{"id":85061,"date":"2017-05-10T13:53:57","date_gmt":"2017-05-10T12:53:57","guid":{"rendered":"http:\/\/web.editorialteide.com\/producto\/el-mon-perdut-b-t\/"},"modified":"2026-03-02T18:50:26","modified_gmt":"2026-03-02T17:50:26","slug":"el-mon-perdut-b-t","status":"publish","type":"product","link":"https:\/\/web.editorialteide.com\/ca\/producte\/el-mon-perdut-b-t\/","title":{"rendered":"El m\u00f3n perdut (Biblioteca Teide)"},"content":{"rendered":"<p>L&#8217;escriptor escoc\u00e8s Arthur Conan Doyle \u00e9s conegut, especialment, per la s\u00e8rie d&#8217;aventures protagonitzada pel genial detectiu Sherlock Holmes i el seu ajudant, el doctor Watson. A <em>El m\u00f3n perdut<\/em>, per\u00f2, Doyle canvia de registre i presenta un personatge, el professor Challenger, que comanda una expedici\u00f3 destinada a demostrar l&#8217;exist\u00e8ncia de dinosaures a l&#8217;Am\u00e8rica del Sud. L&#8217;autor descriu un espai geogr\u00e0fic poblat d&#8217;\u00e9ssers prehist\u00f2rics i plantes extingides fa milions d&#8217;anys. En realitat, aquesta passi\u00f3 per explorar mons desconeguts no \u00e9s sin\u00f3 l&#8217;expressi\u00f3, en forma novel\u00b7lada, de l&#8217;esperit aventurer dels grans viatges de descobriment del segle XIX.<\/p>\n<p>238 p\u00e0gines. Format: 19,4 x 14,4 cm<\/p>\n","protected":false},"excerpt":{"rendered":"<p>L&#8217;escriptor escoc\u00e8s Arthur Conan Doyle \u00e9s conegut, especialment, per la s\u00e8rie d&#8217;aventures protagonitzada pel genial detectiu Sherlock Holmes i el seu ajudant, el doctor Watson. A El m\u00f3n perdut, per\u00f2, Doyle canvia de registre i presenta un personatge, el professor Challenger, que comanda una expedici\u00f3 destinada a demostrar l&#8217;exist\u00e8ncia de dinosaures a l&#8217;Am\u00e8rica del Sud. &hellip; <a href=\"https:\/\/web.editorialteide.com\/ca\/producte\/el-mon-perdut-b-t\/\">Llegir m\u00e9s<\/a><\/p>\n","protected":false},"featured_media":157477,"template":"","meta":{"_links_to":"","_links_to_target":""},"product_brand":[],"product_cat":[195,202,205],"product_tag":[],"class_list":{"0":"post-85061","1":"product","2":"type-product","3":"status-publish","4":"has-post-thumbnail","6":"product_cat-catalunya-ca","7":"product_cat-comunidad-de-valencia-ca","8":"product_cat-illes-balears-ca","9":"pa_asignatura-llengua-catalana-i-literatura-ca","10":"pa_curso-2-eso-ca","11":"pa_format-llibre-text-ca","12":"pa_idioma-catalan-ca","14":"first","15":"instock","16":"taxable","17":"shipping-taxable","18":"purchasable","19":"product-type-simple"},"_links":{"self":[{"href":"https:\/\/web.editorialteide.com\/ca\/wp-json\/wp\/v2\/product\/85061","targetHints":{"allow":["GET"]}}],"collection":[{"href":"https:\/\/web.editorialteide.com\/ca\/wp-json\/wp\/v2\/product"}],"about":[{"href":"https:\/\/web.editorialteide.com\/ca\/wp-json\/wp\/v2\/types\/product"}],"wp:featuredmedia":[{"embeddable":true,"href":"https:\/\/web.editorialteide.com\/ca\/wp-json\/wp\/v2\/media\/157477"}],"wp:attachment":[{"href":"https:\/\/web.editorialteide.com\/ca\/wp-json\/wp\/v2\/media?parent=85061"}],"wp:term":[{"taxonomy":"product_brand","embeddable":true,"href":"https:\/\/web.editorialteide.com\/ca\/wp-json\/wp\/v2\/product_brand?post=85061"},{"taxonomy":"product_cat","embeddable":true,"href":"https:\/\/web.editorialteide.com\/ca\/wp-json\/wp\/v2\/product_cat?post=85061"},{"taxonomy":"product_tag","embeddable":true,"href":"https:\/\/web.editorialteide.com\/ca\/wp-json\/wp\/v2\/product_tag?post=85061"}],"curies":[{"name":"wp","href":"https:\/\/api.w.org\/{rel}","templated":true}]}}

El món perdut (Biblioteca Teide)

<p>L&#8217;escriptor escocès Arthur Conan Doyle és conegut, especialment, per la sèrie d&#8217;aventures protagonitzada pel genial detectiu Sherlock Holmes i el seu ajudant, el doctor Watson. A <em>El món perdut</em>, però, Doyle canvia de registre i presenta un personatge, el professor Challenger, que comanda una expedició destinada a demostrar l&#8217;existència de dinosaures a l&#8217;Amèrica del Sud. L&#8217;autor descriu un espai geogràfic poblat d&#8217;éssers prehistòrics i plantes extingides fa milions d&#8217;anys. En realitat, aquesta passió per explorar mons desconeguts no és sinó l&#8217;expressió, en forma novel·lada, de l&#8217;esperit aventurer dels grans viatges de descobriment del segle XIX.</p>
<p>238 pàgines. Format: 19,4 x 14,4 cm</p>

<p>L&#8217;escriptor escocès Arthur Conan Doyle és conegut, especialment, per la sèrie d&#8217;aventures protagonitzada pel genial detectiu Sherlock Holmes i el seu ajudant, el doctor Watson. A El món perdut, però, Doyle canvia de registre i presenta un personatge, el professor Challenger, que comanda una expedició destinada a demostrar l&#8217;existència de dinosaures a l&#8217;Amèrica del Sud. &hellip; <a href="https://web.editorialteide.com/ca/producte/el-mon-perdut-b-t/">Llegir més</a></p>
