{"id":85105,"date":"2017-05-10T13:53:32","date_gmt":"2017-05-10T12:53:32","guid":{"rendered":"http:\/\/web.editorialteide.com\/producto\/la-colera-daquiles-cat-b-t\/"},"modified":"2026-03-02T18:50:06","modified_gmt":"2026-03-02T17:50:06","slug":"la-colera-daquiles-cat-b-t","status":"publish","type":"product","link":"https:\/\/web.editorialteide.com\/ca\/producte\/la-colera-daquiles-cat-b-t\/","title":{"rendered":"La c\u00f2lera d&#8217;Aquil\u00b7les  (Biblioteca Teide)"},"content":{"rendered":"<p>Una adaptaci\u00f3 fidel de la <i>Il\u00edada<\/i> d\u2019Homer. Helena, esposa del rei d\u2019Esparta, fuig amb Paris, fill del rei de Troia. Despr\u00e9s d\u2019aquest fet, tots els grecs s\u00f3n cridats a lluitar contra els troians per recuperar Helena. El setge de la ciutat durar\u00e0 deu anys. A la <i>Il\u00edada<\/i> es narra, entre altres fets, un episodi d\u2019aquesta guerra protagonitzat per l\u2019heroi Aquil\u00b7les.<br \/>\n<br \/><\/br><br \/>\n176 p\u00e0gines: Format: 19,4 x 14,4<\/p>\n","protected":false},"excerpt":{"rendered":"<p>Una adaptaci\u00f3 fidel de la Il\u00edada d\u2019Homer. Helena, esposa del rei d\u2019Esparta, fuig amb Paris, fill del rei de Troia. Despr\u00e9s d\u2019aquest fet, tots els grecs s\u00f3n cridats a lluitar contra els troians per recuperar Helena. El setge de la ciutat durar\u00e0 deu anys. A la Il\u00edada es narra, entre altres fets, un episodi d\u2019aquesta &hellip; <a href=\"https:\/\/web.editorialteide.com\/ca\/producte\/la-colera-daquiles-cat-b-t\/\">Llegir m\u00e9s<\/a><\/p>\n","protected":false},"featured_media":107817,"template":"","meta":{"_links_to":"","_links_to_target":""},"product_brand":[],"product_cat":[195,202,205],"product_tag":[],"class_list":{"0":"post-85105","1":"product","2":"type-product","3":"status-publish","4":"has-post-thumbnail","6":"product_cat-catalunya-ca","7":"product_cat-comunidad-de-valencia-ca","8":"product_cat-illes-balears-ca","9":"pa_asignatura-llengua-catalana-i-literatura-ca","10":"pa_curso-3-eso-ca","11":"pa_format-llibre-text-ca","13":"first","14":"instock","15":"taxable","16":"shipping-taxable","17":"purchasable","18":"product-type-simple"},"_links":{"self":[{"href":"https:\/\/web.editorialteide.com\/ca\/wp-json\/wp\/v2\/product\/85105","targetHints":{"allow":["GET"]}}],"collection":[{"href":"https:\/\/web.editorialteide.com\/ca\/wp-json\/wp\/v2\/product"}],"about":[{"href":"https:\/\/web.editorialteide.com\/ca\/wp-json\/wp\/v2\/types\/product"}],"wp:featuredmedia":[{"embeddable":true,"href":"https:\/\/web.editorialteide.com\/ca\/wp-json\/wp\/v2\/media\/107817"}],"wp:attachment":[{"href":"https:\/\/web.editorialteide.com\/ca\/wp-json\/wp\/v2\/media?parent=85105"}],"wp:term":[{"taxonomy":"product_brand","embeddable":true,"href":"https:\/\/web.editorialteide.com\/ca\/wp-json\/wp\/v2\/product_brand?post=85105"},{"taxonomy":"product_cat","embeddable":true,"href":"https:\/\/web.editorialteide.com\/ca\/wp-json\/wp\/v2\/product_cat?post=85105"},{"taxonomy":"product_tag","embeddable":true,"href":"https:\/\/web.editorialteide.com\/ca\/wp-json\/wp\/v2\/product_tag?post=85105"}],"curies":[{"name":"wp","href":"https:\/\/api.w.org\/{rel}","templated":true}]}}

La còlera d&#8217;Aquil·les  (Biblioteca Teide)

<p>Una adaptació fidel de la <i>Ilíada</i> d’Homer. Helena, esposa del rei d’Esparta, fuig amb Paris, fill del rei de Troia. Després d’aquest fet, tots els grecs són cridats a lluitar contra els troians per recuperar Helena. El setge de la ciutat durarà deu anys. A la <i>Ilíada</i> es narra, entre altres fets, un episodi d’aquesta guerra protagonitzat per l’heroi Aquil·les.<br />
<br /></br><br />
176 pàgines: Format: 19,4 x 14,4</p>

<p>Una adaptació fidel de la Ilíada d’Homer. Helena, esposa del rei d’Esparta, fuig amb Paris, fill del rei de Troia. Després d’aquest fet, tots els grecs són cridats a lluitar contra els troians per recuperar Helena. El setge de la ciutat durarà deu anys. A la Ilíada es narra, entre altres fets, un episodi d’aquesta &hellip; <a href="https://web.editorialteide.com/ca/producte/la-colera-daquiles-cat-b-t/">Llegir més</a></p>
