{"id":85113,"date":"2017-05-10T13:53:27","date_gmt":"2017-05-10T12:53:27","guid":{"rendered":"http:\/\/web.editorialteide.com\/producto\/el-retrato-de-dorian-gray-b-t\/"},"modified":"2026-03-02T18:51:12","modified_gmt":"2026-03-02T17:51:12","slug":"el-retrato-de-dorian-gray-b-t","status":"publish","type":"product","link":"https:\/\/web.editorialteide.com\/ca\/producte\/el-retrato-de-dorian-gray-b-t\/","title":{"rendered":"El retrato de Dorian Gray (Biblioteca Teide)"},"content":{"rendered":"<p>Presentamos una adaptaci\u00f3n de <i>El retrato de Dorian Gray<\/i>, la \u00fanica novela que escribi\u00f3 Oscar Wilde. Si bien sus cuentos le dieron el prestigio del que acab\u00f3 gozando como escritor y sus comedias le proporcionaron la celebridad que siempre hab\u00eda buscado, fue esta obra la que convirti\u00f3 a Wilde en un icono del fin del siglo XIX, aunque, parad\u00f3jicamente, lo precipit\u00f3 al abismo de la condena por inmoralidad que termin\u00f3 con su vida.<\/p>\n<h2>Vinculos de inter\u00e9s<\/h2>\n<h3>Unidad 0<\/h3>\n<ul>\n<li><a href=\"http:\/\/www.cmgww.com\/historic\/wilde\/\" target=\"_blank\" rel=\"noopener noreferrer\">P\u00e1gina 250, Actividad 17. Enlace de consulta 1<\/a><\/li>\n<li><a href=\"https:\/\/es.wikipedia.org\/wiki\/Oscar_Wilde\" target=\"_blank\" rel=\"noopener noreferrer\">P\u00e1gina 250, Actividad 17. Enlace de consulta 2<\/a><\/li>\n<li><a href=\"http:\/\/www.lecturalia.com\/autor\/5234\/oscar-wilde\" target=\"_blank\" rel=\"noopener noreferrer\">P\u00e1gina 250, Actividad 17. Enlace de consulta 3<\/a><\/li>\n<li><a href=\"https:\/\/es.wikipedia.org\/wiki\/Fausto\" target=\"_blank\" rel=\"noopener noreferrer\">P\u00e1gina 251, Actividad 19<\/a><\/li>\n<li><a href=\"https:\/\/www.youtube.com\/watch?v=B9HF6KrcAWc\" target=\"_blank\" rel=\"noopener noreferrer\">P\u00e1gina 251, Actividad 21 d)<\/a><\/li>\n<li><a href=\"https:\/\/www.youtube.com\/watch?v=K_JheIb4Mjs\" target=\"_blank\" rel=\"noopener noreferrer\">P\u00e1gina 251, Actividad 21. Consulta 1<\/a><\/li>\n<li><a href=\"https:\/\/www.youtube.com\/watch?v=0kfnhc5GgMY\" target=\"_blank\" rel=\"noopener noreferrer\">P\u00e1gina 251, Actividad 21. Consulta 2<\/a><\/li>\n<li><a href=\"https:\/\/www.youtube.com\/watch?v=j3uwJu2wsg4\" target=\"_blank\" rel=\"noopener noreferrer\">P\u00e1gina 252, Actividad 22. Enlace de consulta 1<\/a><\/li>\n<li><a href=\"https:\/\/www.youtube.com\/watch?v=3Nq-yFTI1EE\" target=\"_blank\" rel=\"noopener noreferrer\">P\u00e1gina 252, Actividad 22. Enlace de consulta 2<\/a><\/li>\n<li><a href=\"https:\/\/www.youtube.com\/watch?v=qF8LWvkmAp4\" target=\"_blank\" rel=\"noopener noreferrer\">P\u00e1gina 252, Actividad 22. Enlace de consulta 3<\/a><\/li>\n<li><a href=\"https:\/\/www.youtube.com\/watch?v=vKVAka2YiT8\" target=\"_blank\" rel=\"noopener noreferrer\">P\u00e1gina 252, Actividad 22. Enlace de consulta 4<\/a><\/li>\n<li><a href=\"https:\/\/www.youtube.com\/watch?v=ZsUNXVpjJDw\" target=\"_blank\" rel=\"noopener noreferrer\">P\u00e1gina 253, Actividad 23. Enlace de consulta 1<\/a><\/li>\n<li><a href=\"https:\/\/www.youtube.com\/watch?v=UEvoPLHIkYw\" target=\"_blank\" rel=\"noopener noreferrer\">P\u00e1gina 253, Actividad 23. Enlace de consulta 2<\/a><\/li>\n<li><a href=\"https:\/\/www.youtube.com\/watch?v=tl8yKGX3tMw2001\" target=\"_blank\" rel=\"noopener noreferrer\">P\u00e1gina 253, Actividad 23. Enlace de consulta 3<\/a><\/li>\n<li><a href=\"https:\/\/www.youtube.com\/watch?v=-pQuCwxJgJo\" target=\"_blank\" rel=\"noopener noreferrer\">P\u00e1gina 253, Actividad 23. Enlace de consulta 4<\/a><\/li>\n<li><a href=\"https:\/\/www.youtube.com\/watch?v=hW-O0Mzfkoc\" target=\"_blank\" rel=\"noopener noreferrer\">P\u00e1gina 253, Actividad 23. Enlace de consulta 5<\/a><\/li>\n<li><a href=\"https:\/\/www.blogdecine.com\/cine-clasico\/el-retrato-de-dorian-gray-de-albert-lewin-a-oliver-parker\" target=\"_blank\" rel=\"noopener noreferrer\">P\u00e1gina 253, Actividad 24<\/a><\/li>\n<li><a href=\"https:\/\/es.wikipedia.org\/wiki\/The_League_of_Extraordinary_Gentlemen_(pel%C3%ADcula)\" target=\"_blank\" rel=\"noopener noreferrer\">P\u00e1gina 253, Actividad 25<\/a><\/li>\n<li><a href=\"https:\/\/www.youtube.com\/watch?v=1-avrIC44BQ\" target=\"_blank\" rel=\"noopener noreferrer\">P\u00e1gina 254, Actividad 25. Enlace de consulta c)<\/a><\/li>\n<li><a href=\"https:\/\/es.wikipedia.org\/wiki\/Penny_Dreadful\" target=\"_blank\" rel=\"noopener noreferrer\">P\u00e1gina 254, Actividad 26. Enlace de consulta a)<\/a><\/li>\n<li><a href=\"https:\/\/www.youtube.com\/watch?v=6oDDeRSmLO4\" target=\"_blank\" rel=\"noopener noreferrer\">P\u00e1gina 256, Actividad 28. Enlace de consulta 1<\/a><\/li>\n<li><a href=\"https:\/\/www.youtube.com\/watch?v=lR89AhrdhPs\" target=\"_blank\" rel=\"noopener noreferrer\">P\u00e1gina 256, Actividad 28. Enlace de consulta 2<\/a><\/li>\n<li><a href=\"https:\/\/www.youtube.com\/watch?v=MrZEJlhJ8Tg\" target=\"_blank\" rel=\"noopener noreferrer\">P\u00e1gina 256, Actividad 29. Enlace de consulta 1<\/a><\/li>\n<li><a href=\"https:\/\/www.youtube.com\/watch?v=9uXjwb095Ac\" target=\"_blank\" rel=\"noopener noreferrer\">P\u00e1gina 256, Actividad 29. Enlace de consulta 2<\/a><\/li>\n<li><a href=\"https:\/\/www.youtube.com\/watch?v=s8iAuBdQJUg\" target=\"_blank\" rel=\"noopener noreferrer\">P\u00e1gina 256, Actividad 29. Enlace de consulta 3<\/a><\/li>\n<\/ul>\n","protected":false},"excerpt":{"rendered":"<p>Presentamos una adaptaci\u00f3n de El retrato de Dorian Gray, la \u00fanica novela que escribi\u00f3 Oscar Wilde. Si bien sus cuentos le dieron el prestigio del que acab\u00f3 gozando como escritor y sus comedias le proporcionaron la celebridad que siempre hab\u00eda buscado, fue esta obra la que convirti\u00f3 a Wilde en un icono del fin del &hellip; <a href=\"https:\/\/web.editorialteide.com\/ca\/producte\/el-retrato-de-dorian-gray-b-t\/\">Llegir m\u00e9s<\/a><\/p>\n","protected":false},"featured_media":126937,"template":"","meta":{"_links_to":"","_links_to_target":""},"product_brand":[],"product_cat":[189,190,191,192,193,194,195,196,198,202,197,203,204,205,206,207,208,209,210,211],"product_tag":[],"class_list":{"0":"post-85113","1":"product","2":"type-product","3":"status-publish","4":"has-post-thumbnail","6":"product_cat-andalucia-ca","7":"product_cat-aragon-ca","8":"product_cat-canarias-ca","9":"product_cat-cantabria-ca","10":"product_cat-castilla-la-mancha-ca","11":"product_cat-castilla-y-leon-ca","12":"product_cat-catalunya-ca","13":"product_cat-ceuta-ca","14":"product_cat-comunidad-de-madrid-ca","15":"product_cat-comunidad-de-valencia-ca","16":"product_cat-comunidad-foral-de-navarra-ca","17":"product_cat-extremadura-ca","18":"product_cat-galicia-ca","19":"product_cat-illes-balears-ca","20":"product_cat-la-rioja-ca","21":"product_cat-mec-ca","22":"product_cat-melilla-ca","23":"product_cat-pais-vasco-ca","24":"product_cat-principado-de-asturias-ca","25":"product_cat-region-de-murcia-ca","26":"pa_asignatura-llengua-castellana-i-literatura-ca","27":"pa_curso-3-eso-ca","28":"pa_format-llibre-text-ca","29":"pa_idioma-castellano-ca","31":"first","32":"instock","33":"taxable","34":"shipping-taxable","35":"purchasable","36":"product-type-simple"},"_links":{"self":[{"href":"https:\/\/web.editorialteide.com\/ca\/wp-json\/wp\/v2\/product\/85113","targetHints":{"allow":["GET"]}}],"collection":[{"href":"https:\/\/web.editorialteide.com\/ca\/wp-json\/wp\/v2\/product"}],"about":[{"href":"https:\/\/web.editorialteide.com\/ca\/wp-json\/wp\/v2\/types\/product"}],"wp:featuredmedia":[{"embeddable":true,"href":"https:\/\/web.editorialteide.com\/ca\/wp-json\/wp\/v2\/media\/126937"}],"wp:attachment":[{"href":"https:\/\/web.editorialteide.com\/ca\/wp-json\/wp\/v2\/media?parent=85113"}],"wp:term":[{"taxonomy":"product_brand","embeddable":true,"href":"https:\/\/web.editorialteide.com\/ca\/wp-json\/wp\/v2\/product_brand?post=85113"},{"taxonomy":"product_cat","embeddable":true,"href":"https:\/\/web.editorialteide.com\/ca\/wp-json\/wp\/v2\/product_cat?post=85113"},{"taxonomy":"product_tag","embeddable":true,"href":"https:\/\/web.editorialteide.com\/ca\/wp-json\/wp\/v2\/product_tag?post=85113"}],"curies":[{"name":"wp","href":"https:\/\/api.w.org\/{rel}","templated":true}]}}

<p>Presentamos una adaptación de <i>El retrato de Dorian Gray</i>, la única novela que escribió Oscar Wilde. Si bien sus cuentos le dieron el prestigio del que acabó gozando como escritor y sus comedias le proporcionaron la celebridad que siempre había buscado, fue esta obra la que convirtió a Wilde en un icono del fin del siglo XIX, aunque, paradójicamente, lo precipitó al abismo de la condena por inmoralidad que terminó con su vida.</p>
<h2>Vinculos de interés</h2>
<h3>Unidad 0</h3>
<ul>
<li><a href="http://www.cmgww.com/historic/wilde/" target="_blank" rel="noopener noreferrer">Página 250, Actividad 17. Enlace de consulta 1</a></li>
<li><a href="https://es.wikipedia.org/wiki/Oscar_Wilde" target="_blank" rel="noopener noreferrer">Página 250, Actividad 17. Enlace de consulta 2</a></li>
<li><a href="http://www.lecturalia.com/autor/5234/oscar-wilde" target="_blank" rel="noopener noreferrer">Página 250, Actividad 17. Enlace de consulta 3</a></li>
<li><a href="https://es.wikipedia.org/wiki/Fausto" target="_blank" rel="noopener noreferrer">Página 251, Actividad 19</a></li>
<li><a href="https://www.youtube.com/watch?v=B9HF6KrcAWc" target="_blank" rel="noopener noreferrer">Página 251, Actividad 21 d)</a></li>
<li><a href="https://www.youtube.com/watch?v=K_JheIb4Mjs" target="_blank" rel="noopener noreferrer">Página 251, Actividad 21. Consulta 1</a></li>
<li><a href="https://www.youtube.com/watch?v=0kfnhc5GgMY" target="_blank" rel="noopener noreferrer">Página 251, Actividad 21. Consulta 2</a></li>
<li><a href="https://www.youtube.com/watch?v=j3uwJu2wsg4" target="_blank" rel="noopener noreferrer">Página 252, Actividad 22. Enlace de consulta 1</a></li>
<li><a href="https://www.youtube.com/watch?v=3Nq-yFTI1EE" target="_blank" rel="noopener noreferrer">Página 252, Actividad 22. Enlace de consulta 2</a></li>
<li><a href="https://www.youtube.com/watch?v=qF8LWvkmAp4" target="_blank" rel="noopener noreferrer">Página 252, Actividad 22. Enlace de consulta 3</a></li>
<li><a href="https://www.youtube.com/watch?v=vKVAka2YiT8" target="_blank" rel="noopener noreferrer">Página 252, Actividad 22. Enlace de consulta 4</a></li>
<li><a href="https://www.youtube.com/watch?v=ZsUNXVpjJDw" target="_blank" rel="noopener noreferrer">Página 253, Actividad 23. Enlace de consulta 1</a></li>
<li><a href="https://www.youtube.com/watch?v=UEvoPLHIkYw" target="_blank" rel="noopener noreferrer">Página 253, Actividad 23. Enlace de consulta 2</a></li>
<li><a href="https://www.youtube.com/watch?v=tl8yKGX3tMw2001" target="_blank" rel="noopener noreferrer">Página 253, Actividad 23. Enlace de consulta 3</a></li>
<li><a href="https://www.youtube.com/watch?v=-pQuCwxJgJo" target="_blank" rel="noopener noreferrer">Página 253, Actividad 23. Enlace de consulta 4</a></li>
<li><a href="https://www.youtube.com/watch?v=hW-O0Mzfkoc" target="_blank" rel="noopener noreferrer">Página 253, Actividad 23. Enlace de consulta 5</a></li>
<li><a href="https://www.blogdecine.com/cine-clasico/el-retrato-de-dorian-gray-de-albert-lewin-a-oliver-parker" target="_blank" rel="noopener noreferrer">Página 253, Actividad 24</a></li>
<li><a href="https://es.wikipedia.org/wiki/The_League_of_Extraordinary_Gentlemen_(pel%C3%ADcula)" target="_blank" rel="noopener noreferrer">Página 253, Actividad 25</a></li>
<li><a href="https://www.youtube.com/watch?v=1-avrIC44BQ" target="_blank" rel="noopener noreferrer">Página 254, Actividad 25. Enlace de consulta c)</a></li>
<li><a href="https://es.wikipedia.org/wiki/Penny_Dreadful" target="_blank" rel="noopener noreferrer">Página 254, Actividad 26. Enlace de consulta a)</a></li>
<li><a href="https://www.youtube.com/watch?v=6oDDeRSmLO4" target="_blank" rel="noopener noreferrer">Página 256, Actividad 28. Enlace de consulta 1</a></li>
<li><a href="https://www.youtube.com/watch?v=lR89AhrdhPs" target="_blank" rel="noopener noreferrer">Página 256, Actividad 28. Enlace de consulta 2</a></li>
<li><a href="https://www.youtube.com/watch?v=MrZEJlhJ8Tg" target="_blank" rel="noopener noreferrer">Página 256, Actividad 29. Enlace de consulta 1</a></li>
<li><a href="https://www.youtube.com/watch?v=9uXjwb095Ac" target="_blank" rel="noopener noreferrer">Página 256, Actividad 29. Enlace de consulta 2</a></li>
<li><a href="https://www.youtube.com/watch?v=s8iAuBdQJUg" target="_blank" rel="noopener noreferrer">Página 256, Actividad 29. Enlace de consulta 3</a></li>
</ul>

<p>Presentamos una adaptación de El retrato de Dorian Gray, la única novela que escribió Oscar Wilde. Si bien sus cuentos le dieron el prestigio del que acabó gozando como escritor y sus comedias le proporcionaron la celebridad que siempre había buscado, fue esta obra la que convirtió a Wilde en un icono del fin del &hellip; <a href="https://web.editorialteide.com/ca/producte/el-retrato-de-dorian-gray-b-t/">Llegir més</a></p>
