{"id":85609,"date":"2017-05-10T13:47:15","date_gmt":"2017-05-10T12:47:15","guid":{"rendered":"http:\/\/web.editorialteide.com\/producto\/gramatica-practica-del-catala-catala-per-adults\/"},"modified":"2026-03-02T18:50:47","modified_gmt":"2026-03-02T17:50:47","slug":"gramatica-practica-del-catala-catala-per-adults","status":"publish","type":"product","link":"https:\/\/web.editorialteide.com\/ca\/producte\/gramatica-practica-del-catala-catala-per-adults\/","title":{"rendered":"Gram\u00e0tica pr\u00e0ctica del catal\u00e0 A1-B2"},"content":{"rendered":"<p>La gram\u00e0tica pr\u00e0ctica del catal\u00e0 \u00e9s una obra per a aprenents de catal\u00e0 dels nivells A1-B2 del Marc europeu de refer\u00e8ncia per a les lleng\u00fces. Es tracta d\u2019una gram\u00e0tica pedag\u00f2gica; \u00e9s a dir, \u00e9s una eina que prepara l\u2019alumne i l\u2019ajuda en l\u2019aprenentatge del catal\u00e0 com a segona llengua. \u00c9s una gram\u00e0tica per a un alumnat divers. S\u2019ha concebut per a tots els aprenents joves i adults alfabetitzats que volen o necessiten con\u00e8ixer el funcionament gramatical de la llengua catalana i posar-lo en pr\u00e0ctica mitjan\u00e7ant exercicis.<\/p>\n<h2>Vincles d&#8217;inter\u00e8s<\/h2>\n<ul>\n<li><a href=\"http:\/\/recursos.teide.eu\/f\/4477f5f9c3\/\" target=\"_blank\" rel=\"noopener noreferrer\">Ap\u00e8ndix 01 Sons i lletres<\/a><\/li>\n<li><a href=\"http:\/\/recursos.teide.eu\/f\/8b86953e65\/\" target=\"_blank\" rel=\"noopener noreferrer\">Ap\u00e8ndix 02 Accents i di\u00e8resi<\/a><\/li>\n<li><a href=\"http:\/\/recursos.teide.eu\/f\/6f3d2b9a12\/\" target=\"_blank\" rel=\"noopener noreferrer\">Ap\u00e8ndix 03 Variaci\u00f3 dialectal<\/a><\/li>\n<li><a href=\"http:\/\/recursos.teide.eu\/f\/bc4a8e585c\/\" target=\"_blank\" rel=\"noopener noreferrer\">Ap\u00e8ndix 04 Taules de formes verbals<\/a><\/li>\n<li><a href=\"http:\/\/pdf.teidedigital.com\/cat\/3396\/Mostra3396.pdf\" target=\"_blank\" rel=\"noopener noreferrer\">Unitat de mostra<\/a><\/li>\n<\/ul>\n","protected":false},"excerpt":{"rendered":"<p>La gram\u00e0tica pr\u00e0ctica del catal\u00e0 \u00e9s una obra per a aprenents de catal\u00e0 dels nivells A1-B2 del Marc europeu de refer\u00e8ncia per a les lleng\u00fces. Es tracta d\u2019una gram\u00e0tica pedag\u00f2gica; \u00e9s a dir, \u00e9s una eina que prepara l\u2019alumne i l\u2019ajuda en l\u2019aprenentatge del catal\u00e0 com a segona llengua. \u00c9s una gram\u00e0tica per a un &hellip; <a href=\"https:\/\/web.editorialteide.com\/ca\/producte\/gramatica-practica-del-catala-catala-per-adults\/\">Llegir m\u00e9s<\/a><\/p>\n","protected":false},"featured_media":157164,"template":"","meta":{"_links_to":"","_links_to_target":""},"product_brand":[],"product_cat":[195],"product_tag":[],"class_list":{"0":"post-85609","1":"product","2":"type-product","3":"status-publish","4":"has-post-thumbnail","6":"product_cat-catalunya-ca","7":"pa_asignatura-llengua-catalana-i-literatura-ca","8":"pa_curso-1-batx-ca","9":"pa_format-llibre-text-ca","10":"pa_idioma-catalan-ca","12":"first","13":"instock","14":"sale","15":"taxable","16":"shipping-taxable","17":"purchasable","18":"product-type-simple"},"_links":{"self":[{"href":"https:\/\/web.editorialteide.com\/ca\/wp-json\/wp\/v2\/product\/85609","targetHints":{"allow":["GET"]}}],"collection":[{"href":"https:\/\/web.editorialteide.com\/ca\/wp-json\/wp\/v2\/product"}],"about":[{"href":"https:\/\/web.editorialteide.com\/ca\/wp-json\/wp\/v2\/types\/product"}],"wp:featuredmedia":[{"embeddable":true,"href":"https:\/\/web.editorialteide.com\/ca\/wp-json\/wp\/v2\/media\/157164"}],"wp:attachment":[{"href":"https:\/\/web.editorialteide.com\/ca\/wp-json\/wp\/v2\/media?parent=85609"}],"wp:term":[{"taxonomy":"product_brand","embeddable":true,"href":"https:\/\/web.editorialteide.com\/ca\/wp-json\/wp\/v2\/product_brand?post=85609"},{"taxonomy":"product_cat","embeddable":true,"href":"https:\/\/web.editorialteide.com\/ca\/wp-json\/wp\/v2\/product_cat?post=85609"},{"taxonomy":"product_tag","embeddable":true,"href":"https:\/\/web.editorialteide.com\/ca\/wp-json\/wp\/v2\/product_tag?post=85609"}],"curies":[{"name":"wp","href":"https:\/\/api.w.org\/{rel}","templated":true}]}}

Gramàtica pràctica del català A1-B2

<p>La gramàtica pràctica del català és una obra per a aprenents de català dels nivells A1-B2 del Marc europeu de referència per a les llengües. Es tracta d’una gramàtica pedagògica; és a dir, és una eina que prepara l’alumne i l’ajuda en l’aprenentatge del català com a segona llengua. És una gramàtica per a un alumnat divers. S’ha concebut per a tots els aprenents joves i adults alfabetitzats que volen o necessiten conèixer el funcionament gramatical de la llengua catalana i posar-lo en pràctica mitjançant exercicis.</p>
<h2>Vincles d&#8217;interès</h2>
<ul>
<li><a href="http://recursos.teide.eu/f/4477f5f9c3/" target="_blank" rel="noopener noreferrer">Apèndix 01 Sons i lletres</a></li>
<li><a href="http://recursos.teide.eu/f/8b86953e65/" target="_blank" rel="noopener noreferrer">Apèndix 02 Accents i dièresi</a></li>
<li><a href="http://recursos.teide.eu/f/6f3d2b9a12/" target="_blank" rel="noopener noreferrer">Apèndix 03 Variació dialectal</a></li>
<li><a href="http://recursos.teide.eu/f/bc4a8e585c/" target="_blank" rel="noopener noreferrer">Apèndix 04 Taules de formes verbals</a></li>
<li><a href="http://pdf.teidedigital.com/cat/3396/Mostra3396.pdf" target="_blank" rel="noopener noreferrer">Unitat de mostra</a></li>
</ul>

<p>La gramàtica pràctica del català és una obra per a aprenents de català dels nivells A1-B2 del Marc europeu de referència per a les llengües. Es tracta d’una gramàtica pedagògica; és a dir, és una eina que prepara l’alumne i l’ajuda en l’aprenentatge del català com a segona llengua. És una gramàtica per a un &hellip; <a href="https://web.editorialteide.com/ca/producte/gramatica-practica-del-catala-catala-per-adults/">Llegir més</a></p>
