{"id":85611,"date":"2017-05-10T13:47:14","date_gmt":"2017-05-10T12:47:14","guid":{"rendered":"http:\/\/web.editorialteide.com\/producto\/suficiencia-c1-catala-per-adults\/"},"modified":"2026-03-02T18:50:47","modified_gmt":"2026-03-02T17:50:47","slug":"suficiencia-c1-catala-per-adults","status":"publish","type":"product","link":"https:\/\/web.editorialteide.com\/ca\/producte\/suficiencia-c1-catala-per-adults\/","title":{"rendered":"Catal\u00e0 sufici\u00e8ncia C1"},"content":{"rendered":"<p>Els llibres Catal\u00e0 per a adults s\u00f3n una proposta d\u2019aprenentatge per tasques. Aquest material est\u00e0 encaminat a promoure, entre els aprenents, l\u2019\u00fas social del catal\u00e0.<\/p>\n<p>En el nivell C1 l\u2019aprenent \u00e9s vist com una persona capa\u00e7 d\u2019assumir compromisos i que pret\u00e9n assolir la completa compet\u00e8ncia en catal\u00e0 per responsabilitzar-se socialment i participar plenament en la vida ciutadana.<\/p>\n<h2>Vincles d&#8217;inter\u00e8s<\/h2>\n<ul>\n<li><a href=\"http:\/\/guia.editorialteide.com\/f\/56c209204e\/\" target=\"_blank\" rel=\"noopener noreferrer\">Solucionari. Catal\u00e0 sufici\u00e8ncia C1<\/a><\/li>\n<li><a href=\"http:\/\/pdf.teidedigital.com\/cat\/3395\/Mostra3395.pdf\" target=\"_blank\" rel=\"noopener noreferrer\">Unitat de mostra<\/a><\/li>\n<\/ul>\n","protected":false},"excerpt":{"rendered":"<p>Els llibres Catal\u00e0 per a adults s\u00f3n una proposta d\u2019aprenentatge per tasques. Aquest material est\u00e0 encaminat a promoure, entre els aprenents, l\u2019\u00fas social del catal\u00e0. En el nivell C1 l\u2019aprenent \u00e9s vist com una persona capa\u00e7 d\u2019assumir compromisos i que pret\u00e9n assolir la completa compet\u00e8ncia en catal\u00e0 per responsabilitzar-se socialment i participar plenament en la &hellip; <a href=\"https:\/\/web.editorialteide.com\/ca\/producte\/suficiencia-c1-catala-per-adults\/\">Llegir m\u00e9s<\/a><\/p>\n","protected":false},"featured_media":107341,"template":"","meta":{"_links_to":"","_links_to_target":""},"product_brand":[],"product_cat":[195],"product_tag":[],"class_list":{"0":"post-85611","1":"product","2":"type-product","3":"status-publish","4":"has-post-thumbnail","6":"product_cat-catalunya-ca","7":"pa_asignatura-llengua-catalana-i-literatura-ca","8":"pa_curso-1-bac-ca","9":"pa_format-llibre-text-ca","10":"pa_idioma-catalan-ca","12":"first","13":"instock","14":"sale","15":"taxable","16":"shipping-taxable","17":"purchasable","18":"product-type-simple"},"_links":{"self":[{"href":"https:\/\/web.editorialteide.com\/ca\/wp-json\/wp\/v2\/product\/85611","targetHints":{"allow":["GET"]}}],"collection":[{"href":"https:\/\/web.editorialteide.com\/ca\/wp-json\/wp\/v2\/product"}],"about":[{"href":"https:\/\/web.editorialteide.com\/ca\/wp-json\/wp\/v2\/types\/product"}],"wp:featuredmedia":[{"embeddable":true,"href":"https:\/\/web.editorialteide.com\/ca\/wp-json\/wp\/v2\/media\/107341"}],"wp:attachment":[{"href":"https:\/\/web.editorialteide.com\/ca\/wp-json\/wp\/v2\/media?parent=85611"}],"wp:term":[{"taxonomy":"product_brand","embeddable":true,"href":"https:\/\/web.editorialteide.com\/ca\/wp-json\/wp\/v2\/product_brand?post=85611"},{"taxonomy":"product_cat","embeddable":true,"href":"https:\/\/web.editorialteide.com\/ca\/wp-json\/wp\/v2\/product_cat?post=85611"},{"taxonomy":"product_tag","embeddable":true,"href":"https:\/\/web.editorialteide.com\/ca\/wp-json\/wp\/v2\/product_tag?post=85611"}],"curies":[{"name":"wp","href":"https:\/\/api.w.org\/{rel}","templated":true}]}}

Català suficiència C1

<p>Els llibres Català per a adults són una proposta d’aprenentatge per tasques. Aquest material està encaminat a promoure, entre els aprenents, l’ús social del català.</p>
<p>En el nivell C1 l’aprenent és vist com una persona capaç d’assumir compromisos i que pretén assolir la completa competència en català per responsabilitzar-se socialment i participar plenament en la vida ciutadana.</p>
<h2>Vincles d&#8217;interès</h2>
<ul>
<li><a href="http://guia.editorialteide.com/f/56c209204e/" target="_blank" rel="noopener noreferrer">Solucionari. Català suficiència C1</a></li>
<li><a href="http://pdf.teidedigital.com/cat/3395/Mostra3395.pdf" target="_blank" rel="noopener noreferrer">Unitat de mostra</a></li>
</ul>

<p>Els llibres Català per a adults són una proposta d’aprenentatge per tasques. Aquest material està encaminat a promoure, entre els aprenents, l’ús social del català. En el nivell C1 l’aprenent és vist com una persona capaç d’assumir compromisos i que pretén assolir la completa competència en català per responsabilitzar-se socialment i participar plenament en la &hellip; <a href="https://web.editorialteide.com/ca/producte/suficiencia-c1-catala-per-adults/">Llegir més</a></p>
