{"id":85670,"date":"2017-05-10T13:46:31","date_gmt":"2017-05-10T12:46:31","guid":{"rendered":"http:\/\/web.editorialteide.com\/producto\/ciencies-socials-2-duna-val\/"},"modified":"2026-03-02T18:51:08","modified_gmt":"2026-03-02T17:51:08","slug":"ciencies-socials-2-duna-val","status":"publish","type":"product","link":"https:\/\/web.editorialteide.com\/ca\/producte\/ciencies-socials-2-duna-val\/","title":{"rendered":"Ci\u00e8ncies socials &#8211; Vaig i vinc 2 EPO DUNA (Comunitat Valenciana)"},"content":{"rendered":"<h2>Vincles d&#8217;inter\u00e8s<\/h2>\n<ul>\n<li><a href= target=\"_blank\" rel=\"noopener noreferrer\">Ci\u00e8ncies socials 2. Quadern 1 &#8211; Projecte Duna &#8211; Fam\u00edlia i entorn (VAL)<\/a><\/li>\n<\/ul>\n","protected":false},"excerpt":{"rendered":"<p>Vincles d&#8217;inter\u00e8s Ci\u00e8ncies socials 2. Quadern 1 &#8211; Projecte Duna &#8211; Fam\u00edlia i entorn (VAL)<\/p>\n","protected":false},"featured_media":107285,"template":"","meta":{"_links_to":"","_links_to_target":""},"product_brand":[],"product_cat":[202],"product_tag":[],"class_list":{"0":"post-85670","1":"product","2":"type-product","3":"status-publish","4":"has-post-thumbnail","6":"product_cat-comunidad-de-valencia-ca","7":"pa_asignatura-coneixement-del-medi-social-i-cultural","8":"pa_curso-2-eso-valenciano-ca","9":"pa_format-quadern-ca","10":"pa_idioma-valencia-ca","12":"first","13":"instock","14":"taxable","15":"shipping-taxable","16":"purchasable","17":"product-type-simple"},"_links":{"self":[{"href":"https:\/\/web.editorialteide.com\/ca\/wp-json\/wp\/v2\/product\/85670","targetHints":{"allow":["GET"]}}],"collection":[{"href":"https:\/\/web.editorialteide.com\/ca\/wp-json\/wp\/v2\/product"}],"about":[{"href":"https:\/\/web.editorialteide.com\/ca\/wp-json\/wp\/v2\/types\/product"}],"wp:featuredmedia":[{"embeddable":true,"href":"https:\/\/web.editorialteide.com\/ca\/wp-json\/wp\/v2\/media\/107285"}],"wp:attachment":[{"href":"https:\/\/web.editorialteide.com\/ca\/wp-json\/wp\/v2\/media?parent=85670"}],"wp:term":[{"taxonomy":"product_brand","embeddable":true,"href":"https:\/\/web.editorialteide.com\/ca\/wp-json\/wp\/v2\/product_brand?post=85670"},{"taxonomy":"product_cat","embeddable":true,"href":"https:\/\/web.editorialteide.com\/ca\/wp-json\/wp\/v2\/product_cat?post=85670"},{"taxonomy":"product_tag","embeddable":true,"href":"https:\/\/web.editorialteide.com\/ca\/wp-json\/wp\/v2\/product_tag?post=85670"}],"curies":[{"name":"wp","href":"https:\/\/api.w.org\/{rel}","templated":true}]}}

Ciències socials &#8211; Vaig i vinc 2 EPO DUNA (Comunitat Valenciana)

<h2>Vincles d&#8217;interès</h2>
<ul>
<li><a href= target="_blank" rel="noopener noreferrer">Ciències socials 2. Quadern 1 &#8211; Projecte Duna &#8211; Família i entorn (VAL)</a></li>
</ul>

<p>Vincles d&#8217;interès Ciències socials 2. Quadern 1 &#8211; Projecte Duna &#8211; Família i entorn (VAL)</p>
