{"id":86305,"date":"2017-05-10T13:39:08","date_gmt":"2017-05-10T13:39:08","guid":{"rendered":"http:\/\/web.editorialteide.com\/producto\/ortografia-catalana-q-08-epo\/"},"modified":"2026-03-02T18:50:07","modified_gmt":"2026-03-02T17:50:07","slug":"ortografia-catalana-q-08-epo","status":"publish","type":"product","link":"https:\/\/web.editorialteide.com\/ca\/producte\/ortografia-catalana-q-08-epo\/","title":{"rendered":"ORTOGRAFIA CAT.Q. 08 EPO"},"content":{"rendered":"<p>Quadern de cinqu\u00e8 curs per al treball de l&#8217;ortografia catalana.<br \/>\n<br \/><\/br><b>Continguts:<\/b><br \/>\n<br \/>Diftongs<br \/>\n<br \/>L&#8217;accent diacr\u00edtic<br \/>\n<br \/>L&#8217;ap\u00f2strof<br \/>\n<br \/>Contraccions<br \/>\n<br \/><i>v \/ b<\/i><br \/>\n<br \/>La essa sonora<br \/>\n<br \/>La essa sorda<\/p>\n","protected":false},"excerpt":{"rendered":"<p>Quadern de cinqu\u00e8 curs per al treball de l&#8217;ortografia catalana. Continguts: Diftongs L&#8217;accent diacr\u00edtic L&#8217;ap\u00f2strof Contraccions v \/ b La essa sonora La essa sorda<\/p>\n","protected":false},"featured_media":156986,"template":"","meta":{"_links_to":"","_links_to_target":""},"product_brand":[],"product_cat":[195,202,205],"product_tag":[],"class_list":{"0":"post-86305","1":"product","2":"type-product","3":"status-publish","4":"has-post-thumbnail","6":"product_cat-catalunya-ca","7":"product_cat-comunidad-de-valencia-ca","8":"product_cat-illes-balears-ca","9":"pa_asignatura-llengua-ca","10":"pa_curso-5-epo-ca","11":"pa_format-quadern-ca","13":"first","14":"instock","15":"taxable","16":"shipping-taxable","17":"purchasable","18":"product-type-simple"},"_links":{"self":[{"href":"https:\/\/web.editorialteide.com\/ca\/wp-json\/wp\/v2\/product\/86305","targetHints":{"allow":["GET"]}}],"collection":[{"href":"https:\/\/web.editorialteide.com\/ca\/wp-json\/wp\/v2\/product"}],"about":[{"href":"https:\/\/web.editorialteide.com\/ca\/wp-json\/wp\/v2\/types\/product"}],"wp:featuredmedia":[{"embeddable":true,"href":"https:\/\/web.editorialteide.com\/ca\/wp-json\/wp\/v2\/media\/156986"}],"wp:attachment":[{"href":"https:\/\/web.editorialteide.com\/ca\/wp-json\/wp\/v2\/media?parent=86305"}],"wp:term":[{"taxonomy":"product_brand","embeddable":true,"href":"https:\/\/web.editorialteide.com\/ca\/wp-json\/wp\/v2\/product_brand?post=86305"},{"taxonomy":"product_cat","embeddable":true,"href":"https:\/\/web.editorialteide.com\/ca\/wp-json\/wp\/v2\/product_cat?post=86305"},{"taxonomy":"product_tag","embeddable":true,"href":"https:\/\/web.editorialteide.com\/ca\/wp-json\/wp\/v2\/product_tag?post=86305"}],"curies":[{"name":"wp","href":"https:\/\/api.w.org\/{rel}","templated":true}]}}

<p>Quadern de cinquè curs per al treball de l&#8217;ortografia catalana.<br />
<br /></br><b>Continguts:</b><br />
<br />Diftongs<br />
<br />L&#8217;accent diacrític<br />
<br />L&#8217;apòstrof<br />
<br />Contraccions<br />
<br /><i>v / b</i><br />
<br />La essa sonora<br />
<br />La essa sorda</p>

<p>Quadern de cinquè curs per al treball de l&#8217;ortografia catalana. Continguts: Diftongs L&#8217;accent diacrític L&#8217;apòstrof Contraccions v / b La essa sonora La essa sorda</p>
