{"id":86321,"date":"2017-05-10T13:39:00","date_gmt":"2017-05-10T13:39:00","guid":{"rendered":"http:\/\/web.editorialteide.com\/producto\/un-dia-diferent\/"},"modified":"2026-03-02T18:50:04","modified_gmt":"2026-03-02T17:50:04","slug":"un-dia-diferent","status":"publish","type":"product","link":"https:\/\/web.editorialteide.com\/ca\/producte\/un-dia-diferent\/","title":{"rendered":"Un dia diferent &#8211; Comprensi\u00f3 lectora 12"},"content":{"rendered":"<p>Quadern de quart curs per al desenvolupament de les estrat\u00e8gies de comprensi\u00f3 lectora.<\/p>\n<p><b>Habilitats lectores treballades:<\/b><\/p>\n<p>Anticipaci\u00f3; Identificaci\u00f3; Organitzaci\u00f3; Precisi\u00f3 ling\u00fc\u00edstica; Atenci\u00f3; Localitzaci\u00f3; Mem\u00f2ria; Infer\u00e8ncia; Deducci\u00f3; Sentit cr\u00edtic.<\/p>\n<p><b>Activitats desenvolupades:<\/b><\/p>\n<p>Ordenar o completar paraules segons uns criteris.<\/p>\n<p>Fer, ordenar o completar frases amb sentit.<\/p>\n<p>Aparellar dibuixos i textos.<\/p>\n<p>Llegir imatges.<\/p>\n<p>Ordenar, completar o interpretar textos senzills.<\/p>\n<p>Contestar preguntes.<\/p>\n<p>Discriminar la resposta correcta.<\/p>\n<p>Seguir instruccions.<\/p>\n<p>Localitzar, organitzar o classificar dades segons uns criteris.<\/p>\n<p>Recon\u00e8ixer la idea global d&#8217;un text.<\/p>\n<p>Copsar el sentit d&#8217;un text.<\/p>\n<p>Buscar un concepte clau.<\/p>\n<p>Recon\u00e8ixer relacions de causa a efecte.<\/p>\n<p>Deduir resultats.<\/p>\n<p>Llegir gr\u00e0fics.<\/p>\n<p>Relacionar fets i conceptes. Definir conceptes.<\/p>\n<p>Formular hip\u00f2tesis.<\/p>\n<p>Treure conclusions.<\/p>\n<p>Resoldre enigmes, desxifrar missatges i aprendre frases fetes.<\/p>\n<p>Aportar coneixements propis.<\/p>\n<p>Opinar.<\/p>\n<p>Autoavaluaci\u00f3.<\/p>\n","protected":false},"excerpt":{"rendered":"<p>Quadern de quart curs per al desenvolupament de les estrat\u00e8gies de comprensi\u00f3 lectora. Habilitats lectores treballades: Anticipaci\u00f3; Identificaci\u00f3; Organitzaci\u00f3; Precisi\u00f3 ling\u00fc\u00edstica; Atenci\u00f3; Localitzaci\u00f3; Mem\u00f2ria; Infer\u00e8ncia; Deducci\u00f3; Sentit cr\u00edtic. Activitats desenvolupades: Ordenar o completar paraules segons uns criteris. Fer, ordenar o completar frases amb sentit. Aparellar dibuixos i textos. Llegir imatges. Ordenar, completar o interpretar textos &hellip; <a href=\"https:\/\/web.editorialteide.com\/ca\/producte\/un-dia-diferent\/\">Llegir m\u00e9s<\/a><\/p>\n","protected":false},"featured_media":110359,"template":"","meta":{"_links_to":"","_links_to_target":""},"product_brand":[],"product_cat":[195,202,205],"product_tag":[],"class_list":{"0":"post-86321","1":"product","2":"type-product","3":"status-publish","4":"has-post-thumbnail","6":"product_cat-catalunya-ca","7":"product_cat-comunidad-de-valencia-ca","8":"product_cat-illes-balears-ca","9":"pa_asignatura-llengua-ca","10":"pa_curso-4-epo-ca","11":"pa_format-quadern-ca","13":"first","14":"instock","15":"taxable","16":"shipping-taxable","17":"purchasable","18":"product-type-simple"},"_links":{"self":[{"href":"https:\/\/web.editorialteide.com\/ca\/wp-json\/wp\/v2\/product\/86321","targetHints":{"allow":["GET"]}}],"collection":[{"href":"https:\/\/web.editorialteide.com\/ca\/wp-json\/wp\/v2\/product"}],"about":[{"href":"https:\/\/web.editorialteide.com\/ca\/wp-json\/wp\/v2\/types\/product"}],"wp:featuredmedia":[{"embeddable":true,"href":"https:\/\/web.editorialteide.com\/ca\/wp-json\/wp\/v2\/media\/110359"}],"wp:attachment":[{"href":"https:\/\/web.editorialteide.com\/ca\/wp-json\/wp\/v2\/media?parent=86321"}],"wp:term":[{"taxonomy":"product_brand","embeddable":true,"href":"https:\/\/web.editorialteide.com\/ca\/wp-json\/wp\/v2\/product_brand?post=86321"},{"taxonomy":"product_cat","embeddable":true,"href":"https:\/\/web.editorialteide.com\/ca\/wp-json\/wp\/v2\/product_cat?post=86321"},{"taxonomy":"product_tag","embeddable":true,"href":"https:\/\/web.editorialteide.com\/ca\/wp-json\/wp\/v2\/product_tag?post=86321"}],"curies":[{"name":"wp","href":"https:\/\/api.w.org\/{rel}","templated":true}]}}

Un dia diferent &#8211; Comprensió lectora 12

<p>Quadern de quart curs per al desenvolupament de les estratègies de comprensió lectora.</p>
<p><b>Habilitats lectores treballades:</b></p>
<p>Anticipació; Identificació; Organització; Precisió lingüística; Atenció; Localització; Memòria; Inferència; Deducció; Sentit crític.</p>
<p><b>Activitats desenvolupades:</b></p>
<p>Ordenar o completar paraules segons uns criteris.</p>
<p>Fer, ordenar o completar frases amb sentit.</p>
<p>Aparellar dibuixos i textos.</p>
<p>Llegir imatges.</p>
<p>Ordenar, completar o interpretar textos senzills.</p>
<p>Contestar preguntes.</p>
<p>Discriminar la resposta correcta.</p>
<p>Seguir instruccions.</p>
<p>Localitzar, organitzar o classificar dades segons uns criteris.</p>
<p>Reconèixer la idea global d&#8217;un text.</p>
<p>Copsar el sentit d&#8217;un text.</p>
<p>Buscar un concepte clau.</p>
<p>Reconèixer relacions de causa a efecte.</p>
<p>Deduir resultats.</p>
<p>Llegir gràfics.</p>
<p>Relacionar fets i conceptes. Definir conceptes.</p>
<p>Formular hipòtesis.</p>
<p>Treure conclusions.</p>
<p>Resoldre enigmes, desxifrar missatges i aprendre frases fetes.</p>
<p>Aportar coneixements propis.</p>
<p>Opinar.</p>
<p>Autoavaluació.</p>

<p>Quadern de quart curs per al desenvolupament de les estratègies de comprensió lectora. Habilitats lectores treballades: Anticipació; Identificació; Organització; Precisió lingüística; Atenció; Localització; Memòria; Inferència; Deducció; Sentit crític. Activitats desenvolupades: Ordenar o completar paraules segons uns criteris. Fer, ordenar o completar frases amb sentit. Aparellar dibuixos i textos. Llegir imatges. Ordenar, completar o interpretar textos &hellip; <a href="https://web.editorialteide.com/ca/producte/un-dia-diferent/">Llegir més</a></p>
